{"id":8305,"date":"2020-07-16T16:53:04","date_gmt":"2020-07-16T14:53:04","guid":{"rendered":"https:\/\/projectes.xtec.cat\/firestecnologia\/?page_id=8305"},"modified":"2022-02-01T09:55:26","modified_gmt":"2022-02-01T08:55:26","slug":"mercat-de-tecnologia-de-lleida","status":"publish","type":"page","link":"https:\/\/projectes.xtec.cat\/firestecnologia\/presentacio\/mercat-de-tecnologia-de-lleida\/","title":{"rendered":"Mercat de Tecnologia de Lleida"},"content":{"rendered":"<p><a href=\"https:\/\/projectes.xtec.cat\/firestecnologia\/wp-content\/uploads\/usu2199\/2022\/02\/mdtLleida.png\"><img loading=\"lazy\" decoding=\"async\" class=\"alignnone size-full wp-image-8427\" src=\"https:\/\/projectes.xtec.cat\/firestecnologia\/wp-content\/uploads\/usu2199\/2022\/02\/mdtLleida.png\" alt=\"\" width=\"843\" height=\"144\" srcset=\"https:\/\/projectes.xtec.cat\/firestecnologia\/wp-content\/uploads\/usu2199\/2022\/02\/mdtLleida.png 843w, https:\/\/projectes.xtec.cat\/firestecnologia\/wp-content\/uploads\/usu2199\/2022\/02\/mdtLleida-300x51.png 300w, https:\/\/projectes.xtec.cat\/firestecnologia\/wp-content\/uploads\/usu2199\/2022\/02\/mdtLleida-768x131.png 768w\" sizes=\"auto, (max-width: 843px) 100vw, 843px\" \/><\/a>El Mercat de Tecnologia \u00e9s la m\u00e9s gran exposici\u00f3 de treballs i projectes tecnol\u00f2gics i de ci\u00e8ncia de l&#8217;alumnat de Secund\u00e0ria i Formaci\u00f3 Professional, de diversos centres educatius de la demarcaci\u00f3 de Lleida i d\u2019altres territoris. \u00c9s un dels esdeveniments de promoci\u00f3 en l\u2019\u00e0mbit de la tecnologia m\u00e9s important a Catalunya i s\u00f3n un lloc d\u2019intercanvi d\u2019experi\u00e8ncies relacionades amb la tecnologia que permeten el trasp\u00e0s de coneixement entre el propi jovent, tot contribuint a la generaci\u00f3 de vocacions a l\u2019\u00e0mbit tecnol\u00f2gic. Per\u00f2, sobretot, s\u00f3n escenaris que donen visibilitat que es mereix la feina realitzada, al llarg del curs, a les aules dels centres docents, a trav\u00e9s dels projectes que s\u2019exhibeixen al Mercat de Tecnologia de la Universitat de Lleida.<\/p>\n<p><a href=\"http:\/\/www.ice.udl.cat\/ca\/activitats\/tecnologia\/\" target=\"_blank\" rel=\"noopener noreferrer\">Mercat de Tecnologia de Lleida<\/a><\/p>\n","protected":false},"excerpt":{"rendered":"<p>El Mercat de Tecnologia \u00e9s la m\u00e9s gran exposici\u00f3 de treballs i projectes tecnol\u00f2gics i de ci\u00e8ncia de l&#8217;alumnat de Secund\u00e0ria i Formaci\u00f3 Professional, de diversos centres educatius de la demarcaci\u00f3 de Lleida i d\u2019altres territoris. \u00c9s un dels esdeveniments de promoci\u00f3 en l\u2019\u00e0mbit de la tecnologia m\u00e9s important a Catalunya i s\u00f3n un lloc [&hellip;]<\/p>\n","protected":false},"author":8,"featured_media":0,"parent":8314,"menu_order":20,"comment_status":"closed","ping_status":"closed","template":"page-templates\/side-menu.php","meta":{"_bbp_topic_count":0,"_bbp_reply_count":0,"_bbp_total_topic_count":0,"_bbp_total_reply_count":0,"_bbp_voice_count":0,"_bbp_anonymous_reply_count":0,"_bbp_topic_count_hidden":0,"_bbp_reply_count_hidden":0,"_bbp_forum_subforum_count":0,"site-sidebar-layout":"default","site-content-layout":"","ast-site-content-layout":"","site-content-style":"default","site-sidebar-style":"default","ast-global-header-display":"","ast-banner-title-visibility":"","ast-main-header-display":"","ast-hfb-above-header-display":"","ast-hfb-below-header-display":"","ast-hfb-mobile-header-display":"","site-post-title":"","ast-breadcrumbs-content":"","ast-featured-img":"","footer-sml-layout":"","theme-transparent-header-meta":"","adv-header-id-meta":"","stick-header-meta":"","header-above-stick-meta":"","header-main-stick-meta":"","header-below-stick-meta":"","astra-migrate-meta-layouts":"default","ast-page-background-enabled":"default","ast-page-background-meta":{"desktop":{"background-color":"var(--ast-global-color-4)","background-image":"","background-repeat":"repeat","background-position":"center center","background-size":"auto","background-attachment":"scroll","background-type":"","background-media":"","overlay-type":"","overlay-color":"","overlay-opacity":"","overlay-gradient":""},"tablet":{"background-color":"","background-image":"","background-repeat":"repeat","background-position":"center center","background-size":"auto","background-attachment":"scroll","background-type":"","background-media":"","overlay-type":"","overlay-color":"","overlay-opacity":"","overlay-gradient":""},"mobile":{"background-color":"","background-image":"","background-repeat":"repeat","background-position":"center center","background-size":"auto","background-attachment":"scroll","background-type":"","background-media":"","overlay-type":"","overlay-color":"","overlay-opacity":"","overlay-gradient":""}},"ast-content-background-meta":{"desktop":{"background-color":"var(--ast-global-color-5)","background-image":"","background-repeat":"repeat","background-position":"center center","background-size":"auto","background-attachment":"scroll","background-type":"","background-media":"","overlay-type":"","overlay-color":"","overlay-opacity":"","overlay-gradient":""},"tablet":{"background-color":"var(--ast-global-color-5)","background-image":"","background-repeat":"repeat","background-position":"center center","background-size":"auto","background-attachment":"scroll","background-type":"","background-media":"","overlay-type":"","overlay-color":"","overlay-opacity":"","overlay-gradient":""},"mobile":{"background-color":"var(--ast-global-color-5)","background-image":"","background-repeat":"repeat","background-position":"center center","background-size":"auto","background-attachment":"scroll","background-type":"","background-media":"","overlay-type":"","overlay-color":"","overlay-opacity":"","overlay-gradient":""}},"footnotes":""},"class_list":["post-8305","page","type-page","status-publish","hentry"],"post_mailing_queue_ids":[],"_links":{"self":[{"href":"https:\/\/projectes.xtec.cat\/firestecnologia\/wp-json\/wp\/v2\/pages\/8305","targetHints":{"allow":["GET"]}}],"collection":[{"href":"https:\/\/projectes.xtec.cat\/firestecnologia\/wp-json\/wp\/v2\/pages"}],"about":[{"href":"https:\/\/projectes.xtec.cat\/firestecnologia\/wp-json\/wp\/v2\/types\/page"}],"author":[{"embeddable":true,"href":"https:\/\/projectes.xtec.cat\/firestecnologia\/wp-json\/wp\/v2\/users\/8"}],"replies":[{"embeddable":true,"href":"https:\/\/projectes.xtec.cat\/firestecnologia\/wp-json\/wp\/v2\/comments?post=8305"}],"version-history":[{"count":4,"href":"https:\/\/projectes.xtec.cat\/firestecnologia\/wp-json\/wp\/v2\/pages\/8305\/revisions"}],"predecessor-version":[{"id":8414,"href":"https:\/\/projectes.xtec.cat\/firestecnologia\/wp-json\/wp\/v2\/pages\/8305\/revisions\/8414"}],"up":[{"embeddable":true,"href":"https:\/\/projectes.xtec.cat\/firestecnologia\/wp-json\/wp\/v2\/pages\/8314"}],"wp:attachment":[{"href":"https:\/\/projectes.xtec.cat\/firestecnologia\/wp-json\/wp\/v2\/media?parent=8305"}],"curies":[{"name":"wp","href":"https:\/\/api.w.org\/{rel}","templated":true}]}}