{"id":8327,"date":"2020-07-16T17:11:52","date_gmt":"2020-07-16T15:11:52","guid":{"rendered":"https:\/\/projectes.xtec.cat\/firestecnologia\/?page_id=8327"},"modified":"2020-07-25T18:31:16","modified_gmt":"2020-07-25T16:31:16","slug":"presentacio-fires","status":"publish","type":"page","link":"https:\/\/projectes.xtec.cat\/firestecnologia\/presentacio-fires\/","title":{"rendered":"Presentaci\u00f3 fires"},"content":{"rendered":"<p>En el territori es desenvolupen activitats diverses al voltant de la tecnologia i la rob\u00f2tica en les quals es fan mostres de projectes i, en algun cas, tamb\u00e9 concursos. \u00c9s una mostra de la riquesa de les activitats projectuals i de treballs de recerca realitzats per alumnat d&#8217;ESO i de Batxillerat en les activitats curriculars programades en els centres educatius.<\/p>\n<div style=\"height: 75vh; width: 90%; margin: auto;\">\n<div style=\"height: 75vh; width: 90%; margin: auto;\">\n<div style=\"height: 75vh; width: 90%; margin: auto;\">\n<div style=\"height: 75vh; width: 90%; margin: auto;\">\n<div style=\"height: 75vh; width: 90%; margin: auto;\"><iframe loading=\"lazy\" src=\"https:\/\/www.instamaps.cat\/visor.html?businessid=899bb952f00d0dc68a232cc5224925b6&amp;3D=false&amp;embed=1\" width=\"100%\" height=\"100%\" frameborder=\"0\"><\/iframe><\/div>\n<\/div>\n<\/div>\n<\/div>\n<\/div>\n","protected":false},"excerpt":{"rendered":"<p>En el territori es desenvolupen activitats diverses al voltant de la tecnologia i la rob\u00f2tica en les quals es fan mostres de projectes i, en algun cas, tamb\u00e9 concursos. \u00c9s una mostra de la riquesa de les activitats projectuals i de treballs de recerca realitzats per alumnat d&#8217;ESO i de Batxillerat en les activitats curriculars [&hellip;]<\/p>\n","protected":false},"author":8,"featured_media":0,"parent":0,"menu_order":0,"comment_status":"closed","ping_status":"closed","template":"","meta":{"_bbp_topic_count":0,"_bbp_reply_count":0,"_bbp_total_topic_count":0,"_bbp_total_reply_count":0,"_bbp_voice_count":0,"_bbp_anonymous_reply_count":0,"_bbp_topic_count_hidden":0,"_bbp_reply_count_hidden":0,"_bbp_forum_subforum_count":0,"site-sidebar-layout":"default","site-content-layout":"","ast-site-content-layout":"","site-content-style":"default","site-sidebar-style":"default","ast-global-header-display":"","ast-banner-title-visibility":"","ast-main-header-display":"","ast-hfb-above-header-display":"","ast-hfb-below-header-display":"","ast-hfb-mobile-header-display":"","site-post-title":"","ast-breadcrumbs-content":"","ast-featured-img":"","footer-sml-layout":"","theme-transparent-header-meta":"","adv-header-id-meta":"","stick-header-meta":"","header-above-stick-meta":"","header-main-stick-meta":"","header-below-stick-meta":"","astra-migrate-meta-layouts":"default","ast-page-background-enabled":"default","ast-page-background-meta":{"desktop":{"background-color":"var(--ast-global-color-4)","background-image":"","background-repeat":"repeat","background-position":"center center","background-size":"auto","background-attachment":"scroll","background-type":"","background-media":"","overlay-type":"","overlay-color":"","overlay-opacity":"","overlay-gradient":""},"tablet":{"background-color":"","background-image":"","background-repeat":"repeat","background-position":"center center","background-size":"auto","background-attachment":"scroll","background-type":"","background-media":"","overlay-type":"","overlay-color":"","overlay-opacity":"","overlay-gradient":""},"mobile":{"background-color":"","background-image":"","background-repeat":"repeat","background-position":"center center","background-size":"auto","background-attachment":"scroll","background-type":"","background-media":"","overlay-type":"","overlay-color":"","overlay-opacity":"","overlay-gradient":""}},"ast-content-background-meta":{"desktop":{"background-color":"var(--ast-global-color-5)","background-image":"","background-repeat":"repeat","background-position":"center center","background-size":"auto","background-attachment":"scroll","background-type":"","background-media":"","overlay-type":"","overlay-color":"","overlay-opacity":"","overlay-gradient":""},"tablet":{"background-color":"var(--ast-global-color-5)","background-image":"","background-repeat":"repeat","background-position":"center center","background-size":"auto","background-attachment":"scroll","background-type":"","background-media":"","overlay-type":"","overlay-color":"","overlay-opacity":"","overlay-gradient":""},"mobile":{"background-color":"var(--ast-global-color-5)","background-image":"","background-repeat":"repeat","background-position":"center center","background-size":"auto","background-attachment":"scroll","background-type":"","background-media":"","overlay-type":"","overlay-color":"","overlay-opacity":"","overlay-gradient":""}},"footnotes":""},"class_list":["post-8327","page","type-page","status-publish","hentry"],"post_mailing_queue_ids":[],"_links":{"self":[{"href":"https:\/\/projectes.xtec.cat\/firestecnologia\/wp-json\/wp\/v2\/pages\/8327","targetHints":{"allow":["GET"]}}],"collection":[{"href":"https:\/\/projectes.xtec.cat\/firestecnologia\/wp-json\/wp\/v2\/pages"}],"about":[{"href":"https:\/\/projectes.xtec.cat\/firestecnologia\/wp-json\/wp\/v2\/types\/page"}],"author":[{"embeddable":true,"href":"https:\/\/projectes.xtec.cat\/firestecnologia\/wp-json\/wp\/v2\/users\/8"}],"replies":[{"embeddable":true,"href":"https:\/\/projectes.xtec.cat\/firestecnologia\/wp-json\/wp\/v2\/comments?post=8327"}],"version-history":[{"count":2,"href":"https:\/\/projectes.xtec.cat\/firestecnologia\/wp-json\/wp\/v2\/pages\/8327\/revisions"}],"predecessor-version":[{"id":8365,"href":"https:\/\/projectes.xtec.cat\/firestecnologia\/wp-json\/wp\/v2\/pages\/8327\/revisions\/8365"}],"wp:attachment":[{"href":"https:\/\/projectes.xtec.cat\/firestecnologia\/wp-json\/wp\/v2\/media?parent=8327"}],"curies":[{"name":"wp","href":"https:\/\/api.w.org\/{rel}","templated":true}]}}