{"id":9,"date":"2014-09-12T10:15:01","date_gmt":"2014-09-12T10:15:01","guid":{"rendered":"http:\/\/projectes.xtec.cat\/firestecnologia\/?page_id=9"},"modified":"2023-07-17T20:09:55","modified_gmt":"2023-07-17T18:09:55","slug":"pagina-dinici-buida","status":"publish","type":"page","link":"https:\/\/projectes.xtec.cat\/firestecnologia\/","title":{"rendered":""},"content":{"rendered":"\n<p>Els Mercats de Tecnologia van iniciar la seva exist\u00e8ncia la primera d\u00e8cada del segle XXI, sota l&#8217;acr\u00f2nim de Mercatec, organitzats per uns equips de docents de secund\u00e0ria amb el suport de la desapareguda Fundaci\u00f3 Epson i la col\u00b7laboraci\u00f3 del Departament d&#8217;Educaci\u00f3\/Ensenyament. Se&#8217;n van fer al Maresme, el Bages, el Vall\u00e8s, el Barcelon\u00e8s, el Tarragon\u00e8s. Podeu veure la s\u00e8rie d&#8217;edicions en aquest <a href=\"https:\/\/sites.google.com\/a\/xtec.cat\/aulatec\/home\/mercatdetecnologia\">hist\u00f2ric de mercats de tecnologia (Mercatec) 2001-2012<\/a><\/p>\n<p><a href=\"https:\/\/sites.google.com\/a\/xtec.cat\/aulatec\/home\/mercatdetecnologia\"><img loading=\"lazy\" decoding=\"async\" class=\"wp-image-8355 aligncenter\" src=\"https:\/\/projectes.xtec.cat\/firestecnologia\/wp-content\/uploads\/usu2199\/2020\/07\/Historic_Mercatec.jpg\" alt=\"\" width=\"581\" height=\"176\" srcset=\"https:\/\/projectes.xtec.cat\/firestecnologia\/wp-content\/uploads\/usu2199\/2020\/07\/Historic_Mercatec.jpg 904w, https:\/\/projectes.xtec.cat\/firestecnologia\/wp-content\/uploads\/usu2199\/2020\/07\/Historic_Mercatec-300x91.jpg 300w, https:\/\/projectes.xtec.cat\/firestecnologia\/wp-content\/uploads\/usu2199\/2020\/07\/Historic_Mercatec-768x233.jpg 768w\" sizes=\"auto, (max-width: 581px) 100vw, 581px\" \/><\/a><\/p>\n<p>Despr\u00e9s d&#8217;una crisi de continu\u00eftat, els Mercats de Tecnologia van seguir amb el suport i la coordinaci\u00f3 de tres de les universitats catalanes. Actualment en s\u00f3n tres:<\/p>\n<ul>\n<li><a href=\"https:\/\/projectes.xtec.cat\/firestecnologia\/presentacio\/mercat-de-tecnologia-de-lleida\/\" target=\"_blank\" rel=\"noopener noreferrer\">Mercat de Tecnologia de Lleida<\/a> &#8211; Universitat de Lleida (UdL)<\/li>\n<li><a href=\"https:\/\/projectes.xtec.cat\/firestecnologia\/presentacio\/mercat-de-tecnologia-dosona\/\" target=\"_blank\" rel=\"noopener noreferrer\">Mercat de Tecnologia d&#8217;Osona<\/a> &#8211; Universitat de Vic (Uvic)<\/li>\n<li><a href=\"https:\/\/projectes.xtec.cat\/firestecnologia\/presentacio\/mercat-de-tecnologia-del-valles\/\" target=\"_blank\" rel=\"noopener noreferrer\">Mercat de Tecnologia del Vall\u00e8s<\/a> &#8211; Universitat Polit\u00e8cnica de Catalunya (UPC). ESEIATT &#8211; Terrassa<\/li>\n<\/ul>\n<p>Amb aquesta nova situaci\u00f3 els mercats van adoptar nous formats amb un canvi en l&#8217;acr\u00f2nim: <strong>MdT<\/strong> i han continuat amb la col\u00b7laboraci\u00f3 i el suport del Departament d&#8217;Educaci\u00f3.<\/p>\n<div style=\"height: 75vh; width: 90%; margin: auto;\">\n<div style=\"height: 75vh; width: 90%; margin: auto;\"><iframe loading=\"lazy\" src=\"https:\/\/www.instamaps.cat\/visor.html?businessid=29b6de66e4dc410e2244306084543b03&amp;3D=false&amp;embed=1\" width=\"100%\" height=\"100%\" frameborder=\"0\"><\/iframe><\/div>\n<\/div>\n<p>&nbsp;<\/p>\n","protected":false},"excerpt":{"rendered":"<p>Els Mercats de Tecnologia van iniciar la seva exist\u00e8ncia la primera d\u00e8cada del segle XXI, sota l&#8217;acr\u00f2nim de Mercatec, organitzats per uns equips de docents de secund\u00e0ria amb el suport de la desapareguda Fundaci\u00f3 Epson i la col\u00b7laboraci\u00f3 del Departament d&#8217;Educaci\u00f3\/Ensenyament. Se&#8217;n van fer al Maresme, el Bages, el Vall\u00e8s, el Barcelon\u00e8s, el Tarragon\u00e8s. Podeu [&hellip;]<\/p>\n","protected":false},"author":1,"featured_media":0,"parent":7,"menu_order":0,"comment_status":"closed","ping_status":"closed","template":"","meta":{"_bbp_topic_count":0,"_bbp_reply_count":0,"_bbp_total_topic_count":0,"_bbp_total_reply_count":0,"_bbp_voice_count":0,"_bbp_anonymous_reply_count":0,"_bbp_topic_count_hidden":0,"_bbp_reply_count_hidden":0,"_bbp_forum_subforum_count":0,"site-sidebar-layout":"left-sidebar","site-content-layout":"default","ast-site-content-layout":"","site-content-style":"default","site-sidebar-style":"default","ast-global-header-display":"","ast-banner-title-visibility":"","ast-main-header-display":"","ast-hfb-above-header-display":"","ast-hfb-below-header-display":"","ast-hfb-mobile-header-display":"","site-post-title":"disabled","ast-breadcrumbs-content":"","ast-featured-img":"","footer-sml-layout":"","theme-transparent-header-meta":"","adv-header-id-meta":"","stick-header-meta":"","header-above-stick-meta":"","header-main-stick-meta":"","header-below-stick-meta":"","astra-migrate-meta-layouts":"default","ast-page-background-enabled":"default","ast-page-background-meta":{"desktop":{"background-color":"var(--ast-global-color-4)","background-image":"","background-repeat":"repeat","background-position":"center center","background-size":"auto","background-attachment":"scroll","background-type":"","background-media":"","overlay-type":"","overlay-color":"","overlay-opacity":"","overlay-gradient":""},"tablet":{"background-color":"","background-image":"","background-repeat":"repeat","background-position":"center center","background-size":"auto","background-attachment":"scroll","background-type":"","background-media":"","overlay-type":"","overlay-color":"","overlay-opacity":"","overlay-gradient":""},"mobile":{"background-color":"","background-image":"","background-repeat":"repeat","background-position":"center center","background-size":"auto","background-attachment":"scroll","background-type":"","background-media":"","overlay-type":"","overlay-color":"","overlay-opacity":"","overlay-gradient":""}},"ast-content-background-meta":{"desktop":{"background-color":"var(--ast-global-color-5)","background-image":"","background-repeat":"repeat","background-position":"center center","background-size":"auto","background-attachment":"scroll","background-type":"","background-media":"","overlay-type":"","overlay-color":"","overlay-opacity":"","overlay-gradient":""},"tablet":{"background-color":"var(--ast-global-color-5)","background-image":"","background-repeat":"repeat","background-position":"center center","background-size":"auto","background-attachment":"scroll","background-type":"","background-media":"","overlay-type":"","overlay-color":"","overlay-opacity":"","overlay-gradient":""},"mobile":{"background-color":"var(--ast-global-color-5)","background-image":"","background-repeat":"repeat","background-position":"center center","background-size":"auto","background-attachment":"scroll","background-type":"","background-media":"","overlay-type":"","overlay-color":"","overlay-opacity":"","overlay-gradient":""}},"footnotes":""},"class_list":["post-9","page","type-page","status-publish","hentry"],"post_mailing_queue_ids":[],"_links":{"self":[{"href":"https:\/\/projectes.xtec.cat\/firestecnologia\/wp-json\/wp\/v2\/pages\/9","targetHints":{"allow":["GET"]}}],"collection":[{"href":"https:\/\/projectes.xtec.cat\/firestecnologia\/wp-json\/wp\/v2\/pages"}],"about":[{"href":"https:\/\/projectes.xtec.cat\/firestecnologia\/wp-json\/wp\/v2\/types\/page"}],"author":[{"embeddable":true,"href":"https:\/\/projectes.xtec.cat\/firestecnologia\/wp-json\/wp\/v2\/users\/1"}],"replies":[{"embeddable":true,"href":"https:\/\/projectes.xtec.cat\/firestecnologia\/wp-json\/wp\/v2\/comments?post=9"}],"version-history":[{"count":2,"href":"https:\/\/projectes.xtec.cat\/firestecnologia\/wp-json\/wp\/v2\/pages\/9\/revisions"}],"predecessor-version":[{"id":8437,"href":"https:\/\/projectes.xtec.cat\/firestecnologia\/wp-json\/wp\/v2\/pages\/9\/revisions\/8437"}],"up":[{"embeddable":true,"href":"https:\/\/projectes.xtec.cat\/firestecnologia\/wp-json\/wp\/v2\/pages\/7"}],"wp:attachment":[{"href":"https:\/\/projectes.xtec.cat\/firestecnologia\/wp-json\/wp\/v2\/media?parent=9"}],"curies":[{"name":"wp","href":"https:\/\/api.w.org\/{rel}","templated":true}]}}