{"id":10723,"date":"2022-11-28T18:20:10","date_gmt":"2022-11-28T17:20:10","guid":{"rendered":"https:\/\/projectes.xtec.cat\/gep\/?page_id=10723"},"modified":"2022-12-19T15:28:57","modified_gmt":"2022-12-19T14:28:57","slug":"territoris-prova","status":"publish","type":"page","link":"https:\/\/projectes.xtec.cat\/gep\/territoris-prova\/","title":{"rendered":"Territoris GEP"},"content":{"rendered":"<p><a href=\"https:\/\/projectes.xtec.cat\/gep\/wp-content\/uploads\/usu682\/2022\/12\/journey.png\"><img loading=\"lazy\" decoding=\"async\" class=\"wp-image-10761 alignleft\" src=\"https:\/\/projectes.xtec.cat\/gep\/wp-content\/uploads\/usu682\/2022\/12\/journey.png\" alt=\"\" width=\"150\" height=\"150\" srcset=\"https:\/\/projectes.xtec.cat\/gep\/wp-content\/uploads\/usu682\/2022\/12\/journey.png 512w, https:\/\/projectes.xtec.cat\/gep\/wp-content\/uploads\/usu682\/2022\/12\/journey-300x300.png 300w, https:\/\/projectes.xtec.cat\/gep\/wp-content\/uploads\/usu682\/2022\/12\/journey-150x150.png 150w\" sizes=\"auto, (max-width: 150px) 100vw, 150px\" \/><\/a>En aquest espai trobareu tota la informaci\u00f3 de contacte i les \u00faltimes not\u00edcies relacionades amb els centres GEP de tot Catalunya. Us convidem a subscriure-us a la p\u00e0gina del vostre Servei Territorial per estar al dia de les \u00faltimes not\u00edcies.<\/p>\n","protected":false},"excerpt":{"rendered":"<p><a href=\"https:\/\/projectes.xtec.cat\/gep\/wp-content\/uploads\/usu682\/2022\/12\/journey.png\"><\/a>En aquest espai trobareu tota la informaci\u00f3 de contacte i les \u00faltimes not\u00edcies relacionades amb els centres GEP de tot Catalunya. Us convidem a subscriure-us a la p\u00e0gina del vostre Servei Territorial per estar al dia de les \u00faltimes not\u00edcies.<\/p>\n","protected":false},"author":1,"featured_media":0,"parent":0,"menu_order":0,"comment_status":"closed","ping_status":"closed","template":"page-templates\/side-menu.php","meta":{"_bbp_topic_count":0,"_bbp_reply_count":0,"_bbp_total_topic_count":0,"_bbp_total_reply_count":0,"_bbp_voice_count":0,"_bbp_anonymous_reply_count":0,"_bbp_topic_count_hidden":0,"_bbp_reply_count_hidden":0,"_bbp_forum_subforum_count":0,"footnotes":""},"class_list":["post-10723","page","type-page","status-publish","hentry"],"post_mailing_queue_ids":[],"_links":{"self":[{"href":"https:\/\/projectes.xtec.cat\/gep\/wp-json\/wp\/v2\/pages\/10723","targetHints":{"allow":["GET"]}}],"collection":[{"href":"https:\/\/projectes.xtec.cat\/gep\/wp-json\/wp\/v2\/pages"}],"about":[{"href":"https:\/\/projectes.xtec.cat\/gep\/wp-json\/wp\/v2\/types\/page"}],"author":[{"embeddable":true,"href":"https:\/\/projectes.xtec.cat\/gep\/wp-json\/wp\/v2\/users\/1"}],"replies":[{"embeddable":true,"href":"https:\/\/projectes.xtec.cat\/gep\/wp-json\/wp\/v2\/comments?post=10723"}],"version-history":[{"count":3,"href":"https:\/\/projectes.xtec.cat\/gep\/wp-json\/wp\/v2\/pages\/10723\/revisions"}],"predecessor-version":[{"id":10764,"href":"https:\/\/projectes.xtec.cat\/gep\/wp-json\/wp\/v2\/pages\/10723\/revisions\/10764"}],"wp:attachment":[{"href":"https:\/\/projectes.xtec.cat\/gep\/wp-json\/wp\/v2\/media?parent=10723"}],"curies":[{"name":"wp","href":"https:\/\/api.w.org\/{rel}","templated":true}]}}