{"id":10767,"date":"2022-12-19T13:50:50","date_gmt":"2022-12-19T12:50:50","guid":{"rendered":"https:\/\/projectes.xtec.cat\/gep\/?page_id=10767"},"modified":"2023-10-04T10:18:15","modified_gmt":"2023-10-04T08:18:15","slug":"comenca-la-formacio-gep1","status":"publish","type":"page","link":"https:\/\/projectes.xtec.cat\/gep\/gep-2\/gep1\/comenca-la-formacio-gep1\/","title":{"rendered":"Comen\u00e7a la formaci\u00f3 GEP1!"},"content":{"rendered":"<table style=\"width: 100%; border-collapse: collapse; border-style: none; height: 274px;\">\n<tbody>\n<tr style=\"height: 274px;\">\n<td style=\"width: 50%; border-style: hidden; height: 274px;\">\n<h2>Benvinguts i benvingudes al programa GEP!<\/h2>\n<p>El proper <strong>dimarts 3 d&#8217;octubre<\/strong> iniciem un viatge compartit de tres anys que us empoderar\u00e0 com a docents CLIL! La formaci\u00f3 consta de <strong>7<\/strong> <strong>sessions s\u00edncrones presencials al territori, 2 sessions s\u00edncrones en l\u00ednia<\/strong>\u00a0i acc\u00e9s a l&#8217;espai de treball as\u00edncron GEP1 a<a href=\"https:\/\/odissea.xtec.cat\/\"> Odissea<\/a>.<\/p>\n<p>A les sessions del programa <strong>GEP 1<\/strong> ens marquem com a objectius generals:<\/p>\n<ol>\n<li style=\"list-style-type: none;\">\n<ol>\n<li style=\"list-style-type: none;\">\n<ol>\n<li>Apropar-nos a les caracter\u00edstiques principals de l&#8217;enfocament CLIL,<\/li>\n<li>desenvolupar les nostres habilitats CLIL com a docents,<\/li>\n<li>dissenyar i implementar tasques CLIL a l&#8217;aula,<\/li>\n<li>promoure la millora de la compet\u00e8ncia docent a partir de l&#8217;auto-observaci\u00f3 i auto-avaluaci\u00f3.<\/li>\n<\/ol>\n<\/li>\n<\/ol>\n<\/li>\n<\/ol>\n<\/td>\n<td style=\"width: 50%; border-style: hidden; height: 274px;\">&nbsp;<\/p>\n<p style=\"text-align: right;\">\n<\/td>\n<\/tr>\n<\/tbody>\n<\/table>\n<p>&nbsp;<\/p>\n<table style=\"height: 304px; width: 100%; border-collapse: collapse; border-style: solid; background-color: #e3c3c3;\">\n<tbody>\n<tr style=\"height: 32px;\">\n<td style=\"width: 10.0804%; height: 32px;\"><strong>Sessi\u00f3 1<\/strong><\/td>\n<td style=\"width: 13.5754%; height: 32px;\">3 Octubre 2023<\/td>\n<td style=\"width: 76.3441%; height: 32px;\">Introducci\u00f3 a l&#8217;enfocament CLIL.<\/td>\n<\/tr>\n<tr style=\"height: 32px;\">\n<td style=\"width: 10.0804%; height: 32px;\"><strong>Sessi\u00f3 2<\/strong><\/td>\n<td style=\"width: 13.5754%; height: 32px;\">17 Octubre 2023<\/td>\n<td style=\"width: 76.3441%; height: 32px;\">Import\u00e0ncia de l&#8217;input en l&#8217;enfocament CLIL.<\/td>\n<\/tr>\n<tr style=\"height: 32px;\">\n<td style=\"width: 10.0804%; height: 32px;\"><strong>Sessi\u00f3 3<\/strong><\/td>\n<td style=\"width: 13.5754%; height: 32px;\">31 Octubre 2023<\/td>\n<td style=\"width: 76.3441%; height: 32px;\">Treball cooperatiu i col\u00b7laboratiu en l&#8217;enfocament CLIL.<\/td>\n<\/tr>\n<tr style=\"height: 32px;\">\n<td style=\"width: 10.0804%; height: 32px;\"><strong>Sessi\u00f3 4<\/strong><\/td>\n<td style=\"width: 13.5754%; height: 32px;\">13\/14\/15 Novembre 2023<\/td>\n<td style=\"width: 76.3441%; height: 32px;\"><strong>En l\u00ednia.<\/strong> Classrroom Language I: formaci\u00f3 per a millorar i enriquir la flu\u00efdesa dels docents a l&#8217;aula i la interacci\u00f3 amb l&#8217;alumnat fent \u00e8mfasi en el llenguatge funcional i acad\u00e8mic necessari en l&#8217;enfocament CLIL. Sessi\u00f3 dirigida per formador\/a d&#8217;Oxford University Press.<\/td>\n<\/tr>\n<tr style=\"height: 32px;\">\n<td style=\"width: 10.0804%; height: 32px;\"><strong>Sessi\u00f3 5<\/strong><\/td>\n<td style=\"width: 13.5754%; height: 32px;\">27\/28\/29 Novembre 2023<\/td>\n<td style=\"width: 76.3441%; height: 32px;\"><strong>En l\u00ednia.<\/strong> Classrroom Language II: formaci\u00f3 per a millorar i enriquir la flu\u00efdesa dels docents a l&#8217;aula i la interacci\u00f3 amb l&#8217;alumnat fent \u00e8mfasi en el llenguatge funcional i acad\u00e8mic necessari en l&#8217;enfocament CLIL. Sessi\u00f3 dirigida per formador\/a d&#8217;Oxford University Press.<\/td>\n<\/tr>\n<tr style=\"height: 32px;\">\n<td style=\"width: 10.0804%; height: 32px;\"><strong>Sessi\u00f3 6<\/strong><\/td>\n<td style=\"width: 13.5754%; height: 32px;\">12 Desembre 2023<\/td>\n<td style=\"width: 76.3441%; height: 32px;\">Estrat\u00e8gies de lectura i escriptura en l&#8217;enfocament CLIL.<\/td>\n<\/tr>\n<tr style=\"height: 32px;\">\n<td style=\"width: 10.0804%; height: 32px;\"><strong>Sessi\u00f3 7<\/strong><\/td>\n<td style=\"width: 13.5754%; height: 32px;\">16 Gener 2024<\/td>\n<td style=\"width: 76.3441%; height: 32px;\">Eines i estrat\u00e8gies d&#8217;avaluaci\u00f3 en l&#8217;enfocament CLIL.<\/td>\n<\/tr>\n<tr style=\"height: 48px;\">\n<td style=\"width: 10.0804%; height: 48px;\"><strong>Implementaci\u00f3 a l&#8217;aula<\/strong><\/td>\n<td style=\"width: 13.5754%; height: 48px;\">27 Febrer a 19 Abril 2024<\/td>\n<td style=\"width: 76.3441%; height: 48px;\">Per\u00edode en el qual els docents implementen les tasques dissenyades a les seves aules i recullen evid\u00e8ncies (v\u00eddeos, imatges, etc) que formaran part del seu Portafolis.<\/td>\n<\/tr>\n<tr style=\"height: 32px;\">\n<td style=\"width: 10.0804%; height: 32px;\"><strong>Sessi\u00f3 8<\/strong><\/td>\n<td style=\"width: 13.5754%; height: 32px;\">21 Maig 2024<\/td>\n<td style=\"width: 76.3441%; height: 32px;\">Presentaci\u00f3 de les tasques creades pels docents participants al GEP 1.<\/td>\n<\/tr>\n<\/tbody>\n<\/table>\n<table style=\"width: 53.3%; border-collapse: collapse; background-color: #e3c3c3; border-style: solid;\">\n<tbody>\n<tr>\n<td style=\"width: 84.1747%;\" colspan=\"4\"><strong>Dates de les sessions de Classroom Language I i II<\/strong><\/td>\n<\/tr>\n<tr>\n<td style=\"width: 9.04641%;\">MVO<\/td>\n<td style=\"width: 24.6542%;\"><span style=\"font-weight: 400;\">9:30 &#8211; 11:30<\/span><\/td>\n<td style=\"width: 30.0685%;\">13 Novembre<\/td>\n<td style=\"width: 20.4056%;\">27 Novembre<\/td>\n<\/tr>\n<tr>\n<td style=\"width: 9.04641%;\"><span style=\"font-weight: 400;\">BNS\/CEB\/VOC\/GIR<\/span><\/td>\n<td style=\"width: 24.6542%;\"><span style=\"font-weight: 400;\">9:30 &#8211; 11:30<\/span><\/td>\n<td style=\"width: 30.0685%;\">14 Novembre<\/td>\n<td style=\"width: 20.4056%;\">28 Novembre<\/td>\n<\/tr>\n<tr>\n<td style=\"width: 9.04641%;\"><span style=\"font-weight: 400;\">LLE\/ APA<\/span><\/td>\n<td style=\"width: 24.6542%;\"><span style=\"font-weight: 400;\">9:30 &#8211; 11:30<\/span><\/td>\n<td style=\"width: 30.0685%;\">15 Novembre<\/td>\n<td style=\"width: 20.4056%;\">29 Novembre<\/td>\n<\/tr>\n<tr>\n<td style=\"width: 9.04641%;\"><\/td>\n<td style=\"width: 24.6542%;\"><\/td>\n<td style=\"width: 30.0685%;\"><\/td>\n<td style=\"width: 20.4056%;\"><\/td>\n<\/tr>\n<tr>\n<td style=\"width: 9.04641%;\"><\/td>\n<td style=\"width: 24.6542%;\"><\/td>\n<td style=\"width: 30.0685%;\"><\/td>\n<td style=\"width: 20.4056%;\"><\/td>\n<\/tr>\n<\/tbody>\n<\/table>\n\r\n\t<div class=\"slideshow_container slideshow_container_style-light\" style=\"height: 300px; \" data-slideshow-id=\"8617\" data-style-name=\"style-light\" data-style-version=\"2.3.1\" >\r\n\r\n\t\t\t\t\t<div class=\"slideshow_loading_icon\"><\/div>\r\n\t\t\r\n\t\t<div class=\"slideshow_content\" style=\"display: none;\">\r\n\r\n\t\t\t<div class=\"slideshow_view\">\r\n\t\t\t\t<div class=\"slideshow_slide slideshow_slide_image\">\r\n\t\t\t\t\t\t\t\t\t\t\t<img src=\"https:\/\/projectes.xtec.cat\/gep\/wp-content\/uploads\/usu682\/2020\/02\/GEP1sessio66-1.jpeg\" alt=\"GEP1sessio66 (1)\" width=\"4032\" height=\"3024\" \/>\r\n\t\t\t\t\t\t\t\t\t\t<div class=\"slideshow_description_box slideshow_transparent\">\r\n\t\t\t\t\t\t<div class=\"slideshow_title\">GEP1sessio66 (1)<\/div>\t\t\t\t\t\t\t\t\t\t\t<\/div>\r\n\t\t\t\t<\/div>\r\n\r\n\t\t\t\t\t\t<div style=\"clear: both;\"><\/div><\/div><div class=\"slideshow_view\">\r\n\t\t\t\t<div class=\"slideshow_slide slideshow_slide_image\">\r\n\t\t\t\t\t\t\t\t\t\t\t<img src=\"https:\/\/projectes.xtec.cat\/gep\/wp-content\/uploads\/usu682\/2020\/02\/GEP1sessio66-2.jpeg\" alt=\"GEP1sessio66 (2)\" width=\"4032\" height=\"3024\" \/>\r\n\t\t\t\t\t\t\t\t\t\t<div class=\"slideshow_description_box slideshow_transparent\">\r\n\t\t\t\t\t\t<div class=\"slideshow_title\">GEP1sessio66 (2)<\/div>\t\t\t\t\t\t\t\t\t\t\t<\/div>\r\n\t\t\t\t<\/div>\r\n\r\n\t\t\t\t\t\t<div style=\"clear: both;\"><\/div><\/div><div class=\"slideshow_view\">\r\n\t\t\t\t<div class=\"slideshow_slide slideshow_slide_image\">\r\n\t\t\t\t\t\t\t\t\t\t\t<img src=\"https:\/\/projectes.xtec.cat\/gep\/wp-content\/uploads\/usu682\/2020\/01\/IMG_20200114_100201431_optimized.jpg\" alt=\"IMG_20200114_100201431_optimized\" width=\"4608\" height=\"3456\" \/>\r\n\t\t\t\t\t\t\t\t\t\t<div class=\"slideshow_description_box slideshow_transparent\">\r\n\t\t\t\t\t\t<div class=\"slideshow_title\">IMG_20200114_100201431_optimized<\/div>\t\t\t\t\t\t\t\t\t\t\t<\/div>\r\n\t\t\t\t<\/div>\r\n\r\n\t\t\t\t\t\t<div style=\"clear: both;\"><\/div><\/div><div class=\"slideshow_view\">\r\n\t\t\t\t<div class=\"slideshow_slide slideshow_slide_image\">\r\n\t\t\t\t\t\t\t\t\t\t\t<img src=\"https:\/\/projectes.xtec.cat\/gep\/wp-content\/uploads\/usu682\/2020\/01\/IMG_20200114_093352521_optimized.jpg\" alt=\"IMG_20200114_093352521_optimized\" width=\"4608\" height=\"3456\" \/>\r\n\t\t\t\t\t\t\t\t\t\t<div class=\"slideshow_description_box slideshow_transparent\">\r\n\t\t\t\t\t\t<div class=\"slideshow_title\">IMG_20200114_093352521_optimized<\/div>\t\t\t\t\t\t\t\t\t\t\t<\/div>\r\n\t\t\t\t<\/div>\r\n\r\n\t\t\t\t\t\t<div style=\"clear: both;\"><\/div><\/div><div class=\"slideshow_view\">\r\n\t\t\t\t<div class=\"slideshow_slide slideshow_slide_image\">\r\n\t\t\t\t\t\t\t\t\t\t\t<img src=\"https:\/\/projectes.xtec.cat\/gep\/wp-content\/uploads\/usu682\/2020\/01\/IMG_20200114_092540942_optimized.jpg\" alt=\"IMG_20200114_092540942_optimized\" width=\"4608\" height=\"3456\" \/>\r\n\t\t\t\t\t\t\t\t\t\t<div class=\"slideshow_description_box slideshow_transparent\">\r\n\t\t\t\t\t\t<div class=\"slideshow_title\">IMG_20200114_092540942_optimized<\/div>\t\t\t\t\t\t\t\t\t\t\t<\/div>\r\n\t\t\t\t<\/div>\r\n\r\n\t\t\t\t\t\t<div style=\"clear: both;\"><\/div><\/div><div class=\"slideshow_view\">\r\n\t\t\t\t<div class=\"slideshow_slide slideshow_slide_image\">\r\n\t\t\t\t\t\t\t\t\t\t\t<img src=\"https:\/\/projectes.xtec.cat\/gep\/wp-content\/uploads\/usu682\/2020\/01\/IMG_20200114_114130426_optimized.jpg\" alt=\"IMG_20200114_114130426_optimized\" width=\"4608\" height=\"3456\" \/>\r\n\t\t\t\t\t\t\t\t\t\t<div class=\"slideshow_description_box slideshow_transparent\">\r\n\t\t\t\t\t\t<div class=\"slideshow_title\">IMG_20200114_114130426_optimized<\/div>\t\t\t\t\t\t\t\t\t\t\t<\/div>\r\n\t\t\t\t<\/div>\r\n\r\n\t\t\t\t\t\t<div style=\"clear: both;\"><\/div><\/div><div class=\"slideshow_view\">\r\n\t\t\t\t<div class=\"slideshow_slide slideshow_slide_image\">\r\n\t\t\t\t\t\t\t\t\t\t\t<img src=\"https:\/\/projectes.xtec.cat\/gep\/wp-content\/uploads\/usu682\/2020\/01\/IMG_20200114_100646962_optimized.jpg\" alt=\"IMG_20200114_100646962_optimized\" width=\"4608\" height=\"3456\" \/>\r\n\t\t\t\t\t\t\t\t\t\t<div class=\"slideshow_description_box slideshow_transparent\">\r\n\t\t\t\t\t\t<div class=\"slideshow_title\">IMG_20200114_100646962_optimized<\/div>\t\t\t\t\t\t\t\t\t\t\t<\/div>\r\n\t\t\t\t<\/div>\r\n\r\n\t\t\t\t\t\t<div style=\"clear: both;\"><\/div><\/div>\r\n\t\t<\/div>\r\n\r\n\t\t<div class=\"slideshow_controlPanel slideshow_transparent\" style=\"display: none;\"><ul><li class=\"slideshow_togglePlay\" data-play-text=\"Visualitza\" data-pause-text=\"Pausa\"><\/li><\/ul><\/div>\r\n\r\n\t\t<div class=\"slideshow_button slideshow_previous slideshow_transparent\" role=\"button\" data-previous-text=\"Anterior\" style=\"display: none;\"><\/div>\r\n\t\t<div class=\"slideshow_button slideshow_next slideshow_transparent\" role=\"button\" data-next-text=\"Seg\u00fcent\" style=\"display: none;\"><\/div>\r\n\r\n\t\t<div class=\"slideshow_pagination\" style=\"display: none;\" data-go-to-text=\"V\u00e9s a la diapositiva\"><div class=\"slideshow_pagination_center\"><\/div><\/div>\r\n\r\n\t\t<!-- WordPress Slideshow Version 2.3.1 -->\r\n\r\n\t\t\t<\/div>\r\n\r\n\n","protected":false},"excerpt":{"rendered":"<p>Benvinguts i benvingudes al programa GEP!<br \/>\nEl proper dimarts 3 d&#8217;octubre iniciem un viatge compartit de tres anys que us empoderar\u00e0 com a docents CLIL! La formaci\u00f3 consta de 7 sessions s\u00edncrones presencials al territori, 2 sessions s\u00edncrones en l\u00ednia\u00a0i acc\u00e9s a l&#8217;espai de treball as\u00edncron&hellip;  <a href=\"https:\/\/projectes.xtec.cat\/gep\/gep-2\/gep1\/comenca-la-formacio-gep1\/\" title=\"Read Comen\u00e7a la formaci\u00f3 GEP1!\">Llegeix m\u00e9s\u00bb<\/a><\/p>\n","protected":false},"author":1,"featured_media":0,"parent":10730,"menu_order":0,"comment_status":"closed","ping_status":"closed","template":"page-templates\/side-menu.php","meta":{"_bbp_topic_count":0,"_bbp_reply_count":0,"_bbp_total_topic_count":0,"_bbp_total_reply_count":0,"_bbp_voice_count":0,"_bbp_anonymous_reply_count":0,"_bbp_topic_count_hidden":0,"_bbp_reply_count_hidden":0,"_bbp_forum_subforum_count":0,"footnotes":""},"class_list":["post-10767","page","type-page","status-publish","hentry"],"post_mailing_queue_ids":[],"_links":{"self":[{"href":"https:\/\/projectes.xtec.cat\/gep\/wp-json\/wp\/v2\/pages\/10767","targetHints":{"allow":["GET"]}}],"collection":[{"href":"https:\/\/projectes.xtec.cat\/gep\/wp-json\/wp\/v2\/pages"}],"about":[{"href":"https:\/\/projectes.xtec.cat\/gep\/wp-json\/wp\/v2\/types\/page"}],"author":[{"embeddable":true,"href":"https:\/\/projectes.xtec.cat\/gep\/wp-json\/wp\/v2\/users\/1"}],"replies":[{"embeddable":true,"href":"https:\/\/projectes.xtec.cat\/gep\/wp-json\/wp\/v2\/comments?post=10767"}],"version-history":[{"count":3,"href":"https:\/\/projectes.xtec.cat\/gep\/wp-json\/wp\/v2\/pages\/10767\/revisions"}],"predecessor-version":[{"id":11353,"href":"https:\/\/projectes.xtec.cat\/gep\/wp-json\/wp\/v2\/pages\/10767\/revisions\/11353"}],"up":[{"embeddable":true,"href":"https:\/\/projectes.xtec.cat\/gep\/wp-json\/wp\/v2\/pages\/10730"}],"wp:attachment":[{"href":"https:\/\/projectes.xtec.cat\/gep\/wp-json\/wp\/v2\/media?parent=10767"}],"curies":[{"name":"wp","href":"https:\/\/api.w.org\/{rel}","templated":true}]}}