{"id":10776,"date":"2022-12-19T14:50:04","date_gmt":"2022-12-19T13:50:04","guid":{"rendered":"https:\/\/projectes.xtec.cat\/gep\/?page_id=10776"},"modified":"2024-10-10T12:48:34","modified_gmt":"2024-10-10T10:48:34","slug":"comeca-la-formacio-gep2","status":"publish","type":"page","link":"https:\/\/projectes.xtec.cat\/gep\/gep-2\/gep2\/comeca-la-formacio-gep2\/","title":{"rendered":"Come\u00e7a la formaci\u00f3 GEP2!"},"content":{"rendered":"<table style=\"width: 100%; border-collapse: collapse; border-style: hidden;\">\n<tbody>\n<tr>\n<td style=\"width: 65.8086%; border-style: hidden;\">\n<h2>Bentornats al programa GEP!<\/h2>\n<p>El proper <strong>dimarts 8 d&#8217;octubre<\/strong> ens retrobem per continuar el nostre viatge cap a l&#8217;empoderament CLIL! Durant el curs planificarem i dissenyarem el nostre projecte CLIL basat en la metodologia Project Based Learning (PBL). La formaci\u00f3 consta de<strong> sessions en l\u00ednia s\u00edncrones, una sessi\u00f3 presencial s\u00edncrona<\/strong>\u00a0i <strong>sessions as\u00edncrones<\/strong> a trav\u00e9s del curs GEP2 a<a href=\"https:\/\/odissea.xtec.cat\/\"> Odissea<\/a>.<\/p>\n<p>A les sessions del programa <strong>GEP 2<\/strong>\u00a0ens marquem com a objectius generals:<\/p>\n<ol>\n<li style=\"list-style-type: none;\">\n<ol>\n<li style=\"list-style-type: none;\">\n<ol>\n<li>Aprofundir en les caracter\u00edstiques de l&#8217;enfocament CLIL i la metodologia PBL,<\/li>\n<li>millorar les nostres habilitats CLIL com a docents,<\/li>\n<li>dissenyar i implementar un projecte CLIL PBL a l&#8217;aula,<\/li>\n<li>integrar eines digitals en la pr\u00e0ctica docent a l&#8217;aula,<\/li>\n<li>promoure la millora de la compet\u00e8ncia docent a partir de l&#8217;auto-observaci\u00f3 i auto-avaluaci\u00f3.<\/li>\n<\/ol>\n<\/li>\n<\/ol>\n<\/li>\n<\/ol>\n<\/td>\n<td style=\"width: 34.1914%; border-style: hidden;\">&nbsp;<\/p>\n<p style=\"text-align: right;\">\n<\/td>\n<\/tr>\n<\/tbody>\n<\/table>\n<p><span style=\"font-family: Consolas, Monaco, monospace; font-size: 1em;\">\u00a0<\/span><\/p>\n<table style=\"height: 304px; width: 100%; border-collapse: collapse; border-style: solid; background-color: #e3c3c3;\">\n<tbody>\n<tr style=\"height: 32px;\">\n<td style=\"width: 10.0804%; height: 32px;\"><strong>Sessi\u00f3 1<\/strong><\/td>\n<td style=\"width: 13.5754%; height: 32px;\">8 octubre 2024<\/td>\n<td style=\"width: 76.3441%; height: 32px;\"><strong>Presencial.<\/strong> Aprofundiment en l&#8217;enfocament CLIL i introducci\u00f3 al PBL.<\/td>\n<\/tr>\n<tr style=\"height: 32px;\">\n<td style=\"width: 10.0804%; height: 32px;\"><strong>Sessi\u00f3 2<\/strong><\/td>\n<td style=\"width: 13.5754%; height: 32px;\">22 octubre 2024<\/td>\n<td style=\"width: 76.3441%; height: 32px;\"><strong>Presencial.<\/strong>\u00a0Planificaci\u00f3 del nostre projecte: focus en backwards planning.<\/td>\n<\/tr>\n<tr style=\"height: 32px;\">\n<td style=\"width: 10.0804%; height: 32px;\"><strong>Sessi\u00f3 3<\/strong><\/td>\n<td style=\"width: 13.5754%; height: 32px;\">5 novembre 2024<\/td>\n<td style=\"width: 76.3441%; height: 32px;\"><strong>Presencial.<\/strong> Planificaci\u00f3 del nostre projecte: focus en els objectius CLIL (integrated language &amp; content).<\/td>\n<\/tr>\n<tr style=\"height: 32px;\">\n<td style=\"width: 10.0804%; height: 32px;\"><strong>Sessi\u00f3 4<\/strong><\/td>\n<td style=\"width: 13.5754%; height: 32px;\">19 novembre 2024<\/td>\n<td style=\"width: 76.3441%; height: 32px;\"><strong>Presencial.<\/strong> Planificaci\u00f3 del nostre projecte: focus en language support per millora la compet\u00e8ncia comunicativa de l&#8217;alumnat.<\/td>\n<\/tr>\n<tr style=\"height: 32px;\">\n<td style=\"width: 10.0804%; height: 32px;\"><strong>Sessi\u00f3 5<\/strong><\/td>\n<td style=\"width: 13.5754%; height: 32px;\">10 desembre 2024<\/td>\n<td style=\"width: 76.3441%; height: 32px;\"><strong>Presencial.<\/strong> Planificaci\u00f3 del nostre projecte: Difer\u00e8ncia entre PBL i projectes. Connexi\u00f3 amb el Curr\u00edculum.<\/td>\n<\/tr>\n<tr style=\"height: 32px;\">\n<td style=\"width: 10.0804%; height: 32px;\"><strong>Sessi\u00f3 6<\/strong><\/td>\n<td style=\"width: 13.5754%; height: 32px;\">14 gener 2025<\/td>\n<td style=\"width: 76.3441%; height: 32px;\"><strong>Presencial.<\/strong> Eines i estrat\u00e8gies d&#8217;avaluaci\u00f3 en l&#8217;enfocament CLIL i PBL.<\/td>\n<\/tr>\n<tr style=\"height: 32px;\">\n<td style=\"width: 10.0804%; height: 32px;\"><strong>Sessi\u00f3 7<\/strong><\/td>\n<td style=\"width: 13.5754%; height: 32px;\">28 gener 2025<\/td>\n<td style=\"width: 76.3441%; height: 32px;\"><strong>Presencial.<\/strong> Focus en Classroom Interactional Competence (CIC).<\/td>\n<\/tr>\n<tr style=\"height: 48px;\">\n<td style=\"width: 10.0804%; height: 48px;\"><strong>Implementaci\u00f3 a l&#8217;aula<\/strong><\/td>\n<td style=\"width: 13.5754%; height: 48px;\">17 mar\u00e7 a 10 maig 2025<\/td>\n<td style=\"width: 76.3441%; height: 48px;\">Per\u00edode en el qual els docents implementen les tasques dissenyades a les seves aules i recullen evid\u00e8ncies (v\u00eddeos, imatges, etc) que formaran part del seu Portafolis.<\/td>\n<\/tr>\n<tr style=\"height: 32px;\">\n<td style=\"width: 10.0804%; height: 32px;\"><strong>Sessi\u00f3 8<\/strong><\/td>\n<td style=\"width: 13.5754%; height: 32px;\">13 maig 2025<\/td>\n<td style=\"width: 76.3441%; height: 32px;\"><strong>Presencial.<\/strong> Presentaci\u00f3 de les tasques creades pels docents participants al GEP 2.<\/td>\n<\/tr>\n<\/tbody>\n<\/table>\n\r\n\t<div class=\"slideshow_container slideshow_container_style-light\" style=\"height: 300px; \" data-slideshow-id=\"8657\" data-style-name=\"style-light\" data-style-version=\"2.3.1\" >\r\n\r\n\t\t\t\t\t<div class=\"slideshow_loading_icon\"><\/div>\r\n\t\t\r\n\t\t<div class=\"slideshow_content\" style=\"display: none;\">\r\n\r\n\t\t\t<div class=\"slideshow_view\">\r\n\t\t\t\t<div class=\"slideshow_slide slideshow_slide_image\">\r\n\t\t\t\t\t\t\t\t\t\t\t<img src=\"https:\/\/projectes.xtec.cat\/gep\/wp-content\/uploads\/usu682\/2020\/01\/555-min.jpg\" alt=\"555-min\" width=\"4608\" height=\"3456\" \/>\r\n\t\t\t\t\t\t\t\t\t\t<div class=\"slideshow_description_box slideshow_transparent\">\r\n\t\t\t\t\t\t<div class=\"slideshow_title\">555-min<\/div>\t\t\t\t\t\t\t\t\t\t\t<\/div>\r\n\t\t\t\t<\/div>\r\n\r\n\t\t\t\t\t\t<div style=\"clear: both;\"><\/div><\/div><div class=\"slideshow_view\">\r\n\t\t\t\t<div class=\"slideshow_slide slideshow_slide_image\">\r\n\t\t\t\t\t\t\t\t\t\t\t<img src=\"https:\/\/projectes.xtec.cat\/gep\/wp-content\/uploads\/usu682\/2020\/01\/55-min.jpg\" alt=\"55-min\" width=\"4608\" height=\"3456\" \/>\r\n\t\t\t\t\t\t\t\t\t\t<div class=\"slideshow_description_box slideshow_transparent\">\r\n\t\t\t\t\t\t<div class=\"slideshow_title\">55-min<\/div>\t\t\t\t\t\t\t\t\t\t\t<\/div>\r\n\t\t\t\t<\/div>\r\n\r\n\t\t\t\t\t\t<div style=\"clear: both;\"><\/div><\/div><div class=\"slideshow_view\">\r\n\t\t\t\t<div class=\"slideshow_slide slideshow_slide_image\">\r\n\t\t\t\t\t\t\t\t\t\t\t<img src=\"https:\/\/projectes.xtec.cat\/gep\/wp-content\/uploads\/usu682\/2020\/01\/5-min-1.jpg\" alt=\"5-min\" width=\"4608\" height=\"3456\" \/>\r\n\t\t\t\t\t\t\t\t\t\t<div class=\"slideshow_description_box slideshow_transparent\">\r\n\t\t\t\t\t\t<div class=\"slideshow_title\">5-min<\/div>\t\t\t\t\t\t\t\t\t\t\t<\/div>\r\n\t\t\t\t<\/div>\r\n\r\n\t\t\t\t\t\t<div style=\"clear: both;\"><\/div><\/div><div class=\"slideshow_view\">\r\n\t\t\t\t<div class=\"slideshow_slide slideshow_slide_image\">\r\n\t\t\t\t\t\t\t\t\t\t\t<img src=\"https:\/\/projectes.xtec.cat\/gep\/wp-content\/uploads\/usu682\/2020\/01\/5-min.jpg\" alt=\"_5-min\" width=\"4608\" height=\"3456\" \/>\r\n\t\t\t\t\t\t\t\t\t\t<div class=\"slideshow_description_box slideshow_transparent\">\r\n\t\t\t\t\t\t<div class=\"slideshow_title\">_5-min<\/div>\t\t\t\t\t\t\t\t\t\t\t<\/div>\r\n\t\t\t\t<\/div>\r\n\r\n\t\t\t\t\t\t<div style=\"clear: both;\"><\/div><\/div><div class=\"slideshow_view\">\r\n\t\t\t\t<div class=\"slideshow_slide slideshow_slide_image\">\r\n\t\t\t\t\t\t\t\t\t\t\t<img src=\"https:\/\/projectes.xtec.cat\/gep\/wp-content\/uploads\/usu682\/2020\/01\/5555-min.jpg\" alt=\"5555-min\" width=\"4608\" height=\"3456\" \/>\r\n\t\t\t\t\t\t\t\t\t\t<div class=\"slideshow_description_box slideshow_transparent\">\r\n\t\t\t\t\t\t<div class=\"slideshow_title\">5555-min<\/div>\t\t\t\t\t\t\t\t\t\t\t<\/div>\r\n\t\t\t\t<\/div>\r\n\r\n\t\t\t\t\t\t<div style=\"clear: both;\"><\/div><\/div>\r\n\t\t<\/div>\r\n\r\n\t\t<div class=\"slideshow_controlPanel slideshow_transparent\" style=\"display: none;\"><ul><li class=\"slideshow_togglePlay\" data-play-text=\"Visualitza\" data-pause-text=\"Pausa\"><\/li><\/ul><\/div>\r\n\r\n\t\t<div class=\"slideshow_button slideshow_previous slideshow_transparent\" role=\"button\" data-previous-text=\"Anterior\" style=\"display: none;\"><\/div>\r\n\t\t<div class=\"slideshow_button slideshow_next slideshow_transparent\" role=\"button\" data-next-text=\"Seg\u00fcent\" style=\"display: none;\"><\/div>\r\n\r\n\t\t<div class=\"slideshow_pagination\" style=\"display: none;\" data-go-to-text=\"V\u00e9s a la diapositiva\"><div class=\"slideshow_pagination_center\"><\/div><\/div>\r\n\r\n\t\t<!-- WordPress Slideshow Version 2.3.1 -->\r\n\r\n\t\t\t<\/div>\r\n\r\n\n<p>&nbsp;<\/p>\n<h3><\/h3>\n<p>&nbsp;<\/p>\n<p>&nbsp;<\/p>\n<h3><\/h3>\n<p>&nbsp;<\/p>\n","protected":false},"excerpt":{"rendered":"<p>Bentornats al programa GEP!<br \/>\nEl proper dimarts 8 d&#8217;octubre ens retrobem per continuar el nostre viatge cap a l&#8217;empoderament CLIL! Durant el curs planificarem i dissenyarem el nostre projecte CLIL basat en la metodologia Project Based Learning (PBL). La formaci\u00f3 consta de sessions en l\u00ednia s\u00edncrones,&hellip;  <a href=\"https:\/\/projectes.xtec.cat\/gep\/gep-2\/gep2\/comeca-la-formacio-gep2\/\" title=\"Read Come\u00e7a la formaci\u00f3 GEP2!\">Llegeix m\u00e9s\u00bb<\/a><\/p>\n","protected":false},"author":1,"featured_media":0,"parent":10732,"menu_order":0,"comment_status":"closed","ping_status":"closed","template":"page-templates\/side-menu.php","meta":{"_bbp_topic_count":0,"_bbp_reply_count":0,"_bbp_total_topic_count":0,"_bbp_total_reply_count":0,"_bbp_voice_count":0,"_bbp_anonymous_reply_count":0,"_bbp_topic_count_hidden":0,"_bbp_reply_count_hidden":0,"_bbp_forum_subforum_count":0,"footnotes":""},"class_list":["post-10776","page","type-page","status-publish","hentry"],"post_mailing_queue_ids":[],"_links":{"self":[{"href":"https:\/\/projectes.xtec.cat\/gep\/wp-json\/wp\/v2\/pages\/10776","targetHints":{"allow":["GET"]}}],"collection":[{"href":"https:\/\/projectes.xtec.cat\/gep\/wp-json\/wp\/v2\/pages"}],"about":[{"href":"https:\/\/projectes.xtec.cat\/gep\/wp-json\/wp\/v2\/types\/page"}],"author":[{"embeddable":true,"href":"https:\/\/projectes.xtec.cat\/gep\/wp-json\/wp\/v2\/users\/1"}],"replies":[{"embeddable":true,"href":"https:\/\/projectes.xtec.cat\/gep\/wp-json\/wp\/v2\/comments?post=10776"}],"version-history":[{"count":4,"href":"https:\/\/projectes.xtec.cat\/gep\/wp-json\/wp\/v2\/pages\/10776\/revisions"}],"predecessor-version":[{"id":11687,"href":"https:\/\/projectes.xtec.cat\/gep\/wp-json\/wp\/v2\/pages\/10776\/revisions\/11687"}],"up":[{"embeddable":true,"href":"https:\/\/projectes.xtec.cat\/gep\/wp-json\/wp\/v2\/pages\/10732"}],"wp:attachment":[{"href":"https:\/\/projectes.xtec.cat\/gep\/wp-json\/wp\/v2\/media?parent=10776"}],"curies":[{"name":"wp","href":"https:\/\/api.w.org\/{rel}","templated":true}]}}