{"id":10438,"date":"2025-02-19T21:53:15","date_gmt":"2025-02-19T20:53:15","guid":{"rendered":"https:\/\/projectes.xtec.cat\/ia\/?page_id=10438"},"modified":"2026-02-03T22:36:25","modified_gmt":"2026-02-03T21:36:25","slug":"dimensio2-visio-humanista-de-la-ia","status":"publish","type":"page","link":"https:\/\/projectes.xtec.cat\/ia\/competencia-digital-docent-intelligencia-artificial\/dimensio2-visio-humanista-de-la-ia\/","title":{"rendered":"Dimensi\u00f3 2. \u00c8tica i visi\u00f3 humanista de la IA"},"content":{"rendered":"\n<p><br>L\u2019objectiu d\u2019aquesta dimensi\u00f3 \u00e9s <strong>promoure un \u00fas \u00e8tic i responsable de la IA i preservar una educaci\u00f3 centrada en les persones <\/strong>evitant-ne una depend\u00e8ncia excessiva en la planificaci\u00f3, l\u2019avaluaci\u00f3 i la interacci\u00f3 educatives. El docent ha de promoure actituds que vetllin pels drets fonamentals, els valors democr\u00e0tics, la diversitat cultural i ling\u00fc\u00edstica, la inclusi\u00f3 i la sostenibilitat, aix\u00ed com recon\u00e8ixer els riscos associats a la IA, com ara els biaixos, les al\u00b7lucinacions i la manca de transpar\u00e8ncia. En l\u2019etapa avan\u00e7ada d\u2019aquesta dimensi\u00f3, el docent hauria de ser capa\u00e7 de promoure processos de reflexi\u00f3 col\u00b7lectiva sobre l\u2019\u00fas \u00e8tic d\u2019aquesta tecnologia dins la seva comunitat educativa.&nbsp;<\/p>\n\n\n\n<div class=\"wp-block-columns alignwide is-layout-flex wp-container-core-columns-is-layout-2 wp-block-columns-is-layout-flex\">\n<div class=\"wp-block-column is-layout-flow wp-block-column-is-layout-flow\">\n<div class=\"wp-block-columns etapes-desc is-layout-flex wp-container-core-columns-is-layout-1 wp-block-columns-is-layout-flex\">\n<div class=\"wp-block-column caixa is-layout-flow wp-block-column-is-layout-flow\">\n<h2 class=\"wp-block-heading\" style=\"font-size:26px\">Etapa b\u00e0sica<\/h2>\n\n\n\n<p style=\"font-size:13px\">\u2705 Preservar l\u2019ag\u00e8ncia humana en l\u2019\u00fas de la IA.<\/p>\n\n\n\n<p style=\"font-size:13px\">\u2705 Mantenir una actitud cr\u00edtica envers la IA.<\/p>\n\n\n\n<p style=\"font-size:13px\">\u2705 Reconeix els valors \u00e8tics implicats en l\u2019\u00fas de la IA.<\/p>\n\n\n\n<div class=\"wp-block-buttons is-content-justification-center is-layout-flex wp-container-core-buttons-is-layout-1 wp-block-buttons-is-layout-flex\">\n<div class=\"wp-block-button\"><a class=\"wp-block-button__link wp-element-button\" href=\"https:\/\/projectes.xtec.cat\/ia\/competencia-digital-docent-intelligencia-artificial\/dimensio2-visio-humanista-de-la-ia\/d2-etapa-basica\/\">M\u00e9s informaci\u00f3<\/a><\/div>\n<\/div>\n<\/div>\n\n\n\n<div class=\"wp-block-column caixa is-layout-flow wp-block-column-is-layout-flow\">\n<h2 class=\"wp-block-heading\" style=\"font-size:26px\">Etapa interm\u00e8dia<\/h2>\n\n\n\n<p style=\"font-size:13px\">\u2705 Garanteix l\u2019ag\u00e8ncia humana a l\u2019aula.<\/p>\n\n\n\n<p style=\"font-size:13px\">\u2705 Fomenta que els estudiants pensin cr\u00edticament sobre la IA.<\/p>\n\n\n\n<p style=\"font-size:13px\">\u2705 Promou valors responsables i \u00e8tics en l\u2019\u00fas de la IA.<\/p>\n\n\n\n<div class=\"wp-block-buttons is-content-justification-center is-layout-flex wp-container-core-buttons-is-layout-2 wp-block-buttons-is-layout-flex\">\n<div class=\"wp-block-button\"><a class=\"wp-block-button__link wp-element-button\" href=\"https:\/\/projectes.xtec.cat\/ia\/competencia-digital-docent-intelligencia-artificial\/dimensio2-visio-humanista-de-la-ia\/d2-etapa-intermedia\/\">M\u00e9s informaci\u00f3<\/a><\/div>\n<\/div>\n<\/div>\n\n\n\n<div class=\"wp-block-column caixa is-layout-flow wp-block-column-is-layout-flow\">\n<h2 class=\"wp-block-heading\" style=\"font-size:26px\">Etapa avan\u00e7ada<\/h2>\n\n\n\n<p style=\"font-size:13px\">\u2705 Reflexiona profundament sobre com la IA transforma el rol docent i preserva l\u2019ag\u00e8ncia humana.<\/p>\n\n\n\n<p style=\"font-size:13px\">\u2705 Fomenta mirades cr\u00edtiques sobre la IA en<br>la comunitat educativa i promou el debat.<\/p>\n\n\n\n<p style=\"font-size:13px\">\u2705 Impulsa la reflexi\u00f3 \u00e8tica sobre la IA, assessorant<br>els docents i integrant l\u2019\u00e8tica.<\/p>\n\n\n\n<div class=\"wp-block-buttons is-content-justification-center is-layout-flex wp-container-core-buttons-is-layout-3 wp-block-buttons-is-layout-flex\">\n<div class=\"wp-block-button\"><a class=\"wp-block-button__link wp-element-button\" href=\"https:\/\/projectes.xtec.cat\/ia\/competencia-digital-docent-intelligencia-artificial\/dimensio2-visio-humanista-de-la-ia\/d2-etapa-avancada\/\">M\u00e9s informaci\u00f3<\/a><\/div>\n<\/div>\n<\/div>\n<\/div>\n<\/div>\n<\/div>\n","protected":false},"excerpt":{"rendered":"<p>L\u2019objectiu d\u2019aquesta dimensi\u00f3 \u00e9s promoure un \u00fas \u00e8tic i responsable de la IA i preservar una educaci\u00f3 centrada en les persones evitant-ne una depend\u00e8ncia excessiva en la planificaci\u00f3, l\u2019avaluaci\u00f3 i la interacci\u00f3 educatives. El docent ha de promoure actituds que vetllin pels drets fonamentals, els valors democr\u00e0tics, la diversitat cultural i ling\u00fc\u00edstica, la inclusi\u00f3 i la sostenibilitat, aix\u00ed com recon\u00e8ixer els riscos associats a la IA, com ara els biaixos, [&hellip;]<\/p>\n","protected":false},"author":1,"featured_media":0,"parent":10430,"menu_order":0,"comment_status":"closed","ping_status":"close","template":"","meta":{"site-sidebar-layout":"left-sidebar","site-content-layout":"","ast-site-content-layout":"default","site-content-style":"default","site-sidebar-style":"default","ast-global-header-display":"","ast-banner-title-visibility":"","ast-main-header-display":"","ast-hfb-above-header-display":"","ast-hfb-below-header-display":"","ast-hfb-mobile-header-display":"","site-post-title":"","ast-breadcrumbs-content":"","ast-featured-img":"","footer-sml-layout":"","theme-transparent-header-meta":"","adv-header-id-meta":"","stick-header-meta":"","header-above-stick-meta":"","header-main-stick-meta":"","header-below-stick-meta":"","astra-migrate-meta-layouts":"set","ast-page-background-enabled":"default","ast-page-background-meta":{"desktop":{"background-color":"var(--ast-global-color-4)","background-image":"","background-repeat":"repeat","background-position":"center center","background-size":"auto","background-attachment":"scroll","background-type":"","background-media":"","overlay-type":"","overlay-color":"","overlay-opacity":"","overlay-gradient":""},"tablet":{"background-color":"","background-image":"","background-repeat":"repeat","background-position":"center center","background-size":"auto","background-attachment":"scroll","background-type":"","background-media":"","overlay-type":"","overlay-color":"","overlay-opacity":"","overlay-gradient":""},"mobile":{"background-color":"","background-image":"","background-repeat":"repeat","background-position":"center center","background-size":"auto","background-attachment":"scroll","background-type":"","background-media":"","overlay-type":"","overlay-color":"","overlay-opacity":"","overlay-gradient":""}},"ast-content-background-meta":{"desktop":{"background-color":"var(--ast-global-color-5)","background-image":"","background-repeat":"repeat","background-position":"center center","background-size":"auto","background-attachment":"scroll","background-type":"","background-media":"","overlay-type":"","overlay-color":"","overlay-opacity":"","overlay-gradient":""},"tablet":{"background-color":"var(--ast-global-color-5)","background-image":"","background-repeat":"repeat","background-position":"center center","background-size":"auto","background-attachment":"scroll","background-type":"","background-media":"","overlay-type":"","overlay-color":"","overlay-opacity":"","overlay-gradient":""},"mobile":{"background-color":"var(--ast-global-color-5)","background-image":"","background-repeat":"repeat","background-position":"center center","background-size":"auto","background-attachment":"scroll","background-type":"","background-media":"","overlay-type":"","overlay-color":"","overlay-opacity":"","overlay-gradient":""}},"footnotes":""},"class_list":["post-10438","page","type-page","status-publish","hentry"],"post_mailing_queue_ids":[],"_links":{"self":[{"href":"https:\/\/projectes.xtec.cat\/ia\/wp-json\/wp\/v2\/pages\/10438","targetHints":{"allow":["GET"]}}],"collection":[{"href":"https:\/\/projectes.xtec.cat\/ia\/wp-json\/wp\/v2\/pages"}],"about":[{"href":"https:\/\/projectes.xtec.cat\/ia\/wp-json\/wp\/v2\/types\/page"}],"author":[{"embeddable":true,"href":"https:\/\/projectes.xtec.cat\/ia\/wp-json\/wp\/v2\/users\/1"}],"replies":[{"embeddable":true,"href":"https:\/\/projectes.xtec.cat\/ia\/wp-json\/wp\/v2\/comments?post=10438"}],"version-history":[{"count":6,"href":"https:\/\/projectes.xtec.cat\/ia\/wp-json\/wp\/v2\/pages\/10438\/revisions"}],"predecessor-version":[{"id":12828,"href":"https:\/\/projectes.xtec.cat\/ia\/wp-json\/wp\/v2\/pages\/10438\/revisions\/12828"}],"up":[{"embeddable":true,"href":"https:\/\/projectes.xtec.cat\/ia\/wp-json\/wp\/v2\/pages\/10430"}],"wp:attachment":[{"href":"https:\/\/projectes.xtec.cat\/ia\/wp-json\/wp\/v2\/media?parent=10438"}],"curies":[{"name":"wp","href":"https:\/\/api.w.org\/{rel}","templated":true}]}}

Dimensió 2. Ètica i visió humanista de la IA

<p><br>L’objectiu d’aquesta dimensió és <strong>promoure un ús ètic i responsable de la IA i preservar una educació centrada en les persones </strong>evitant-ne una dependència excessiva en la planificació, l’avaluació i la interacció educatives. El docent ha de promoure actituds que vetllin pels drets fonamentals, els valors democràtics, la diversitat cultural i lingüística, la inclusió i la sostenibilitat, així com reconèixer els riscos associats a la IA, com ara els biaixos, les al·lucinacions i la manca de transparència. En l’etapa avançada d’aquesta dimensió, el docent hauria de ser capaç de promoure processos de reflexió col·lectiva sobre l’ús ètic d’aquesta tecnologia dins la seva comunitat educativa.&nbsp;</p>



<div class="wp-block-columns alignwide is-layout-flex wp-container-core-columns-is-layout-2 wp-block-columns-is-layout-flex">
<div class="wp-block-column is-layout-flow wp-block-column-is-layout-flow">
<div class="wp-block-columns etapes-desc is-layout-flex wp-container-core-columns-is-layout-1 wp-block-columns-is-layout-flex">
<div class="wp-block-column caixa is-layout-flow wp-block-column-is-layout-flow">
<h2 class="wp-block-heading" style="font-size:26px">Etapa bàsica</h2>



<p style="font-size:13px">✅ Preservar l’agència humana en l’ús de la IA.</p>



<p style="font-size:13px">✅ Mantenir una actitud crítica envers la IA.</p>



<p style="font-size:13px">✅ Reconeix els valors ètics implicats en l’ús de la IA.</p>



<div class="wp-block-buttons is-content-justification-center is-layout-flex wp-container-core-buttons-is-layout-1 wp-block-buttons-is-layout-flex">
<div class="wp-block-button"><a class="wp-block-button__link wp-element-button" href="https://projectes.xtec.cat/ia/competencia-digital-docent-intelligencia-artificial/dimensio2-visio-humanista-de-la-ia/d2-etapa-basica/">Més informació</a></div>
</div>
</div>



<div class="wp-block-column caixa is-layout-flow wp-block-column-is-layout-flow">
<h2 class="wp-block-heading" style="font-size:26px">Etapa intermèdia</h2>



<p style="font-size:13px">✅ Garanteix l’agència humana a l’aula.</p>



<p style="font-size:13px">✅ Fomenta que els estudiants pensin críticament sobre la IA.</p>



<p style="font-size:13px">✅ Promou valors responsables i ètics en l’ús de la IA.</p>



<div class="wp-block-buttons is-content-justification-center is-layout-flex wp-container-core-buttons-is-layout-2 wp-block-buttons-is-layout-flex">
<div class="wp-block-button"><a class="wp-block-button__link wp-element-button" href="https://projectes.xtec.cat/ia/competencia-digital-docent-intelligencia-artificial/dimensio2-visio-humanista-de-la-ia/d2-etapa-intermedia/">Més informació</a></div>
</div>
</div>



<div class="wp-block-column caixa is-layout-flow wp-block-column-is-layout-flow">
<h2 class="wp-block-heading" style="font-size:26px">Etapa avançada</h2>



<p style="font-size:13px">✅ Reflexiona profundament sobre com la IA transforma el rol docent i preserva l’agència humana.</p>



<p style="font-size:13px">✅ Fomenta mirades crítiques sobre la IA en<br>la comunitat educativa i promou el debat.</p>



<p style="font-size:13px">✅ Impulsa la reflexió ètica sobre la IA, assessorant<br>els docents i integrant l’ètica.</p>



<div class="wp-block-buttons is-content-justification-center is-layout-flex wp-container-core-buttons-is-layout-3 wp-block-buttons-is-layout-flex">
<div class="wp-block-button"><a class="wp-block-button__link wp-element-button" href="https://projectes.xtec.cat/ia/competencia-digital-docent-intelligencia-artificial/dimensio2-visio-humanista-de-la-ia/d2-etapa-avancada/">Més informació</a></div>
</div>
</div>
</div>
</div>
</div>

<p>L’objectiu d’aquesta dimensió és promoure un ús ètic i responsable de la IA i preservar una educació centrada en les persones evitant-ne una dependència excessiva en la planificació, l’avaluació i la interacció educatives. El docent ha de promoure actituds que vetllin pels drets fonamentals, els valors democràtics, la diversitat cultural i lingüística, la inclusió i la sostenibilitat, així com reconèixer els riscos associats a la IA, com ara els biaixos, [&hellip;]</p>
