{"id":11572,"date":"2022-12-30T22:29:25","date_gmt":"2022-12-30T21:29:25","guid":{"rendered":"https:\/\/projectes.xtec.cat\/impulsfp\/?page_id=11572"},"modified":"2024-06-12T11:07:09","modified_gmt":"2024-06-12T09:07:09","slug":"lexalumnat-4","status":"publish","type":"page","link":"https:\/\/projectes.xtec.cat\/impulsfp\/alumnifp\/lexalumnat-4\/","title":{"rendered":"Alumni"},"content":{"rendered":"<p>Benvingut\/da a Alumni FP!<\/p>\n<p>Des d\u2019Alumni FP ens dediquem a proporcionar suport i recursos per a l\u2019exalumnat de la Formaci\u00f3 Professional de Catalunya. Sabem que la transici\u00f3 de l&#8217;educaci\u00f3 al m\u00f3n laboral pot ser emocionant, per\u00f2 tamb\u00e9 desafiadora, i estem aqu\u00ed per acompanyar-te en cada pas del cam\u00ed.<\/p>\n<p style=\"font-weight: 400;\">\u00c9s per aix\u00f2 que volem oferir-te una s\u00e8rie de serveis per acompanyar-te en el desenvolupament de les teves capacitats professionals i personals.<\/p>\n<p style=\"font-weight: 400;\">Necessites parlar i\u00a0\u00a0desfogar te?\u00a0\u00a0Orientaci\u00f3\u00a0\u00a0sobre\u00a0\u00a0salut\u00a0\u00a0mental?\u00a0\u00a0Informaci\u00f3 sobre\u00a0\u00a0emprenedoria?\u00a0\u00a0O\u00a0\u00a0potser\u00a0\u00a0est\u00e0s\u00a0\u00a0buscant\u00a0\u00a0recursos\u00a0\u00a0i\u00a0\u00a0suport\u00a0\u00a0relacionats\u00a0\u00a0amb l\u2019ocupaci\u00f3? Vols continuar la teva formaci\u00f3? Estem aqu\u00ed per ajudar-te.<\/p>\n<p style=\"font-weight: 400;\">Explora el web per descobrir una \u00e0mplia gamma de recursos, serveis de suport i\u00a0espais\u00a0de\u00a0consulta\u00a0pensats\u00a0especialment\u00a0per\u00a0a\u00a0tu.<\/p>\n<p><a href=\"alumnifp\/lexalumnat-4\/formacio\/\"><img loading=\"lazy\" decoding=\"async\" class=\"alignnone wp-image-11575\" src=\"https:\/\/projectes.xtec.cat\/impulsfp\/wp-content\/uploads\/usu2078\/2022\/12\/Formacio-alumniFP.png\" alt=\"\" width=\"197\" height=\"200\" srcset=\"https:\/\/projectes.xtec.cat\/impulsfp\/wp-content\/uploads\/usu2078\/2022\/12\/Formacio-alumniFP.png 373w, https:\/\/projectes.xtec.cat\/impulsfp\/wp-content\/uploads\/usu2078\/2022\/12\/Formacio-alumniFP-296x300.png 296w\" sizes=\"auto, (max-width: 197px) 100vw, 197px\" \/><\/a><a href=\"alumnifp\/lexalumnat-4\/suport-i-mentoring\/\"><img loading=\"lazy\" decoding=\"async\" class=\"alignnone wp-image-12008\" src=\"https:\/\/projectes.xtec.cat\/impulsfp\/wp-content\/uploads\/usu2078\/2023\/01\/Suport-a-locupacio.png\" alt=\"\" width=\"195\" height=\"192\" srcset=\"https:\/\/projectes.xtec.cat\/impulsfp\/wp-content\/uploads\/usu2078\/2023\/01\/Suport-a-locupacio.png 331w, https:\/\/projectes.xtec.cat\/impulsfp\/wp-content\/uploads\/usu2078\/2023\/01\/Suport-a-locupacio-300x296.png 300w\" sizes=\"auto, (max-width: 195px) 100vw, 195px\" \/><\/a><a href=\"alumnifp\/lexalumnat-4\/comunitat-2\/\"><img loading=\"lazy\" decoding=\"async\" class=\"alignnone wp-image-11578\" src=\"https:\/\/projectes.xtec.cat\/impulsfp\/wp-content\/uploads\/usu2078\/2022\/12\/Comunitat.png\" alt=\"\" width=\"194\" height=\"200\" srcset=\"https:\/\/projectes.xtec.cat\/impulsfp\/wp-content\/uploads\/usu2078\/2022\/12\/Comunitat.png 368w, https:\/\/projectes.xtec.cat\/impulsfp\/wp-content\/uploads\/usu2078\/2022\/12\/Comunitat-291x300.png 291w\" sizes=\"auto, (max-width: 194px) 100vw, 194px\" \/><\/a><a href=\"alumnifp\/lexalumnat-4\/alumnifp-emprenedor\/\"><img loading=\"lazy\" decoding=\"async\" class=\"alignnone wp-image-11625\" src=\"https:\/\/projectes.xtec.cat\/impulsfp\/wp-content\/uploads\/usu2078\/2022\/12\/Alumni-emprenedor.png\" alt=\"\" width=\"205\" height=\"206\" srcset=\"https:\/\/projectes.xtec.cat\/impulsfp\/wp-content\/uploads\/usu2078\/2022\/12\/Alumni-emprenedor.png 376w, https:\/\/projectes.xtec.cat\/impulsfp\/wp-content\/uploads\/usu2078\/2022\/12\/Alumni-emprenedor-298x300.png 298w, https:\/\/projectes.xtec.cat\/impulsfp\/wp-content\/uploads\/usu2078\/2022\/12\/Alumni-emprenedor-150x150.png 150w\" sizes=\"auto, (max-width: 205px) 100vw, 205px\" \/><\/a><a href=\"https:\/\/projectes.xtec.cat\/impulsfp\/alumnifp\/lexalumnat-4\/suport-emocional-2\/\"><img loading=\"lazy\" decoding=\"async\" class=\"alignnone wp-image-12898\" src=\"https:\/\/projectes.xtec.cat\/impulsfp\/wp-content\/uploads\/usu2078\/2023\/10\/Suport-emocional.png\" alt=\"\" width=\"194\" height=\"205\" srcset=\"https:\/\/projectes.xtec.cat\/impulsfp\/wp-content\/uploads\/usu2078\/2023\/10\/Suport-emocional.png 314w, https:\/\/projectes.xtec.cat\/impulsfp\/wp-content\/uploads\/usu2078\/2023\/10\/Suport-emocional-285x300.png 285w\" sizes=\"auto, (max-width: 194px) 100vw, 194px\" \/><\/a><\/p>\n","protected":false},"excerpt":{"rendered":"<p>Benvingut\/da a Alumni FP!<br \/>\nDes d\u2019Alumni FP ens dediquem a proporcionar suport i recursos per a l\u2019exalumnat de la Formaci\u00f3 Professional de Catalunya. Sabem que la transici\u00f3 de l&#8217;educaci\u00f3 al m\u00f3n laboral pot ser emocionant, per\u00f2 tamb\u00e9 desafiadora, i estem aqu\u00ed per acompanyar-te en cada pas&hellip;  <a href=\"https:\/\/projectes.xtec.cat\/impulsfp\/alumnifp\/lexalumnat-4\/\" title=\"Read Alumni\">Llegeix m\u00e9s\u00bb<\/a><\/p>\n","protected":false},"author":272,"featured_media":0,"parent":11460,"menu_order":0,"comment_status":"closed","ping_status":"closed","template":"page-templates\/side-menu.php","meta":{"_bbp_topic_count":0,"_bbp_reply_count":0,"_bbp_total_topic_count":0,"_bbp_total_reply_count":0,"_bbp_voice_count":0,"_bbp_anonymous_reply_count":0,"_bbp_topic_count_hidden":0,"_bbp_reply_count_hidden":0,"_bbp_forum_subforum_count":0,"footnotes":""},"class_list":["post-11572","page","type-page","status-publish","hentry"],"post_mailing_queue_ids":[],"_links":{"self":[{"href":"https:\/\/projectes.xtec.cat\/impulsfp\/wp-json\/wp\/v2\/pages\/11572","targetHints":{"allow":["GET"]}}],"collection":[{"href":"https:\/\/projectes.xtec.cat\/impulsfp\/wp-json\/wp\/v2\/pages"}],"about":[{"href":"https:\/\/projectes.xtec.cat\/impulsfp\/wp-json\/wp\/v2\/types\/page"}],"author":[{"embeddable":true,"href":"https:\/\/projectes.xtec.cat\/impulsfp\/wp-json\/wp\/v2\/users\/272"}],"replies":[{"embeddable":true,"href":"https:\/\/projectes.xtec.cat\/impulsfp\/wp-json\/wp\/v2\/comments?post=11572"}],"version-history":[{"count":6,"href":"https:\/\/projectes.xtec.cat\/impulsfp\/wp-json\/wp\/v2\/pages\/11572\/revisions"}],"predecessor-version":[{"id":13598,"href":"https:\/\/projectes.xtec.cat\/impulsfp\/wp-json\/wp\/v2\/pages\/11572\/revisions\/13598"}],"up":[{"embeddable":true,"href":"https:\/\/projectes.xtec.cat\/impulsfp\/wp-json\/wp\/v2\/pages\/11460"}],"wp:attachment":[{"href":"https:\/\/projectes.xtec.cat\/impulsfp\/wp-json\/wp\/v2\/media?parent=11572"}],"curies":[{"name":"wp","href":"https:\/\/api.w.org\/{rel}","templated":true}]}}