{"id":8377,"date":"2020-02-04T15:37:39","date_gmt":"2020-02-04T14:37:39","guid":{"rendered":"https:\/\/projectes.xtec.cat\/impulsfp\/?page_id=8377"},"modified":"2026-04-17T12:32:30","modified_gmt":"2026-04-17T10:32:30","slug":"enllacos","status":"publish","type":"page","link":"https:\/\/projectes.xtec.cat\/impulsfp\/emprenfp-2\/enllacos\/","title":{"rendered":"Missi\u00f3 i visi\u00f3"},"content":{"rendered":"<p>&nbsp;<\/p>\n<p>La <strong>missi\u00f3 <\/strong>del Programa \u00e9s acompanyar i donar suport als centres que imparteixen ensenyaments professionals en l\u2019adopci\u00f3 i el desenvolupament d\u2019estrat\u00e8gies metodol\u00f2giques que promoguin capacitats d\u2019emprenedoria i de creaci\u00f3 d\u2019empreses o d\u2019autoocupaci\u00f3<\/p>\n<p>La <strong>visi\u00f3 <\/strong>del Programa \u00e9s construir un ecosistema educatiu on l\u2019emprenedoria formi part de l\u2019ADN dels ensenyaments professionals, promovent una generaci\u00f3 d\u2019estudiants amb iniciativa, capacitat d\u2019innovaci\u00f3 i comprom\u00eds amb la transformaci\u00f3 del seu entorn.<\/p>\n<p><span style=\"font-weight: 400;\"><br \/>\n<\/span><a href=\"https:\/\/projectes.xtec.cat\/impulsfp\/wp-content\/uploads\/usu2078\/2020\/04\/Captura-de-pantalla-2020-04-07-a-las-19.26.39.png\"><img loading=\"lazy\" decoding=\"async\" class=\"wp-image-8752 aligncenter\" src=\"https:\/\/projectes.xtec.cat\/impulsfp\/wp-content\/uploads\/usu2078\/2020\/04\/Captura-de-pantalla-2020-04-07-a-las-19.26.39-1024x374.png\" alt=\"MISSI\u00d3\" width=\"441\" height=\"161\" srcset=\"https:\/\/projectes.xtec.cat\/impulsfp\/wp-content\/uploads\/usu2078\/2020\/04\/Captura-de-pantalla-2020-04-07-a-las-19.26.39-1024x374.png 1024w, https:\/\/projectes.xtec.cat\/impulsfp\/wp-content\/uploads\/usu2078\/2020\/04\/Captura-de-pantalla-2020-04-07-a-las-19.26.39-300x110.png 300w, https:\/\/projectes.xtec.cat\/impulsfp\/wp-content\/uploads\/usu2078\/2020\/04\/Captura-de-pantalla-2020-04-07-a-las-19.26.39-768x281.png 768w, https:\/\/projectes.xtec.cat\/impulsfp\/wp-content\/uploads\/usu2078\/2020\/04\/Captura-de-pantalla-2020-04-07-a-las-19.26.39.png 1434w\" sizes=\"auto, (max-width: 441px) 100vw, 441px\" \/><\/a><\/p>\n","protected":false},"excerpt":{"rendered":"<p>&nbsp; La missi\u00f3 del Programa \u00e9s acompanyar i donar suport als centres que imparteixen ensenyaments professionals en l\u2019adopci\u00f3 i el desenvolupament d\u2019estrat\u00e8gies metodol\u00f2giques que promoguin capacitats d\u2019emprenedoria i de creaci\u00f3 d\u2019empreses o d\u2019autoocupaci\u00f3 La visi\u00f3 del Programa \u00e9s construir un ecosistema educatiu on l\u2019emprenedoria formi part de l\u2019ADN dels ensenyaments professionals, promovent una generaci\u00f3 d\u2019estudiants [&hellip;]<\/p>\n","protected":false},"author":3,"featured_media":0,"parent":12454,"menu_order":1,"comment_status":"closed","ping_status":"closed","template":"page-templates\/side-menu.php","meta":{"site-sidebar-layout":"default","site-content-layout":"","ast-site-content-layout":"","site-content-style":"default","site-sidebar-style":"default","ast-global-header-display":"","ast-banner-title-visibility":"","ast-main-header-display":"","ast-hfb-above-header-display":"","ast-hfb-below-header-display":"","ast-hfb-mobile-header-display":"","site-post-title":"","ast-breadcrumbs-content":"","ast-featured-img":"","footer-sml-layout":"","theme-transparent-header-meta":"","adv-header-id-meta":"","stick-header-meta":"","header-above-stick-meta":"","header-main-stick-meta":"","header-below-stick-meta":"","astra-migrate-meta-layouts":"default","ast-page-background-enabled":"default","ast-page-background-meta":{"desktop":{"background-color":"var(--ast-global-color-4)","background-image":"","background-repeat":"repeat","background-position":"center center","background-size":"auto","background-attachment":"scroll","background-type":"","background-media":"","overlay-type":"","overlay-color":"","overlay-opacity":"","overlay-gradient":""},"tablet":{"background-color":"","background-image":"","background-repeat":"repeat","background-position":"center center","background-size":"auto","background-attachment":"scroll","background-type":"","background-media":"","overlay-type":"","overlay-color":"","overlay-opacity":"","overlay-gradient":""},"mobile":{"background-color":"","background-image":"","background-repeat":"repeat","background-position":"center center","background-size":"auto","background-attachment":"scroll","background-type":"","background-media":"","overlay-type":"","overlay-color":"","overlay-opacity":"","overlay-gradient":""}},"ast-content-background-meta":{"desktop":{"background-color":"var(--ast-global-color-5)","background-image":"","background-repeat":"repeat","background-position":"center center","background-size":"auto","background-attachment":"scroll","background-type":"","background-media":"","overlay-type":"","overlay-color":"","overlay-opacity":"","overlay-gradient":""},"tablet":{"background-color":"var(--ast-global-color-5)","background-image":"","background-repeat":"repeat","background-position":"center center","background-size":"auto","background-attachment":"scroll","background-type":"","background-media":"","overlay-type":"","overlay-color":"","overlay-opacity":"","overlay-gradient":""},"mobile":{"background-color":"var(--ast-global-color-5)","background-image":"","background-repeat":"repeat","background-position":"center center","background-size":"auto","background-attachment":"scroll","background-type":"","background-media":"","overlay-type":"","overlay-color":"","overlay-opacity":"","overlay-gradient":""}},"footnotes":""},"class_list":["post-8377","page","type-page","status-publish","hentry"],"post_mailing_queue_ids":[],"_links":{"self":[{"href":"https:\/\/projectes.xtec.cat\/impulsfp\/wp-json\/wp\/v2\/pages\/8377","targetHints":{"allow":["GET"]}}],"collection":[{"href":"https:\/\/projectes.xtec.cat\/impulsfp\/wp-json\/wp\/v2\/pages"}],"about":[{"href":"https:\/\/projectes.xtec.cat\/impulsfp\/wp-json\/wp\/v2\/types\/page"}],"author":[{"embeddable":true,"href":"https:\/\/projectes.xtec.cat\/impulsfp\/wp-json\/wp\/v2\/users\/3"}],"replies":[{"embeddable":true,"href":"https:\/\/projectes.xtec.cat\/impulsfp\/wp-json\/wp\/v2\/comments?post=8377"}],"version-history":[{"count":4,"href":"https:\/\/projectes.xtec.cat\/impulsfp\/wp-json\/wp\/v2\/pages\/8377\/revisions"}],"predecessor-version":[{"id":14092,"href":"https:\/\/projectes.xtec.cat\/impulsfp\/wp-json\/wp\/v2\/pages\/8377\/revisions\/14092"}],"up":[{"embeddable":true,"href":"https:\/\/projectes.xtec.cat\/impulsfp\/wp-json\/wp\/v2\/pages\/12454"}],"wp:attachment":[{"href":"https:\/\/projectes.xtec.cat\/impulsfp\/wp-json\/wp\/v2\/media?parent=8377"}],"curies":[{"name":"wp","href":"https:\/\/api.w.org\/{rel}","templated":true}]}}

Missió i visió

<p>&nbsp;</p>
<p>La <strong>missió </strong>del Programa és acompanyar i donar suport als centres que imparteixen ensenyaments professionals en l’adopció i el desenvolupament d’estratègies metodològiques que promoguin capacitats d’emprenedoria i de creació d’empreses o d’autoocupació</p>
<p>La <strong>visió </strong>del Programa és construir un ecosistema educatiu on l’emprenedoria formi part de l’ADN dels ensenyaments professionals, promovent una generació d’estudiants amb iniciativa, capacitat d’innovació i compromís amb la transformació del seu entorn.</p>
<p><span style="font-weight: 400;"><br />
</span><a href="https://projectes.xtec.cat/impulsfp/wp-content/uploads/usu2078/2020/04/Captura-de-pantalla-2020-04-07-a-las-19.26.39.png"><img loading="lazy" decoding="async" class="wp-image-8752 aligncenter" src="https://projectes.xtec.cat/impulsfp/wp-content/uploads/usu2078/2020/04/Captura-de-pantalla-2020-04-07-a-las-19.26.39-1024x374.png" alt="MISSIÓ" width="441" height="161" srcset="https://projectes.xtec.cat/impulsfp/wp-content/uploads/usu2078/2020/04/Captura-de-pantalla-2020-04-07-a-las-19.26.39-1024x374.png 1024w, https://projectes.xtec.cat/impulsfp/wp-content/uploads/usu2078/2020/04/Captura-de-pantalla-2020-04-07-a-las-19.26.39-300x110.png 300w, https://projectes.xtec.cat/impulsfp/wp-content/uploads/usu2078/2020/04/Captura-de-pantalla-2020-04-07-a-las-19.26.39-768x281.png 768w, https://projectes.xtec.cat/impulsfp/wp-content/uploads/usu2078/2020/04/Captura-de-pantalla-2020-04-07-a-las-19.26.39.png 1434w" sizes="auto, (max-width: 441px) 100vw, 441px" /></a></p>

<p>&nbsp; La missió del Programa és acompanyar i donar suport als centres que imparteixen ensenyaments professionals en l’adopció i el desenvolupament d’estratègies metodològiques que promoguin capacitats d’emprenedoria i de creació d’empreses o d’autoocupació La visió del Programa és construir un ecosistema educatiu on l’emprenedoria formi part de l’ADN dels ensenyaments professionals, promovent una generació d’estudiants [&hellip;]</p>
