{"id":8473,"date":"2020-03-19T18:58:51","date_gmt":"2020-03-19T17:58:51","guid":{"rendered":"https:\/\/projectes.xtec.cat\/impulsfp\/?page_id=8473"},"modified":"2024-05-03T13:55:48","modified_gmt":"2024-05-03T11:55:48","slug":"missio-i-valors","status":"publish","type":"page","link":"https:\/\/projectes.xtec.cat\/impulsfp\/activa-fp\/missio-i-valors\/","title":{"rendered":"Missi\u00f3 i visi\u00f3"},"content":{"rendered":"<h3><b><a href=\"https:\/\/projectes.xtec.cat\/impulsfp\/wp-content\/uploads\/usu2078\/2022\/10\/Visio.png\"><img loading=\"lazy\" decoding=\"async\" class=\"alignnone wp-image-11150\" src=\"https:\/\/projectes.xtec.cat\/impulsfp\/wp-content\/uploads\/usu2078\/2022\/10\/Visio.png\" alt=\"\" width=\"29\" height=\"29\" \/> \u00a0<\/a>Missi\u00f3:<\/b><\/h3>\n<p><span style=\"font-weight: 400;\">La missi\u00f3 del Programa\u00a0<span class=\"hiddenSpellError\">ActivaFP<\/span> \u00e9s acompanyar i donar suport als centres que imparteixen ensenyaments professionals la innovaci\u00f3 metodol\u00f2gica. Acompanya detectant necessitats, dissenyant formacions i assessorant en la recerca i implantaci\u00f3 de millores pedag\u00f2giques que millorin els aprenentatges professionals i socials de l&#8217;alumnat.<\/span><\/p>\n<p>&nbsp;<\/p>\n<h3><b><a href=\"https:\/\/projectes.xtec.cat\/impulsfp\/wp-content\/uploads\/usu2078\/2022\/10\/vision-1.png\"><img loading=\"lazy\" decoding=\"async\" class=\"alignnone wp-image-11151\" src=\"https:\/\/projectes.xtec.cat\/impulsfp\/wp-content\/uploads\/usu2078\/2022\/10\/vision-1.png\" alt=\"\" width=\"30\" height=\"21\" \/> \u00a0<\/a>Visi\u00f3:<\/b><\/h3>\n<p><span class=\"hiddenSpellError\">ActivaFP<\/span> \u00e9s un programa que s&#8217;origina als centres, arran de la necessitat de contextualitzat els ensenyaments professionals en projectes simulats o reals que siguin extrapolables al m\u00f3n laboral. Vol que els centres d&#8217;FP de Catalunya esdevinguin avantguarda els ensenyaments professionals i socials de l&#8217;alumnat.<\/p>\n","protected":false},"excerpt":{"rendered":"<p><a href=\"https:\/\/projectes.xtec.cat\/impulsfp\/wp-content\/uploads\/usu2078\/2022\/10\/Visio.png\"> \u00a0<\/a>Missi\u00f3:<br \/>\nLa missi\u00f3 del Programa\u00a0ActivaFP \u00e9s acompanyar i donar suport als centres que imparteixen ensenyaments professionals la innovaci\u00f3 metodol\u00f2gica. Acompanya detectant necessitats, dissenyant formacions i assessorant en la recerca i implantaci\u00f3 de millores pedag\u00f2giques que millorin els aprenentatges professionals i socials de l&#8217;alumnat.<br \/>\n&nbsp;<br \/>\n<a href=\"https:\/\/projectes.xtec.cat\/impulsfp\/wp-content\/uploads\/usu2078\/2022\/10\/vision-1.png\">&hellip;  <a href=\"https:\/\/projectes.xtec.cat\/impulsfp\/activa-fp\/missio-i-valors\/\" title=\"Read Missi\u00f3 i visi\u00f3\">Llegeix m\u00e9s\u00bb<\/a><\/p>\n","protected":false},"author":4,"featured_media":0,"parent":8308,"menu_order":20,"comment_status":"closed","ping_status":"closed","template":"page-templates\/side-menu.php","meta":{"_bbp_topic_count":0,"_bbp_reply_count":0,"_bbp_total_topic_count":0,"_bbp_total_reply_count":0,"_bbp_voice_count":0,"_bbp_anonymous_reply_count":0,"_bbp_topic_count_hidden":0,"_bbp_reply_count_hidden":0,"_bbp_forum_subforum_count":0,"footnotes":""},"class_list":["post-8473","page","type-page","status-publish","hentry"],"post_mailing_queue_ids":[],"_links":{"self":[{"href":"https:\/\/projectes.xtec.cat\/impulsfp\/wp-json\/wp\/v2\/pages\/8473","targetHints":{"allow":["GET"]}}],"collection":[{"href":"https:\/\/projectes.xtec.cat\/impulsfp\/wp-json\/wp\/v2\/pages"}],"about":[{"href":"https:\/\/projectes.xtec.cat\/impulsfp\/wp-json\/wp\/v2\/types\/page"}],"author":[{"embeddable":true,"href":"https:\/\/projectes.xtec.cat\/impulsfp\/wp-json\/wp\/v2\/users\/4"}],"replies":[{"embeddable":true,"href":"https:\/\/projectes.xtec.cat\/impulsfp\/wp-json\/wp\/v2\/comments?post=8473"}],"version-history":[{"count":6,"href":"https:\/\/projectes.xtec.cat\/impulsfp\/wp-json\/wp\/v2\/pages\/8473\/revisions"}],"predecessor-version":[{"id":13546,"href":"https:\/\/projectes.xtec.cat\/impulsfp\/wp-json\/wp\/v2\/pages\/8473\/revisions\/13546"}],"up":[{"embeddable":true,"href":"https:\/\/projectes.xtec.cat\/impulsfp\/wp-json\/wp\/v2\/pages\/8308"}],"wp:attachment":[{"href":"https:\/\/projectes.xtec.cat\/impulsfp\/wp-json\/wp\/v2\/media?parent=8473"}],"curies":[{"name":"wp","href":"https:\/\/api.w.org\/{rel}","templated":true}]}}