{"id":10279,"date":"2023-03-10T11:17:40","date_gmt":"2023-03-10T10:17:40","guid":{"rendered":"https:\/\/projectes.xtec.cat\/integrafp\/?page_id=10279"},"modified":"2024-11-12T13:17:23","modified_gmt":"2024-11-12T12:17:23","slug":"families-professionals","status":"publish","type":"page","link":"https:\/\/projectes.xtec.cat\/integrafp\/families-professionals\/","title":{"rendered":"Fam\u00edlies professionals"},"content":{"rendered":"<p>Oferta de cursos de formaci\u00f3 professional ocupacional (certificats de professionalitat) per iniciar durant el curs 23-24, per m\u00e9s informaci\u00f3 contacteu directament amb el centre.<\/p>\n<p>A continuaci\u00f3, si premeu sobre l&#8217;enlla\u00e7,\u00a0 podeu veure el mapa dels CP que actualment s&#8217;ofereixen als Instituts P\u00fablics de Catalunya en el marc del Conveni 4<\/p>\n<p><a href=\"https:\/\/www.instamaps.cat\/visor.html?businessid=b35fe5bf708341fc5b400c54cd341894&amp;3D=false\">https:\/\/www.instamaps.cat\/visor.html?businessid=b35fe5bf708341fc5b400c54cd341894&amp;3D=false<\/a><\/p>\n<div style=\"height: 75vh; width: 90%; margin: auto;\"><iframe loading=\"lazy\" src=\"https:\/\/www.instamaps.cat\/visor.html?businessid=b35fe5bf708341fc5b400c54cd341894&amp;3D=false&amp;embed=1\" width=\"100%\" height=\"100%\" frameborder=\"0\" marginwidth=\"0\" marginheight=\"0\" scrolling=\"no\"><\/iframe><\/div>\n<p>&nbsp;<\/p>\n<p>&nbsp;<\/p>\n<table style=\"border-collapse: collapse; width: 100%; height: 224px;\">\n<tbody>\n<tr style=\"height: 64px;\">\n<td style=\"width: 20%; height: 64px;\"><a href=\"https:\/\/projectes.xtec.cat\/integrafp\/familia-professional-administracio-i-gestio\/\">Fam\u00edlia professional Administraci\u00f3 i gesti\u00f3<\/a><\/td>\n<td style=\"width: 20%; height: 64px;\"><a href=\"https:\/\/projectes.xtec.cat\/integrafp\/familia-professional-activitats-fisiques-i-esportives\/\">Fam\u00edlia professional Activitats f\u00edsiques i esportives<\/a><\/td>\n<td style=\"width: 20%; height: 64px;\"><a href=\"https:\/\/projectes.xtec.cat\/integrafp\/familia-professional-agraria\/\">Fam\u00edlia professional Agr\u00e0ria<\/a><\/td>\n<td style=\"width: 20%; height: 64px;\"><a href=\"https:\/\/projectes.xtec.cat\/integrafp\/familia-professional-arts-grafiques\/\">Fam\u00edlia professional Arts gr\u00e0fiques<\/a><\/td>\n<td style=\"width: 20%; height: 64px;\"><a href=\"https:\/\/projectes.xtec.cat\/integrafp\/familia-professional-comerc-i-marqueting\/\">Fam\u00edlia professional Comer\u00e7 i m\u00e0rqueting<\/a><\/td>\n<\/tr>\n<tr style=\"height: 64px;\">\n<td style=\"width: 20%; height: 64px;\"><a href=\"https:\/\/projectes.xtec.cat\/integrafp\/familia-professional-electricitat-i-electronica\/\">Fam\u00edlia professional Electricitat i electr\u00f2nica<\/a><\/td>\n<td style=\"width: 20%; height: 64px;\"><a href=\"https:\/\/projectes.xtec.cat\/integrafp\/familia-professional-energia-i-aigua\/\">Fam\u00edlia professional Energia i aigua<\/a><\/td>\n<td style=\"width: 20%; height: 64px;\"><a href=\"https:\/\/projectes.xtec.cat\/integrafp\/familia-professional-dedificacio-i-obra-civil\/\">Fam\u00edlia professional d\u2019Edificaci\u00f3 i obra civil<\/a><\/td>\n<td style=\"width: 20%; height: 64px;\"><a href=\"https:\/\/projectes.xtec.cat\/integrafp\/familia-professional-de-fabricacio-mecanica\/\">Fam\u00edlia professional de Fabricaci\u00f3 mec\u00e0nica<\/a><\/td>\n<td style=\"width: 20%; height: 64px;\"><a href=\"https:\/\/projectes.xtec.cat\/integrafp\/familia-professional-hostaleria-i-turisme\/\">Fam\u00edlia professional Hostaleria i turisme<\/a><\/td>\n<\/tr>\n<tr style=\"height: 32px;\">\n<td style=\"width: 20%; height: 32px;\"><a href=\"https:\/\/projectes.xtec.cat\/integrafp\/familia-professional-informatica-i-comunicacions\/\">Fam\u00edlia professional Inform\u00e0tica i comunicacions<\/a><\/td>\n<td style=\"width: 20%; height: 32px;\"><a href=\"https:\/\/projectes.xtec.cat\/integrafp\/familia-professional-installacio-i-manteniment\/\">Fam\u00edlia professional Instal\u00b7laci\u00f3 i manteniment<\/a><\/td>\n<td style=\"width: 20%; height: 32px;\"><a href=\"https:\/\/projectes.xtec.cat\/integrafp\/familia-professional-fusta-moble-i-suro\/\">Fam\u00edlia professional Fusta, moble i suro<\/a><\/td>\n<td style=\"width: 20%; height: 32px;\"><a href=\"https:\/\/projectes.xtec.cat\/integrafp\/familia-professional-imatge-personal\/\">Fam\u00edlia professional Imatge personal<\/a><\/td>\n<td style=\"width: 20%; height: 32px;\"><\/td>\n<\/tr>\n<tr style=\"height: 32px;\">\n<td style=\"width: 20%; height: 32px;\"><a href=\"https:\/\/projectes.xtec.cat\/integrafp\/familia-professional-industria-alimentaria\/\">Fam\u00edlia professional Ind\u00fastria aliment\u00e0ria<\/a><\/td>\n<td style=\"width: 20%; height: 32px;\"><a href=\"https:\/\/projectes.xtec.cat\/integrafp\/familia-professional-quimica\/\">Fam\u00edlia professional Qu\u00edmica<\/a><\/td>\n<td style=\"width: 20%; height: 32px;\"><a href=\"https:\/\/projectes.xtec.cat\/integrafp\/familia-professional-sanitat\/\">Fam\u00edlia professional Sanitat<\/a><\/td>\n<td style=\"width: 20%; height: 32px;\"><a href=\"https:\/\/projectes.xtec.cat\/integrafp\/familia-professional-seguretat-i-medi-ambient\/\">Fam\u00edlia professional Seguretat i medi ambient<\/a><\/td>\n<td style=\"width: 20%; height: 32px;\"><a href=\"https:\/\/projectes.xtec.cat\/integrafp\/familia-professional-serveis-socioculturals-i-a-al-comunitat\/\">Fam\u00edlia professional Serveis socioculturals i a la comunitat<\/a><\/td>\n<\/tr>\n<tr style=\"height: 32px;\">\n<td style=\"width: 20%; height: 32px;\"><\/td>\n<td style=\"width: 20%; height: 32px;\"><a href=\"https:\/\/projectes.xtec.cat\/integrafp\/familia-professional-textil-confeccio-i-pell\/\">Fam\u00edlia professional T\u00e8xtil, confecci\u00f3 i pell<\/a><\/td>\n<td style=\"width: 20%; height: 32px;\"><a href=\"https:\/\/projectes.xtec.cat\/integrafp\/familia-professional-transport-i-manteniment-de-vehicle\/\">Fam\u00edlia professional Transport i manteniment de vehicle<\/a><\/td>\n<td style=\"width: 20%; height: 32px;\"><\/td>\n<td style=\"width: 20%; height: 32px;\"><\/td>\n<\/tr>\n<\/tbody>\n<\/table>\n<p>Actualitzaci\u00f3 14\/06\/2023<\/p>\n","protected":false},"excerpt":{"rendered":"<p>Oferta de cursos de formaci\u00f3 professional ocupacional (certificats de professionalitat) per iniciar durant el curs 23-24, per m\u00e9s informaci\u00f3 contacteu directament amb el centre.<br \/>\nA continuaci\u00f3, si premeu sobre l&#8217;enlla\u00e7,\u00a0 podeu veure el mapa dels CP que actualment s&#8217;ofereixen als Instituts P\u00fablics de Catalunya en el&hellip;  <a href=\"https:\/\/projectes.xtec.cat\/integrafp\/families-professionals\/\" title=\"Read Fam\u00edlies professionals\">Llegeix m\u00e9s\u00bb<\/a><\/p>\n","protected":false},"author":1,"featured_media":0,"parent":0,"menu_order":0,"comment_status":"closed","ping_status":"closed","template":"","meta":{"_bbp_topic_count":0,"_bbp_reply_count":0,"_bbp_total_topic_count":0,"_bbp_total_reply_count":0,"_bbp_voice_count":0,"_bbp_anonymous_reply_count":0,"_bbp_topic_count_hidden":0,"_bbp_reply_count_hidden":0,"_bbp_forum_subforum_count":0,"footnotes":""},"class_list":["post-10279","page","type-page","status-publish","hentry"],"post_mailing_queue_ids":[],"_links":{"self":[{"href":"https:\/\/projectes.xtec.cat\/integrafp\/wp-json\/wp\/v2\/pages\/10279","targetHints":{"allow":["GET"]}}],"collection":[{"href":"https:\/\/projectes.xtec.cat\/integrafp\/wp-json\/wp\/v2\/pages"}],"about":[{"href":"https:\/\/projectes.xtec.cat\/integrafp\/wp-json\/wp\/v2\/types\/page"}],"author":[{"embeddable":true,"href":"https:\/\/projectes.xtec.cat\/integrafp\/wp-json\/wp\/v2\/users\/1"}],"replies":[{"embeddable":true,"href":"https:\/\/projectes.xtec.cat\/integrafp\/wp-json\/wp\/v2\/comments?post=10279"}],"version-history":[{"count":7,"href":"https:\/\/projectes.xtec.cat\/integrafp\/wp-json\/wp\/v2\/pages\/10279\/revisions"}],"predecessor-version":[{"id":11906,"href":"https:\/\/projectes.xtec.cat\/integrafp\/wp-json\/wp\/v2\/pages\/10279\/revisions\/11906"}],"wp:attachment":[{"href":"https:\/\/projectes.xtec.cat\/integrafp\/wp-json\/wp\/v2\/media?parent=10279"}],"curies":[{"name":"wp","href":"https:\/\/api.w.org\/{rel}","templated":true}]}}

Famílies professionals

<p>Oferta de cursos de formació professional ocupacional (certificats de professionalitat) per iniciar durant el curs 23-24, per més informació contacteu directament amb el centre.</p>
<p>A continuació, si premeu sobre l&#8217;enllaç,  podeu veure el mapa dels CP que actualment s&#8217;ofereixen als Instituts Públics de Catalunya en el marc del Conveni 4</p>
<p><a href="https://www.instamaps.cat/visor.html?businessid=b35fe5bf708341fc5b400c54cd341894&amp;3D=false">https://www.instamaps.cat/visor.html?businessid=b35fe5bf708341fc5b400c54cd341894&amp;3D=false</a></p>
<div style="height: 75vh; width: 90%; margin: auto;"><iframe loading="lazy" src="https://www.instamaps.cat/visor.html?businessid=b35fe5bf708341fc5b400c54cd341894&amp;3D=false&amp;embed=1" width="100%" height="100%" frameborder="0" marginwidth="0" marginheight="0" scrolling="no"></iframe></div>
<p>&nbsp;</p>
<p>&nbsp;</p>
<table style="border-collapse: collapse; width: 100%; height: 224px;">
<tbody>
<tr style="height: 64px;">
<td style="width: 20%; height: 64px;"><a href="https://projectes.xtec.cat/integrafp/familia-professional-administracio-i-gestio/">Família professional Administració i gestió</a></td>
<td style="width: 20%; height: 64px;"><a href="https://projectes.xtec.cat/integrafp/familia-professional-activitats-fisiques-i-esportives/">Família professional Activitats físiques i esportives</a></td>
<td style="width: 20%; height: 64px;"><a href="https://projectes.xtec.cat/integrafp/familia-professional-agraria/">Família professional Agrària</a></td>
<td style="width: 20%; height: 64px;"><a href="https://projectes.xtec.cat/integrafp/familia-professional-arts-grafiques/">Família professional Arts gràfiques</a></td>
<td style="width: 20%; height: 64px;"><a href="https://projectes.xtec.cat/integrafp/familia-professional-comerc-i-marqueting/">Família professional Comerç i màrqueting</a></td>
</tr>
<tr style="height: 64px;">
<td style="width: 20%; height: 64px;"><a href="https://projectes.xtec.cat/integrafp/familia-professional-electricitat-i-electronica/">Família professional Electricitat i electrònica</a></td>
<td style="width: 20%; height: 64px;"><a href="https://projectes.xtec.cat/integrafp/familia-professional-energia-i-aigua/">Família professional Energia i aigua</a></td>
<td style="width: 20%; height: 64px;"><a href="https://projectes.xtec.cat/integrafp/familia-professional-dedificacio-i-obra-civil/">Família professional d’Edificació i obra civil</a></td>
<td style="width: 20%; height: 64px;"><a href="https://projectes.xtec.cat/integrafp/familia-professional-de-fabricacio-mecanica/">Família professional de Fabricació mecànica</a></td>
<td style="width: 20%; height: 64px;"><a href="https://projectes.xtec.cat/integrafp/familia-professional-hostaleria-i-turisme/">Família professional Hostaleria i turisme</a></td>
</tr>
<tr style="height: 32px;">
<td style="width: 20%; height: 32px;"><a href="https://projectes.xtec.cat/integrafp/familia-professional-informatica-i-comunicacions/">Família professional Informàtica i comunicacions</a></td>
<td style="width: 20%; height: 32px;"><a href="https://projectes.xtec.cat/integrafp/familia-professional-installacio-i-manteniment/">Família professional Instal·lació i manteniment</a></td>
<td style="width: 20%; height: 32px;"><a href="https://projectes.xtec.cat/integrafp/familia-professional-fusta-moble-i-suro/">Família professional Fusta, moble i suro</a></td>
<td style="width: 20%; height: 32px;"><a href="https://projectes.xtec.cat/integrafp/familia-professional-imatge-personal/">Família professional Imatge personal</a></td>
<td style="width: 20%; height: 32px;"></td>
</tr>
<tr style="height: 32px;">
<td style="width: 20%; height: 32px;"><a href="https://projectes.xtec.cat/integrafp/familia-professional-industria-alimentaria/">Família professional Indústria alimentària</a></td>
<td style="width: 20%; height: 32px;"><a href="https://projectes.xtec.cat/integrafp/familia-professional-quimica/">Família professional Química</a></td>
<td style="width: 20%; height: 32px;"><a href="https://projectes.xtec.cat/integrafp/familia-professional-sanitat/">Família professional Sanitat</a></td>
<td style="width: 20%; height: 32px;"><a href="https://projectes.xtec.cat/integrafp/familia-professional-seguretat-i-medi-ambient/">Família professional Seguretat i medi ambient</a></td>
<td style="width: 20%; height: 32px;"><a href="https://projectes.xtec.cat/integrafp/familia-professional-serveis-socioculturals-i-a-al-comunitat/">Família professional Serveis socioculturals i a la comunitat</a></td>
</tr>
<tr style="height: 32px;">
<td style="width: 20%; height: 32px;"></td>
<td style="width: 20%; height: 32px;"><a href="https://projectes.xtec.cat/integrafp/familia-professional-textil-confeccio-i-pell/">Família professional Tèxtil, confecció i pell</a></td>
<td style="width: 20%; height: 32px;"><a href="https://projectes.xtec.cat/integrafp/familia-professional-transport-i-manteniment-de-vehicle/">Família professional Transport i manteniment de vehicle</a></td>
<td style="width: 20%; height: 32px;"></td>
<td style="width: 20%; height: 32px;"></td>
</tr>
</tbody>
</table>
<p>Actualització 14/06/2023</p>

<p>Oferta de cursos de formació professional ocupacional (certificats de professionalitat) per iniciar durant el curs 23-24, per més informació contacteu directament amb el centre.<br />
A continuació, si premeu sobre l&#8217;enllaç,  podeu veure el mapa dels CP que actualment s&#8217;ofereixen als Instituts Públics de Catalunya en el&hellip;  <a href="https://projectes.xtec.cat/integrafp/families-professionals/" title="Read Famílies professionals">Llegeix més»</a></p>
