{"id":10483,"date":"2023-03-14T08:29:01","date_gmt":"2023-03-14T07:29:01","guid":{"rendered":"https:\/\/projectes.xtec.cat\/integrafp\/?page_id=10483"},"modified":"2023-07-12T12:54:29","modified_gmt":"2023-07-12T10:54:29","slug":"familia-professional-administracio-i-gestio","status":"publish","type":"page","link":"https:\/\/projectes.xtec.cat\/integrafp\/familia-professional-administracio-i-gestio\/","title":{"rendered":"Fam\u00edlia professional Administraci\u00f3 i gesti\u00f3"},"content":{"rendered":"<table style=\"width: 722px;\" width=\"0\">\n<tbody>\n<tr>\n<td style=\"width: 112px;\" width=\"179\"><strong>Comarca<\/strong><\/td>\n<td style=\"width: 91px;\" width=\"113\"><strong>Municipi<\/strong><\/td>\n<td style=\"width: 134px;\" width=\"246\"><strong>Nom del centre<\/strong><\/td>\n<td style=\"width: 92px;\" width=\"95\"><strong>Codi<\/strong><\/td>\n<td style=\"width: 178px;\" width=\"331\"><strong>Certificat Professional<\/strong><\/td>\n<td style=\"width: 56px;\" width=\"57\"><strong>Nivell<\/strong><\/td>\n<td style=\"width: 59px;\" width=\"57\"><strong>Hores<\/strong><\/td>\n<\/tr>\n<tr>\n<td style=\"width: 112px;\" width=\"179\">Catalunya Central<\/td>\n<td style=\"width: 91px;\" width=\"113\">Manresa<\/td>\n<td style=\"width: 134px;\" width=\"246\"><a href=\"https:\/\/agora.xtec.cat\/inslacetania\/\">Institut Lacet\u00e0nia<\/a><\/td>\n<td style=\"width: 92px;\" width=\"95\">ADGD0308<\/td>\n<td style=\"width: 178px;\" width=\"331\"><a href=\"https:\/\/serveiocupacio.gencat.cat\/ca\/persones\/vull-formar-me\/cercadors-formacio-especialitats\/cercador-integrat\/fitxa-especialitat.html?certificats=Tots&amp;codi_especialitat=ADGD0308&amp;denominacio=&amp;certificatSelecionat=&amp;codi_especialitat_seleccionada=ADGD0308&amp;historicFiltersf=%255B%257B%2522name%2522%253A%2522especialitats%2522%252C%2522filter%2522%253A%255B%2522codi%253A%255C%2522ADGD0308%255C%2522%2522%252C%2522%2522%255D%252C%2522filtrosArray%2522%253A%257B%2522certificat%2522%253A%2522Tots%2522%252C%2522codiEspecialitat%2522%253A%2522ADGD0308%2522%257D%252C%2522replica%2522%253A%2522%2522%252C%2522reescribir%2522%253A%2522false%2522%257D%255D\">Activitats de gesti\u00f3 administrativa<\/a><\/td>\n<td style=\"width: 56px;\" width=\"57\">2<\/td>\n<td style=\"width: 59px;\" width=\"57\">880<\/td>\n<\/tr>\n<tr>\n<td style=\"width: 112px;\" width=\"179\">Baix Llobregat<\/td>\n<td style=\"width: 91px;\" width=\"113\">Molins de Rei<\/td>\n<td style=\"width: 134px;\" width=\"246\"><a href=\"https:\/\/www.bernatelferrer.cat\/\">Institut Bernat el Ferrer<\/a><\/td>\n<td style=\"width: 92px;\" width=\"95\">ADGG0508<\/td>\n<td style=\"width: 178px;\" width=\"331\"><a href=\"https:\/\/serveiocupacio.gencat.cat\/ca\/persones\/vull-formar-me\/cercadors-formacio-especialitats\/cercador-integrat\/fitxa-especialitat.html?certificats=&amp;codi_especialitat=&amp;denominacio=&amp;certificatSelecionat=&amp;codi_especialitat_seleccionada=ADGG0508&amp;historicFiltersf=%255B%257B%2522name%2522%253A%2522cursos%2522%252C%2522filter%2522%253A%255B%2522%2522%252C%2522ADGG0508%2522%255D%252C%2522filtrosArray%2522%253A%257B%257D%252C%2522replica%2522%253A%2522%2522%252C%2522reescribir%2522%253A%2522false%2522%257D%255D\">Operacions d\u2019enregistrament i tractament de dades i documents<\/a><\/td>\n<td style=\"width: 56px;\" width=\"57\">1<\/td>\n<td style=\"width: 59px;\" width=\"57\">440<\/td>\n<\/tr>\n<tr>\n<td style=\"width: 112px;\" width=\"179\">Vall\u00e8s Occidental<\/td>\n<td style=\"width: 91px;\" width=\"113\">Rub\u00ed<\/td>\n<td style=\"width: 134px;\" width=\"246\"><a href=\"https:\/\/www.insfpsantcugat.cat\/\">Institut FP Sant Cugat del Vall\u00e8s<\/a><\/td>\n<td style=\"width: 92px;\" width=\"95\">ADGG0408<\/td>\n<td style=\"width: 178px;\" width=\"331\"><a href=\"https:\/\/serveiocupacio.gencat.cat\/ca\/persones\/vull-formar-me\/cercadors-formacio-especialitats\/cercador-integrat\/fitxa-especialitat.html?certificats=&amp;codi_especialitat=&amp;denominacio=&amp;certificatSelecionat=&amp;codi_especialitat_seleccionada=ADGG0408&amp;historicFiltersf=%255B%257B%2522name%2522%253A%2522cursos%2522%252C%2522filter%2522%253A%255B%2522%2522%252C%2522ADGG0408%2522%255D%252C%2522filtrosArray%2522%253A%257B%257D%252C%2522replica%2522%253A%2522%2522%252C%2522reescribir%2522%253A%2522false%2522%257D%255D\">Operacions auxiliars de serveis administratius i generals<\/a><\/td>\n<td style=\"width: 56px;\" width=\"57\">1<\/td>\n<td style=\"width: 59px;\" width=\"57\">430<\/td>\n<\/tr>\n<tr>\n<td style=\"width: 112px;\" rowspan=\"3\" width=\"179\">Girona<\/td>\n<td style=\"width: 91px;\" width=\"113\"><\/td>\n<td style=\"width: 134px;\" width=\"246\"><\/td>\n<td style=\"width: 92px;\" width=\"95\"><\/td>\n<td style=\"width: 178px;\" width=\"331\"><\/td>\n<td style=\"width: 56px;\" width=\"57\"><\/td>\n<td style=\"width: 59px;\" width=\"57\"><\/td>\n<\/tr>\n<tr>\n<td style=\"width: 91px;\" rowspan=\"2\" width=\"113\">Figueres<\/td>\n<td style=\"width: 134px;\" rowspan=\"2\" width=\"246\"><a href=\"https:\/\/cendrassos.net\/\">Institut Cendrassos<\/a><\/td>\n<td style=\"width: 92px;\" width=\"95\">ADGG0208<\/td>\n<td style=\"width: 178px;\" width=\"331\"><a href=\"https:\/\/serveiocupacio.gencat.cat\/ca\/persones\/vull-formar-me\/cercadors-formacio-especialitats\/cercador-integrat\/fitxa-especialitat.html?certificats=&amp;codi_especialitat=&amp;denominacio=&amp;certificatSelecionat=&amp;codi_especialitat_seleccionada=ADGG0208&amp;historicFiltersf=%255B%257B%2522name%2522%253A%2522cursos%2522%252C%2522filter%2522%253A%255B%2522%2522%252C%2522ADGG0208%2522%255D%252C%2522filtrosArray%2522%253A%257B%257D%252C%2522replica%2522%253A%2522%2522%252C%2522reescribir%2522%253A%2522false%2522%257D%255D\">Activitats administratives en la relaci\u00f3 amb el client<\/a><\/td>\n<td style=\"width: 56px;\" width=\"57\">2<\/td>\n<td style=\"width: 59px;\" width=\"57\">800<\/td>\n<\/tr>\n<tr>\n<td style=\"width: 92px;\" width=\"95\"><\/td>\n<td style=\"width: 178px;\" width=\"331\"><\/td>\n<td style=\"width: 56px;\" width=\"57\"><\/td>\n<td style=\"width: 59px;\" width=\"57\"><\/td>\n<\/tr>\n<tr>\n<td style=\"width: 112px;\" rowspan=\"2\" width=\"179\">Terres de l\u2019Ebre<\/td>\n<td style=\"width: 91px;\" width=\"113\">La R\u00e0pita<\/td>\n<td style=\"width: 134px;\" width=\"246\"><a href=\"https:\/\/agora.xtec.cat\/iesalfacs\/\">Institut Els Alfacs<\/a><\/td>\n<td style=\"width: 92px;\" width=\"95\">ADGD0308<\/td>\n<td style=\"width: 178px;\" width=\"331\"><a href=\"https:\/\/serveiocupacio.gencat.cat\/ca\/persones\/vull-formar-me\/cercadors-formacio-especialitats\/cercador-integrat\/fitxa-especialitat.html?certificats=Tots&amp;codi_especialitat=ADGD0308&amp;denominacio=&amp;certificatSelecionat=&amp;codi_especialitat_seleccionada=ADGD0308&amp;historicFiltersf=%255B%257B%2522name%2522%253A%2522especialitats%2522%252C%2522filter%2522%253A%255B%2522codi%253A%255C%2522ADGD0308%255C%2522%2522%252C%2522%2522%255D%252C%2522filtrosArray%2522%253A%257B%2522certificat%2522%253A%2522Tots%2522%252C%2522codiEspecialitat%2522%253A%2522ADGD0308%2522%257D%252C%2522replica%2522%253A%2522%2522%252C%2522reescribir%2522%253A%2522false%2522%257D%255D\">Activitats de gesti\u00f3 administrativa<\/a><\/td>\n<td style=\"width: 56px;\" width=\"57\">2<\/td>\n<td style=\"width: 59px;\" width=\"57\">880<\/td>\n<\/tr>\n<tr>\n<td style=\"width: 91px;\" width=\"113\"><\/td>\n<td style=\"width: 134px;\" width=\"246\"><\/td>\n<td style=\"width: 92px;\" width=\"95\"><\/td>\n<td style=\"width: 178px;\" width=\"331\"><\/td>\n<td style=\"width: 56px;\" width=\"57\"><\/td>\n<td style=\"width: 59px;\" width=\"57\"><\/td>\n<\/tr>\n<tr>\n<td style=\"width: 112px;\" rowspan=\"2\" width=\"179\">Maresme &#8211; Vall\u00e8s Oriental<\/td>\n<td style=\"width: 91px;\" width=\"113\">Granollers<\/td>\n<td style=\"width: 134px;\" width=\"246\"><a href=\"https:\/\/agora.xtec.cat\/ies-carles-vallbona\/\">Institut Carles Vallbona<\/a><\/td>\n<td style=\"width: 92px;\" width=\"95\">ADGD0308<\/td>\n<td style=\"width: 178px;\" width=\"331\"><a href=\"https:\/\/serveiocupacio.gencat.cat\/ca\/persones\/vull-formar-me\/cercadors-formacio-especialitats\/cercador-integrat\/fitxa-especialitat.html?certificats=Tots&amp;codi_especialitat=ADGD0308&amp;denominacio=&amp;certificatSelecionat=&amp;codi_especialitat_seleccionada=ADGD0308&amp;historicFiltersf=%255B%257B%2522name%2522%253A%2522especialitats%2522%252C%2522filter%2522%253A%255B%2522codi%253A%255C%2522ADGD0308%255C%2522%2522%252C%2522%2522%255D%252C%2522filtrosArray%2522%253A%257B%2522certificat%2522%253A%2522Tots%2522%252C%2522codiEspecialitat%2522%253A%2522ADGD0308%2522%257D%252C%2522replica%2522%253A%2522%2522%252C%2522reescribir%2522%253A%2522false%2522%257D%255D\">Activitats de gesti\u00f3 administrativa<\/a><\/td>\n<td style=\"width: 56px;\" width=\"57\">2<\/td>\n<td style=\"width: 59px;\" width=\"57\">880<\/td>\n<\/tr>\n<tr>\n<td style=\"width: 91px;\" width=\"113\">La Llagosta<\/td>\n<td style=\"width: 134px;\" width=\"246\"><a href=\"https:\/\/www.institutmarina.cat\/\">Institut Marina<\/a><\/td>\n<td style=\"width: 92px;\" width=\"95\">ADGG0108<\/td>\n<td style=\"width: 178px;\" width=\"331\"><a href=\"https:\/\/serveiocupacio.gencat.cat\/ca\/persones\/vull-formar-me\/cercadors-formacio-especialitats\/cercador-integrat\/fitxa-especialitat.html?certificats=&amp;codi_especialitat=&amp;denominacio=&amp;certificatSelecionat=&amp;codi_especialitat_seleccionada=ADGG0108&amp;historicFiltersf=%255B%257B%2522name%2522%253A%2522cursos%2522%252C%2522filter%2522%253A%255B%2522%2522%252C%2522ADGG0108%2522%255D%252C%2522filtrosArray%2522%253A%257B%257D%252C%2522replica%2522%253A%2522%2522%252C%2522reescribir%2522%253A%2522false%2522%257D%255D\">Assist\u00e8ncia a la direcci\u00f3<\/a><\/td>\n<td style=\"width: 56px;\" width=\"57\">3<\/td>\n<td style=\"width: 59px;\" width=\"57\">610<\/td>\n<\/tr>\n<tr>\n<td style=\"width: 112px;\" width=\"179\">Consorci d\u2019Educaci\u00f3 de Barcelona<\/td>\n<td style=\"width: 91px;\" width=\"113\">Barcelona<\/td>\n<td style=\"width: 134px;\" width=\"246\"><a href=\"http:\/\/www.escoladeltreball.org\/ca\">Institut Escola del Treball<\/a><\/td>\n<td style=\"width: 92px;\" width=\"95\">ADGD108<\/td>\n<td style=\"width: 178px;\" width=\"331\"><a href=\"https:\/\/sede.sepe.gob.es\/especialidadesformativas\/RXBuscadorEFRED\/DetalleEspecialidadFormativa.do?codEspecialidad=ADGD0108\">Gesti\u00f3 comptable i gesti\u00f3 administrativa per a auditoria<\/a><\/td>\n<td style=\"width: 56px;\" width=\"57\">3<\/td>\n<td style=\"width: 59px;\" width=\"57\">630<\/td>\n<\/tr>\n<tr>\n<td style=\"width: 112px;\" rowspan=\"2\" width=\"179\">Lleida<\/td>\n<td style=\"width: 91px;\" rowspan=\"2\" width=\"113\">Cervera<\/td>\n<td style=\"width: 134px;\" rowspan=\"2\" width=\"246\"><a href=\"http:\/\/www.inslasegarra.cat\/\">Institut La Segarra<\/a><\/td>\n<td style=\"width: 92px;\" width=\"95\">ADGG0408<\/td>\n<td style=\"width: 178px;\" width=\"331\"><a href=\"https:\/\/serveiocupacio.gencat.cat\/ca\/persones\/vull-formar-me\/cercadors-formacio-especialitats\/cercador-integrat\/fitxa-especialitat.html?certificats=&amp;codi_especialitat=&amp;denominacio=&amp;certificatSelecionat=&amp;codi_especialitat_seleccionada=ADGG0408&amp;historicFiltersf=%255B%257B%2522name%2522%253A%2522cursos%2522%252C%2522filter%2522%253A%255B%2522%2522%252C%2522ADGG0408%2522%255D%252C%2522filtrosArray%2522%253A%257B%257D%252C%2522replica%2522%253A%2522%2522%252C%2522reescribir%2522%253A%2522false%2522%257D%255D\">Operacions auxiliars de serveis administratius i generals<\/a><\/td>\n<td style=\"width: 56px;\" width=\"57\">1<\/td>\n<td style=\"width: 59px;\" width=\"57\">430<\/td>\n<\/tr>\n<tr>\n<td style=\"width: 92px;\" width=\"95\">ADGG0508<\/td>\n<td style=\"width: 178px;\" width=\"331\"><a href=\"https:\/\/serveiocupacio.gencat.cat\/ca\/persones\/vull-formar-me\/cercadors-formacio-especialitats\/cercador-integrat\/fitxa-especialitat.html?certificats=&amp;codi_especialitat=&amp;denominacio=&amp;certificatSelecionat=&amp;codi_especialitat_seleccionada=ADGG0508&amp;historicFiltersf=%255B%257B%2522name%2522%253A%2522cursos%2522%252C%2522filter%2522%253A%255B%2522%2522%252C%2522ADGG0508%2522%255D%252C%2522filtrosArray%2522%253A%257B%257D%252C%2522replica%2522%253A%2522%2522%252C%2522reescribir%2522%253A%2522false%2522%257D%255D\">Operacions d\u2019enregistrament i tractament de dades i documents<\/a><\/td>\n<td style=\"width: 56px;\" width=\"57\">1<\/td>\n<td style=\"width: 59px;\" width=\"57\">440<\/td>\n<\/tr>\n<\/tbody>\n<\/table>\n","protected":false},"excerpt":{"rendered":"<p>Comarca<br \/>\nMunicipi<br \/>\nNom del centre<br \/>\nCodi<br \/>\nCertificat Professional<br \/>\nNivell<br \/>\nHores<\/p>\n<p>Catalunya Central<br \/>\nManresa<br \/>\n<a href=\"https:\/\/agora.xtec.cat\/inslacetania\/\">Institut Lacet\u00e0nia<\/a><br \/>\nADGD0308<br \/>\n<a href=\"https:\/\/serveiocupacio.gencat.cat\/ca\/persones\/vull-formar-me\/cercadors-formacio-especialitats\/cercador-integrat\/fitxa-especialitat.html?certificats=Tots&amp;codi_especialitat=ADGD0308&amp;denominacio=&amp;certificatSelecionat=&amp;codi_especialitat_seleccionada=ADGD0308&amp;historicFiltersf=%255B%257B%2522name%2522%253A%2522especialitats%2522%252C%2522filter%2522%253A%255B%2522codi%253A%255C%2522ADGD0308%255C%2522%2522%252C%2522%2522%255D%252C%2522filtrosArray%2522%253A%257B%2522certificat%2522%253A%2522Tots%2522%252C%2522codiEspecialitat%2522%253A%2522ADGD0308%2522%257D%252C%2522replica%2522%253A%2522%2522%252C%2522reescribir%2522%253A%2522false%2522%257D%255D\">Activitats de gesti\u00f3 administrativa<\/a><br \/>\n2<br \/>\n880<\/p>\n<p>Baix Llobregat<br \/>\nMolins de Rei<br \/>\n<a href=\"https:\/\/www.bernatelferrer.cat\/\">Institut Bernat el Ferrer<\/a><br \/>\nADGG0508<br \/>\n<a href=\"https:\/\/serveiocupacio.gencat.cat\/ca\/persones\/vull-formar-me\/cercadors-formacio-especialitats\/cercador-integrat\/fitxa-especialitat.html?certificats=&amp;codi_especialitat=&amp;denominacio=&amp;certificatSelecionat=&amp;codi_especialitat_seleccionada=ADGG0508&amp;historicFiltersf=%255B%257B%2522name%2522%253A%2522cursos%2522%252C%2522filter%2522%253A%255B%2522%2522%252C%2522ADGG0508%2522%255D%252C%2522filtrosArray%2522%253A%257B%257D%252C%2522replica%2522%253A%2522%2522%252C%2522reescribir%2522%253A%2522false%2522%257D%255D\">Operacions d\u2019enregistrament i tractament de dades i documents<\/a><br \/>\n1<br \/>\n440<\/p>\n<p>Vall\u00e8s Occidental<br \/>\nRub\u00ed<br \/>\n<a href=\"https:\/\/www.insfpsantcugat.cat\/\">Institut FP Sant Cugat del Vall\u00e8s<\/a><br \/>\nADGG0408<br \/>\n<a href=\"https:\/\/serveiocupacio.gencat.cat\/ca\/persones\/vull-formar-me\/cercadors-formacio-especialitats\/cercador-integrat\/fitxa-especialitat.html?certificats=&amp;codi_especialitat=&amp;denominacio=&amp;certificatSelecionat=&amp;codi_especialitat_seleccionada=ADGG0408&amp;historicFiltersf=%255B%257B%2522name%2522%253A%2522cursos%2522%252C%2522filter%2522%253A%255B%2522%2522%252C%2522ADGG0408%2522%255D%252C%2522filtrosArray%2522%253A%257B%257D%252C%2522replica%2522%253A%2522%2522%252C%2522reescribir%2522%253A%2522false%2522%257D%255D\">Operacions auxiliars de serveis administratius i generals<\/a><br \/>\n1<br \/>\n430<\/p>\n<p>Girona<\/p>\n<p>Figueres<br \/>\n<a href=\"https:\/\/cendrassos.net\/\">Institut Cendrassos<\/a><br \/>\nADGG0208<br \/>\n<a href=\"https:\/\/serveiocupacio.gencat.cat\/ca\/persones\/vull-formar-me\/cercadors-formacio-especialitats\/cercador-integrat\/fitxa-especialitat.html?certificats=&amp;codi_especialitat=&amp;denominacio=&amp;certificatSelecionat=&amp;codi_especialitat_seleccionada=ADGG0208&amp;historicFiltersf=%255B%257B%2522name%2522%253A%2522cursos%2522%252C%2522filter%2522%253A%255B%2522%2522%252C%2522ADGG0208%2522%255D%252C%2522filtrosArray%2522%253A%257B%257D%252C%2522replica%2522%253A%2522%2522%252C%2522reescribir%2522%253A%2522false%2522%257D%255D\">Activitats administratives en&hellip;  <a href=\"https:\/\/projectes.xtec.cat\/integrafp\/familia-professional-administracio-i-gestio\/\" title=\"Read Fam\u00edlia professional Administraci\u00f3 i gesti\u00f3\">Llegeix m\u00e9s\u00bb<\/a><\/p>\n","protected":false},"author":67,"featured_media":0,"parent":0,"menu_order":0,"comment_status":"closed","ping_status":"closed","template":"","meta":{"_bbp_topic_count":0,"_bbp_reply_count":0,"_bbp_total_topic_count":0,"_bbp_total_reply_count":0,"_bbp_voice_count":0,"_bbp_anonymous_reply_count":0,"_bbp_topic_count_hidden":0,"_bbp_reply_count_hidden":0,"_bbp_forum_subforum_count":0,"footnotes":""},"class_list":["post-10483","page","type-page","status-publish","hentry"],"post_mailing_queue_ids":[],"_links":{"self":[{"href":"https:\/\/projectes.xtec.cat\/integrafp\/wp-json\/wp\/v2\/pages\/10483","targetHints":{"allow":["GET"]}}],"collection":[{"href":"https:\/\/projectes.xtec.cat\/integrafp\/wp-json\/wp\/v2\/pages"}],"about":[{"href":"https:\/\/projectes.xtec.cat\/integrafp\/wp-json\/wp\/v2\/types\/page"}],"author":[{"embeddable":true,"href":"https:\/\/projectes.xtec.cat\/integrafp\/wp-json\/wp\/v2\/users\/67"}],"replies":[{"embeddable":true,"href":"https:\/\/projectes.xtec.cat\/integrafp\/wp-json\/wp\/v2\/comments?post=10483"}],"version-history":[{"count":3,"href":"https:\/\/projectes.xtec.cat\/integrafp\/wp-json\/wp\/v2\/pages\/10483\/revisions"}],"predecessor-version":[{"id":10926,"href":"https:\/\/projectes.xtec.cat\/integrafp\/wp-json\/wp\/v2\/pages\/10483\/revisions\/10926"}],"wp:attachment":[{"href":"https:\/\/projectes.xtec.cat\/integrafp\/wp-json\/wp\/v2\/media?parent=10483"}],"curies":[{"name":"wp","href":"https:\/\/api.w.org\/{rel}","templated":true}]}}