{"id":12052,"date":"2025-04-02T11:24:06","date_gmt":"2025-04-02T09:24:06","guid":{"rendered":"https:\/\/projectes.xtec.cat\/integrafp\/?page_id=12052"},"modified":"2025-05-25T23:06:06","modified_gmt":"2025-05-25T21:06:06","slug":"ii-jornada-integra-fp-2","status":"publish","type":"page","link":"https:\/\/projectes.xtec.cat\/integrafp\/ii-jornada-integra-fp-2\/","title":{"rendered":"II Jornada Integra FP"},"content":{"rendered":"<p><span style=\"font-weight: 400;\">El dimarts dia 27 de maig ens trobarem a l&#8217;Institut d&#8217;FP de Sant Cugat, en el marc de la II Jornada Integra FP, en un espai de difusi\u00f3 i reflexi\u00f3 sobre els certificats professionals, aix\u00ed com un espai de treball col\u00b7laboratiu entre tots els centres de les xarxes per abordar problemes i possibles solucions que es poden trobar en el moment de realitzar Certificats Professionals.<\/span><\/p>\n<p><a href=\"https:\/\/aplicacions.gestioeducativa.gencat.cat\/ords\/pls\/soloas\/pk_for_mod_ins.p_for_detall_activitat?p_header=Llista%2520d%2527activitats%5epk_for_mod_ins.p_for_cons_activitats%3fp_totes=N%2526p_inici=1%2526p_excloure_crp_rec=T&amp;p_codi=9000390867&amp;p_curs=2024-2025&amp;p_es_inscr=S\"><img loading=\"lazy\" decoding=\"async\" class=\"wp-image-12116 aligncenter\" src=\"https:\/\/projectes.xtec.cat\/integrafp\/wp-content\/uploads\/usu2419\/2025\/04\/Diseno-sin-titulo-3.png\" alt=\"\" width=\"125\" height=\"125\" srcset=\"https:\/\/projectes.xtec.cat\/integrafp\/wp-content\/uploads\/usu2419\/2025\/04\/Diseno-sin-titulo-3.png 1024w, https:\/\/projectes.xtec.cat\/integrafp\/wp-content\/uploads\/usu2419\/2025\/04\/Diseno-sin-titulo-3-300x300.png 300w, https:\/\/projectes.xtec.cat\/integrafp\/wp-content\/uploads\/usu2419\/2025\/04\/Diseno-sin-titulo-3-150x150.png 150w, https:\/\/projectes.xtec.cat\/integrafp\/wp-content\/uploads\/usu2419\/2025\/04\/Diseno-sin-titulo-3-768x768.png 768w\" sizes=\"auto, (max-width: 125px) 100vw, 125px\" \/><\/a><\/p>\n<p><b>Programa<\/b><\/p>\n<p><b>08.30h<\/b><span style=\"font-weight: 400;\"> Recepci\u00f3 dels assistents i lliurament de credencials<\/span><\/p>\n<p><b>09.00h <\/b>Presentaci\u00f3 i inauguraci\u00f3 de la Jornada i an\u00e0lisi d\u2019estat de projectes a c\u00e0rrec de la cap del Servei de Programes de Qualificaci\u00f3 i Iniciaci\u00f3 Professional, Olga Romero<\/p>\n<p><strong>09.25h<\/strong> Certificats del futur, a c\u00e0rrec de la responsable unitat IntegraFP, Olga Vitolo<\/p>\n<p><b>09.45h<\/b><span style=\"font-weight: 400;\"> Pon\u00e8ncia a c\u00e0rrec d\u2019<\/span><a href=\"https:\/\/projectes.xtec.cat\/integrafp\/?page_id=12067&amp;preview=true\"><span style=\"font-weight: 400;\">Oriol Homs<\/span><\/a><span style=\"font-weight: 400;\"> .El paper de la formaci\u00f3 en el proc\u00e9s de professionalitzaci\u00f3 al llar de la vida.<\/span><\/p>\n<p><b>10.30h <\/b>Esmorzar i caf\u00e8 conversa<b><\/b><\/p>\n<p><strong>11.10h<\/strong> Director Institut FP Sant Cugat. Miquel Urrutia<\/p>\n<p><b>11.20h <\/b><span style=\"font-weight: 400;\">Grups de treball per fam\u00edlies professionals dinamitzat per <\/span><a href=\"https:\/\/projectes.xtec.cat\/integrafp\/dani-gimenez-roig\/\"><span style=\"font-weight: 400;\">Daniel Gim\u00e9nez Roig<\/span><\/a><span style=\"font-weight: 400;\"> mitjan\u00e7ant la pon\u00e8ncia Comunitats de pr\u00e0ctiques i treball col\u00b7laboratiu<\/span><\/p>\n<p><b>12.40h <\/b>Cassos d\u2019\u00e8xit amb estudiants de Certificats Professionals<\/p>\n<p><span style=\"font-weight: 400;\"><strong>13.10h <\/strong><\/span>Cloenda a c\u00e0rrec del subdirector general de Programes i Projectes la Formaci\u00f3 Professional, Eduard Oms<\/p>\n<p><b>13.30h<\/b><span style=\"font-weight: 400;\"> Fi de la jornada<\/span><\/p>\n<p><a href=\"https:\/\/projectes.xtec.cat\/integrafp\/wp-content\/uploads\/usu2419\/2025\/04\/Diseno-sin-titulo-2.png\"><img loading=\"lazy\" decoding=\"async\" class=\"alignnone wp-image-12113\" src=\"https:\/\/projectes.xtec.cat\/integrafp\/wp-content\/uploads\/usu2419\/2025\/04\/Diseno-sin-titulo-2.png\" alt=\"\" width=\"31\" height=\"31\" srcset=\"https:\/\/projectes.xtec.cat\/integrafp\/wp-content\/uploads\/usu2419\/2025\/04\/Diseno-sin-titulo-2.png 1024w, https:\/\/projectes.xtec.cat\/integrafp\/wp-content\/uploads\/usu2419\/2025\/04\/Diseno-sin-titulo-2-300x300.png 300w, https:\/\/projectes.xtec.cat\/integrafp\/wp-content\/uploads\/usu2419\/2025\/04\/Diseno-sin-titulo-2-150x150.png 150w, https:\/\/projectes.xtec.cat\/integrafp\/wp-content\/uploads\/usu2419\/2025\/04\/Diseno-sin-titulo-2-768x768.png 768w\" sizes=\"auto, (max-width: 31px) 100vw, 31px\" \/><\/a>Com arribar?<\/p>\n<p style=\"text-align: center;\"><a href=\"https:\/\/www.insfpsantcugat.cat\/\"><img loading=\"lazy\" decoding=\"async\" class=\"wp-image-12071 alignleft\" src=\"https:\/\/projectes.xtec.cat\/integrafp\/wp-content\/uploads\/usu2419\/2025\/04\/LOGOFP6-1024x611.png\" alt=\"\" width=\"146\" height=\"87\" srcset=\"https:\/\/projectes.xtec.cat\/integrafp\/wp-content\/uploads\/usu2419\/2025\/04\/LOGOFP6-1024x611.png 1024w, https:\/\/projectes.xtec.cat\/integrafp\/wp-content\/uploads\/usu2419\/2025\/04\/LOGOFP6-300x179.png 300w, https:\/\/projectes.xtec.cat\/integrafp\/wp-content\/uploads\/usu2419\/2025\/04\/LOGOFP6-768x458.png 768w, https:\/\/projectes.xtec.cat\/integrafp\/wp-content\/uploads\/usu2419\/2025\/04\/LOGOFP6-1536x916.png 1536w, https:\/\/projectes.xtec.cat\/integrafp\/wp-content\/uploads\/usu2419\/2025\/04\/LOGOFP6-2048x1221.png 2048w\" sizes=\"auto, (max-width: 146px) 100vw, 146px\" \/><\/a><\/p>\n<p><iframe loading=\"lazy\" style=\"border: 0;\" src=\"https:\/\/www.google.com\/maps\/embed?pb=!1m18!1m12!1m3!1d17405.339801596503!2d2.02102839946746!3d41.480209799020756!2m3!1f0!2f0!3f0!3m2!1i1024!2i768!4f13.1!3m3!1m2!1s0x12a491c1d67a2411%3A0x93c380a1dfbd476!2sInstituto%20FP%20Sant%20Cugat!5e1!3m2!1ses!2ses!4v1743585791563!5m2!1ses!2ses\" width=\"400\" height=\"250\" allowfullscreen=\"allowfullscreen\"><\/iframe><\/p>\n<p>&nbsp;<\/p>\n<p>Vols saber-ne m\u00e9s sobre els <a href=\"https:\/\/projectes.xtec.cat\/integrafp\/certificatsdeprofessionalitat\/\">Certificats Professionals<\/a>?<\/p>\n<p><iframe loading=\"lazy\" title=\"YouTube video player\" src=\"\/\/www.youtube.com\/embed\/WZAKw1AU45c?si=NS4aGqOWr-16HMfn\" width=\"230\" height=\"157\" frameborder=\"0\" allowfullscreen=\"allowfullscreen\"><\/iframe><iframe loading=\"lazy\" src=\"\/\/www.youtube.com\/embed\/nz-w3qXtAXM?feature=shared\" width=\"230\" height=\"157\" allowfullscreen=\"allowfullscreen\"><\/iframe><iframe loading=\"lazy\" src=\"\/\/www.youtube.com\/embed\/CTBTQTVKZ28?feature=shared\" width=\"230\" height=\"157\" allowfullscreen=\"allowfullscreen\"><\/iframe><\/p>\n","protected":false},"excerpt":{"rendered":"<p>El dimarts dia 27 de maig ens trobarem a l&#8217;Institut d&#8217;FP de Sant Cugat, en el marc de la II Jornada Integra FP, en un espai de difusi\u00f3 i reflexi\u00f3 sobre els certificats professionals, aix\u00ed com un espai de treball col\u00b7laboratiu entre tots els centres&hellip;  <a href=\"https:\/\/projectes.xtec.cat\/integrafp\/ii-jornada-integra-fp-2\/\" title=\"Read II Jornada Integra FP\">Llegeix m\u00e9s\u00bb<\/a><\/p>\n","protected":false},"author":75,"featured_media":0,"parent":0,"menu_order":0,"comment_status":"closed","ping_status":"closed","template":"","meta":{"_bbp_topic_count":0,"_bbp_reply_count":0,"_bbp_total_topic_count":0,"_bbp_total_reply_count":0,"_bbp_voice_count":0,"_bbp_anonymous_reply_count":0,"_bbp_topic_count_hidden":0,"_bbp_reply_count_hidden":0,"_bbp_forum_subforum_count":0,"footnotes":""},"class_list":["post-12052","page","type-page","status-publish","hentry"],"post_mailing_queue_ids":[],"_links":{"self":[{"href":"https:\/\/projectes.xtec.cat\/integrafp\/wp-json\/wp\/v2\/pages\/12052","targetHints":{"allow":["GET"]}}],"collection":[{"href":"https:\/\/projectes.xtec.cat\/integrafp\/wp-json\/wp\/v2\/pages"}],"about":[{"href":"https:\/\/projectes.xtec.cat\/integrafp\/wp-json\/wp\/v2\/types\/page"}],"author":[{"embeddable":true,"href":"https:\/\/projectes.xtec.cat\/integrafp\/wp-json\/wp\/v2\/users\/75"}],"replies":[{"embeddable":true,"href":"https:\/\/projectes.xtec.cat\/integrafp\/wp-json\/wp\/v2\/comments?post=12052"}],"version-history":[{"count":6,"href":"https:\/\/projectes.xtec.cat\/integrafp\/wp-json\/wp\/v2\/pages\/12052\/revisions"}],"predecessor-version":[{"id":12142,"href":"https:\/\/projectes.xtec.cat\/integrafp\/wp-json\/wp\/v2\/pages\/12052\/revisions\/12142"}],"wp:attachment":[{"href":"https:\/\/projectes.xtec.cat\/integrafp\/wp-json\/wp\/v2\/media?parent=12052"}],"curies":[{"name":"wp","href":"https:\/\/api.w.org\/{rel}","templated":true}]}}