{"id":12067,"date":"2025-04-02T11:39:52","date_gmt":"2025-04-02T09:39:52","guid":{"rendered":"https:\/\/projectes.xtec.cat\/integrafp\/?page_id=12067"},"modified":"2025-04-02T11:39:57","modified_gmt":"2025-04-02T09:39:57","slug":"oriol-homs","status":"publish","type":"page","link":"https:\/\/projectes.xtec.cat\/integrafp\/oriol-homs\/","title":{"rendered":"Oriol Homs"},"content":{"rendered":"<p><b>Oriol Homs Ferret<\/b><span style=\"font-weight: 400;\">, soci\u00f2leg. Expert internacional de pol\u00edtiques locals, formaci\u00f3 professional i ocupaci\u00f3. Fundador i director de la Fundaci\u00f3 CIREM de 1989 a 2013. Director de l\u2019Observatori de l\u2019Esperan\u00e7a de la Fundaci\u00f3 Ajuda i Esperan\u00e7a sobre el malestar emocional. Ha realitzat nombrosos estudis i publicacions nacionals i internacionals sobre qualificaci\u00f3, ocupaci\u00f3, desenvolupament local i pol\u00edtiques socials. Col\u00b7labora regularment com expert amb organismes internacionals, diverses universitats i organismes governamentals en varis pa\u00efsos europeus, d\u2019Am\u00e8rica Llatina i d\u2019\u00c0frica. Recentment ha publicat el llibre \u201cEl futur professional dels joves. Parlem-ne!. \u201cCambios en los perfiles profesionales y necesidades de Formaci\u00f3n Profesional en Espa\u00f1a. Perspectiva 2030\u201d. \u201cLos Retos 2030 de la Formaci\u00f3n Dual en Espa\u00f1a\u201d. President de la Associaci\u00f3 Catalana de Sociologia (2004-2009). Premi a la traject\u00f2ria FP (2022) de la Asociaci\u00f3n FPEmpresa.<\/span><\/p>\n","protected":false},"excerpt":{"rendered":"<p>Oriol Homs Ferret, soci\u00f2leg. Expert internacional de pol\u00edtiques locals, formaci\u00f3 professional i ocupaci\u00f3. Fundador i director de la Fundaci\u00f3 CIREM de 1989 a 2013. Director de l\u2019Observatori de l\u2019Esperan\u00e7a de la Fundaci\u00f3 Ajuda i Esperan\u00e7a sobre el malestar emocional. Ha realitzat nombrosos estudis i publicacions&hellip;  <a href=\"https:\/\/projectes.xtec.cat\/integrafp\/oriol-homs\/\" title=\"Read Oriol Homs\">Llegeix m\u00e9s\u00bb<\/a><\/p>\n","protected":false},"author":75,"featured_media":0,"parent":0,"menu_order":0,"comment_status":"closed","ping_status":"closed","template":"","meta":{"_bbp_topic_count":0,"_bbp_reply_count":0,"_bbp_total_topic_count":0,"_bbp_total_reply_count":0,"_bbp_voice_count":0,"_bbp_anonymous_reply_count":0,"_bbp_topic_count_hidden":0,"_bbp_reply_count_hidden":0,"_bbp_forum_subforum_count":0,"footnotes":""},"class_list":["post-12067","page","type-page","status-publish","hentry"],"post_mailing_queue_ids":[],"_links":{"self":[{"href":"https:\/\/projectes.xtec.cat\/integrafp\/wp-json\/wp\/v2\/pages\/12067","targetHints":{"allow":["GET"]}}],"collection":[{"href":"https:\/\/projectes.xtec.cat\/integrafp\/wp-json\/wp\/v2\/pages"}],"about":[{"href":"https:\/\/projectes.xtec.cat\/integrafp\/wp-json\/wp\/v2\/types\/page"}],"author":[{"embeddable":true,"href":"https:\/\/projectes.xtec.cat\/integrafp\/wp-json\/wp\/v2\/users\/75"}],"replies":[{"embeddable":true,"href":"https:\/\/projectes.xtec.cat\/integrafp\/wp-json\/wp\/v2\/comments?post=12067"}],"version-history":[{"count":1,"href":"https:\/\/projectes.xtec.cat\/integrafp\/wp-json\/wp\/v2\/pages\/12067\/revisions"}],"predecessor-version":[{"id":12069,"href":"https:\/\/projectes.xtec.cat\/integrafp\/wp-json\/wp\/v2\/pages\/12067\/revisions\/12069"}],"wp:attachment":[{"href":"https:\/\/projectes.xtec.cat\/integrafp\/wp-json\/wp\/v2\/media?parent=12067"}],"curies":[{"name":"wp","href":"https:\/\/api.w.org\/{rel}","templated":true}]}}

<p><b>Oriol Homs Ferret</b><span style="font-weight: 400;">, sociòleg. Expert internacional de polítiques locals, formació professional i ocupació. Fundador i director de la Fundació CIREM de 1989 a 2013. Director de l’Observatori de l’Esperança de la Fundació Ajuda i Esperança sobre el malestar emocional. Ha realitzat nombrosos estudis i publicacions nacionals i internacionals sobre qualificació, ocupació, desenvolupament local i polítiques socials. Col·labora regularment com expert amb organismes internacionals, diverses universitats i organismes governamentals en varis països europeus, d’Amèrica Llatina i d’Àfrica. Recentment ha publicat el llibre “El futur professional dels joves. Parlem-ne!. “Cambios en los perfiles profesionales y necesidades de Formación Profesional en España. Perspectiva 2030”. “Los Retos 2030 de la Formación Dual en España”. President de la Associació Catalana de Sociologia (2004-2009). Premi a la trajectòria FP (2022) de la Asociación FPEmpresa.</span></p>

<p>Oriol Homs Ferret, sociòleg. Expert internacional de polítiques locals, formació professional i ocupació. Fundador i director de la Fundació CIREM de 1989 a 2013. Director de l’Observatori de l’Esperança de la Fundació Ajuda i Esperança sobre el malestar emocional. Ha realitzat nombrosos estudis i publicacions&hellip;  <a href="https://projectes.xtec.cat/integrafp/oriol-homs/" title="Read Oriol Homs">Llegeix més»</a></p>
