{"id":12123,"date":"2025-04-03T13:11:11","date_gmt":"2025-04-03T11:11:11","guid":{"rendered":"https:\/\/projectes.xtec.cat\/integrafp\/?page_id=12123"},"modified":"2025-04-03T13:11:11","modified_gmt":"2025-04-03T11:11:11","slug":"dani-gimenez-roig","status":"publish","type":"page","link":"https:\/\/projectes.xtec.cat\/integrafp\/dani-gimenez-roig\/","title":{"rendered":"Dani Gimenez Roig"},"content":{"rendered":"<p><span data-teams=\"true\">Veterinari de salut p\u00fablica, m\u00e0ster en formaci\u00f3 de formadors i expert en treball i aprenentatge col\u00b7laboratiu. Actualment, treballa com a responsable de gesti\u00f3 del coneixement a l&#8217;Ag\u00e8ncia de Salut P\u00fablica de Catalunya on ha desenvolupat amb \u00e8xit el programa de Comunitats de Pr\u00e0ctica.<\/span><\/p>\n","protected":false},"excerpt":{"rendered":"<p>Veterinari de salut p\u00fablica, m\u00e0ster en formaci\u00f3 de formadors i expert en treball i aprenentatge col\u00b7laboratiu. Actualment, treballa com a responsable de gesti\u00f3 del coneixement a l&#8217;Ag\u00e8ncia de Salut P\u00fablica de Catalunya on ha desenvolupat amb \u00e8xit el programa de Comunitats de Pr\u00e0ctica.<\/p>\n","protected":false},"author":75,"featured_media":0,"parent":0,"menu_order":0,"comment_status":"closed","ping_status":"closed","template":"","meta":{"_bbp_topic_count":0,"_bbp_reply_count":0,"_bbp_total_topic_count":0,"_bbp_total_reply_count":0,"_bbp_voice_count":0,"_bbp_anonymous_reply_count":0,"_bbp_topic_count_hidden":0,"_bbp_reply_count_hidden":0,"_bbp_forum_subforum_count":0,"footnotes":""},"class_list":["post-12123","page","type-page","status-publish","hentry"],"post_mailing_queue_ids":[],"_links":{"self":[{"href":"https:\/\/projectes.xtec.cat\/integrafp\/wp-json\/wp\/v2\/pages\/12123","targetHints":{"allow":["GET"]}}],"collection":[{"href":"https:\/\/projectes.xtec.cat\/integrafp\/wp-json\/wp\/v2\/pages"}],"about":[{"href":"https:\/\/projectes.xtec.cat\/integrafp\/wp-json\/wp\/v2\/types\/page"}],"author":[{"embeddable":true,"href":"https:\/\/projectes.xtec.cat\/integrafp\/wp-json\/wp\/v2\/users\/75"}],"replies":[{"embeddable":true,"href":"https:\/\/projectes.xtec.cat\/integrafp\/wp-json\/wp\/v2\/comments?post=12123"}],"version-history":[{"count":1,"href":"https:\/\/projectes.xtec.cat\/integrafp\/wp-json\/wp\/v2\/pages\/12123\/revisions"}],"predecessor-version":[{"id":12125,"href":"https:\/\/projectes.xtec.cat\/integrafp\/wp-json\/wp\/v2\/pages\/12123\/revisions\/12125"}],"wp:attachment":[{"href":"https:\/\/projectes.xtec.cat\/integrafp\/wp-json\/wp\/v2\/media?parent=12123"}],"curies":[{"name":"wp","href":"https:\/\/api.w.org\/{rel}","templated":true}]}}

<p><span data-teams="true">Veterinari de salut pública, màster en formació de formadors i expert en treball i aprenentatge col·laboratiu. Actualment, treballa com a responsable de gestió del coneixement a l&#8217;Agència de Salut Pública de Catalunya on ha desenvolupat amb èxit el programa de Comunitats de Pràctica.</span></p>

<p>Veterinari de salut pública, màster en formació de formadors i expert en treball i aprenentatge col·laboratiu. Actualment, treballa com a responsable de gestió del coneixement a l&#8217;Agència de Salut Pública de Catalunya on ha desenvolupat amb èxit el programa de Comunitats de Pràctica.</p>
