{"id":12250,"date":"2026-03-16T12:24:14","date_gmt":"2026-03-16T11:24:14","guid":{"rendered":"https:\/\/projectes.xtec.cat\/integrafp\/?page_id=12250"},"modified":"2026-03-16T13:01:07","modified_gmt":"2026-03-16T12:01:07","slug":"iii-jornada-integra-fp","status":"publish","type":"page","link":"https:\/\/projectes.xtec.cat\/integrafp\/iii-jornada-integra-fp\/","title":{"rendered":"III Jornada Integra fp"},"content":{"rendered":"<p><span style=\"font-weight: 400;\">El dimarts dia 5 de maig ens trobarem a l&#8217;Institut Escola d&#8217;Hostalaria i Turisme de Girona en el marc de la III Jornada Integra FP, en un espai de difusi\u00f3 i reflexi\u00f3 sobre els certificats professionals, aix\u00ed com un espai de treball col\u00b7laboratiu entre tots els centres de les xarxes per abordar problemes i possibles solucions que es poden trobar en el moment de realitzar Certificats Professionals.<\/span><\/p>\n<p><a href=\"https:\/\/aplicacions.gestioeducativa.gencat.cat\/ords\/pls\/soloas\/pk_for_mod_ins.p_for_detall_activitat?p_header=Llista%20d%27activitats%5epk_for_mod_ins.p_for_cons_activitats?p_totes=N%26p_inici=1%26p_excloure_crp_rec=T&amp;p_codi=9000470867&amp;p_curs=2025-2026&amp;p_es_inscr=S\"><img loading=\"lazy\" decoding=\"async\" class=\"wp-image-12116 aligncenter\" src=\"https:\/\/projectes.xtec.cat\/integrafp\/wp-content\/uploads\/usu2419\/2025\/04\/Diseno-sin-titulo-3.png\" alt=\"\" width=\"125\" height=\"125\" srcset=\"https:\/\/projectes.xtec.cat\/integrafp\/wp-content\/uploads\/usu2419\/2025\/04\/Diseno-sin-titulo-3.png 1024w, https:\/\/projectes.xtec.cat\/integrafp\/wp-content\/uploads\/usu2419\/2025\/04\/Diseno-sin-titulo-3-300x300.png 300w, https:\/\/projectes.xtec.cat\/integrafp\/wp-content\/uploads\/usu2419\/2025\/04\/Diseno-sin-titulo-3-150x150.png 150w, https:\/\/projectes.xtec.cat\/integrafp\/wp-content\/uploads\/usu2419\/2025\/04\/Diseno-sin-titulo-3-768x768.png 768w\" sizes=\"auto, (max-width: 125px) 100vw, 125px\" \/><\/a><\/p>\n<p><b>Programa<\/b><\/p>\n<p><b>08.30h<\/b><span style=\"font-weight: 400;\"> Recepci\u00f3 dels assistents i lliurament de credencials.<\/span><\/p>\n<p><b>09.00h <\/b>Presentaci\u00f3 i inauguraci\u00f3 de la Jornada i an\u00e0lisi d\u2019estat de projectes a c\u00e0rrec de la cap del Servei de Programes de Qualificaci\u00f3 i Iniciaci\u00f3 Professional, Olga Romero i Olga Vitolo.<\/p>\n<p><strong>09.35h<\/strong> <span style=\"font-weight: 400;\">Pon\u00e8ncia a c\u00e0rrec de <a href=\"https:\/\/projectes.xtec.cat\/integrafp\/gabriel-ginebra\/?preview_id=12257&amp;preview_nonce=4db86ff0dd&amp;preview=true\">Gabriel Ginebra<\/a>. <\/span><span style=\"font-weight: 400;\">Business Thinker: proposa la Revoluci\u00f3 de l&#8217;Slow Management a la gesti\u00f3 empresarial i a l&#8217;educaci\u00f3.<\/span><\/p>\n<p><b>10.25h <\/b>Descans<b><\/b><\/p>\n<p><strong>10.45h<\/strong> <span data-olk-copy-source=\"MessageBody\">Presentaci\u00f3 Director de l&#8217;EHG CP<\/span><\/p>\n<p><b>10.55h <\/b>Presentaci\u00f3 i inici dels tallers<\/p>\n<p><b>11.45h <\/b>Conclusions dels tallers<\/p>\n<p><span style=\"font-weight: 400;\"><strong>12.25h <\/strong>Presentaci\u00f3 dels grups de treball<\/span><\/p>\n<p><b>13.00h<\/b><span style=\"font-weight: 400;\"> Conclusions grups de treball<\/span><\/p>\n<p><strong>13.10h<\/strong> Presentaci\u00f3 subdirector general d&#8217;FP<\/p>\n<p><strong>13.15h<\/strong> Cloenda<\/p>\n<p><strong>13.30h<\/strong> Fi<\/p>\n<p><a href=\"https:\/\/projectes.xtec.cat\/integrafp\/wp-content\/uploads\/usu2419\/2025\/04\/Diseno-sin-titulo-2.png\"><img loading=\"lazy\" decoding=\"async\" class=\"alignnone wp-image-12113\" src=\"https:\/\/projectes.xtec.cat\/integrafp\/wp-content\/uploads\/usu2419\/2025\/04\/Diseno-sin-titulo-2.png\" alt=\"\" width=\"31\" height=\"31\" srcset=\"https:\/\/projectes.xtec.cat\/integrafp\/wp-content\/uploads\/usu2419\/2025\/04\/Diseno-sin-titulo-2.png 1024w, https:\/\/projectes.xtec.cat\/integrafp\/wp-content\/uploads\/usu2419\/2025\/04\/Diseno-sin-titulo-2-300x300.png 300w, https:\/\/projectes.xtec.cat\/integrafp\/wp-content\/uploads\/usu2419\/2025\/04\/Diseno-sin-titulo-2-150x150.png 150w, https:\/\/projectes.xtec.cat\/integrafp\/wp-content\/uploads\/usu2419\/2025\/04\/Diseno-sin-titulo-2-768x768.png 768w\" sizes=\"auto, (max-width: 31px) 100vw, 31px\" \/><\/a>Com arribar?<\/p>\n<p><a href=\"https:\/\/www.google.com\/maps\/place\/Institut+Escola+d'Hostaleria+de+Girona\/@41.9813429,2.8093609,17z\/data=!3m1!4b1!4m14!1m7!3m6!1s0x12bae7dbdc156505:0xebe3e7719be22040!2sInstitut+Escola+d'Hostaleria+de+Girona!8m2!3d41.9813389!4d2.8119358!16s%2Fg%2F11fj3mnvk9!3m5!1s0x12bae7dbdc156505:0xebe3e7719be22040!8m2!3d41.9813389!4d2.8119358!16s%2Fg%2F11fj3mnvk9?entry=ttu&amp;g_ep=EgoyMDI2MDMxMS4wIKXMDSoASAFQAw%3D%3D\">Carrer Josep Viader i Moliner, 11, 17005 Girona<\/a><\/p>\n<p><a href=\"https:\/\/projectes.xtec.cat\/integrafp\/wp-content\/uploads\/usu2419\/2026\/03\/logo-EHTG.png\"><img loading=\"lazy\" decoding=\"async\" class=\"alignnone wp-image-12251\" src=\"https:\/\/projectes.xtec.cat\/integrafp\/wp-content\/uploads\/usu2419\/2026\/03\/logo-EHTG.png\" alt=\"\" width=\"196\" height=\"159\" srcset=\"https:\/\/projectes.xtec.cat\/integrafp\/wp-content\/uploads\/usu2419\/2026\/03\/logo-EHTG.png 307w, https:\/\/projectes.xtec.cat\/integrafp\/wp-content\/uploads\/usu2419\/2026\/03\/logo-EHTG-300x243.png 300w\" sizes=\"auto, (max-width: 196px) 100vw, 196px\" \/><\/a><\/p>\n<p>&nbsp;<\/p>\n<p>&nbsp;<\/p>\n<p>Vols saber-ne m\u00e9s sobre els <a href=\"https:\/\/projectes.xtec.cat\/integrafp\/certificatsdeprofessionalitat\/\">Certificats Professionals<\/a>?<\/p>\n<p><iframe loading=\"lazy\" title=\"YouTube video player\" src=\"\/\/www.youtube.com\/embed\/WZAKw1AU45c?si=NS4aGqOWr-16HMfn\" width=\"230\" height=\"157\" frameborder=\"0\" allowfullscreen=\"allowfullscreen\" data-mce-fragment=\"1\"><\/iframe><iframe loading=\"lazy\" src=\"\/\/www.youtube.com\/embed\/nz-w3qXtAXM?feature=shared\" width=\"230\" height=\"157\" allowfullscreen=\"allowfullscreen\" data-mce-fragment=\"1\"><\/iframe><iframe loading=\"lazy\" src=\"\/\/www.youtube.com\/embed\/CTBTQTVKZ28?feature=shared\" width=\"230\" height=\"157\" allowfullscreen=\"allowfullscreen\" data-mce-fragment=\"1\"><\/iframe><\/p>\n","protected":false},"excerpt":{"rendered":"<p>El dimarts dia 5 de maig ens trobarem a l&#8217;Institut Escola d&#8217;Hostalaria i Turisme de Girona en el marc de la III Jornada Integra FP, en un espai de difusi\u00f3 i reflexi\u00f3 sobre els certificats professionals, aix\u00ed com un espai de treball col\u00b7laboratiu entre tots&hellip;  <a href=\"https:\/\/projectes.xtec.cat\/integrafp\/iii-jornada-integra-fp\/\" title=\"Read III Jornada Integra fp\">Llegeix m\u00e9s\u00bb<\/a><\/p>\n","protected":false},"author":75,"featured_media":0,"parent":0,"menu_order":2,"comment_status":"closed","ping_status":"closed","template":"page-templates\/side-menu.php","meta":{"_bbp_topic_count":0,"_bbp_reply_count":0,"_bbp_total_topic_count":0,"_bbp_total_reply_count":0,"_bbp_voice_count":0,"_bbp_anonymous_reply_count":0,"_bbp_topic_count_hidden":0,"_bbp_reply_count_hidden":0,"_bbp_forum_subforum_count":0,"footnotes":""},"class_list":["post-12250","page","type-page","status-publish","hentry"],"post_mailing_queue_ids":[],"_links":{"self":[{"href":"https:\/\/projectes.xtec.cat\/integrafp\/wp-json\/wp\/v2\/pages\/12250","targetHints":{"allow":["GET"]}}],"collection":[{"href":"https:\/\/projectes.xtec.cat\/integrafp\/wp-json\/wp\/v2\/pages"}],"about":[{"href":"https:\/\/projectes.xtec.cat\/integrafp\/wp-json\/wp\/v2\/types\/page"}],"author":[{"embeddable":true,"href":"https:\/\/projectes.xtec.cat\/integrafp\/wp-json\/wp\/v2\/users\/75"}],"replies":[{"embeddable":true,"href":"https:\/\/projectes.xtec.cat\/integrafp\/wp-json\/wp\/v2\/comments?post=12250"}],"version-history":[{"count":2,"href":"https:\/\/projectes.xtec.cat\/integrafp\/wp-json\/wp\/v2\/pages\/12250\/revisions"}],"predecessor-version":[{"id":12265,"href":"https:\/\/projectes.xtec.cat\/integrafp\/wp-json\/wp\/v2\/pages\/12250\/revisions\/12265"}],"wp:attachment":[{"href":"https:\/\/projectes.xtec.cat\/integrafp\/wp-json\/wp\/v2\/media?parent=12250"}],"curies":[{"name":"wp","href":"https:\/\/api.w.org\/{rel}","templated":true}]}}