{"id":797,"date":"2015-11-28T21:06:57","date_gmt":"2015-11-28T20:06:57","guid":{"rendered":"http:\/\/projectes.xtec.cat\/integrafp\/?page_id=797"},"modified":"2024-10-23T10:15:53","modified_gmt":"2024-10-23T08:15:53","slug":"presentacio","status":"publish","type":"page","link":"https:\/\/projectes.xtec.cat\/integrafp\/integrafp-2\/presentacio\/","title":{"rendered":"Presentaci\u00f3"},"content":{"rendered":"<p><span style=\"font-weight: 400;\">Des de la Unitat Integra es dona suport al desenvolupament del projecte resultat de la signatura del conveni de col\u00b7laboraci\u00f3 entre els Departaments d\u2019Educaci\u00f3, Departament d&#8217;Empresa i Treball (a trav\u00e9s del SOC) de la Generalitat de Catalunya i l&#8217;<\/span>Ag\u00e8ncia P\u00fablica de Formaci\u00f3 i Qualificaci\u00f3 Professionals de Catalunya<span style=\"font-weight: 400;\">, per tal d&#8217; incrementar l\u2019oferta de formaci\u00f3 per a l\u2019ocupaci\u00f3 en aquelles comarques on hi ha mancan\u00e7a de centres formatius per impartir-la.<\/span><\/p>\n<p><span style=\"font-weight: 400;\">Una de les finalitats del Projecte \u00e9s aconseguir un reequilibri territorial, respecte al desenvolupament socioecon\u00f2mic, apropant la Formaci\u00f3 Professional Ocupacional laboral en territoris que eren deficitaris.<\/span><\/p>\n<p><span style=\"font-weight: 400;\">Aconseguir mitjan\u00e7ant la formaci\u00f3 de les persones aturades, una millor integraci\u00f3 socioecon\u00f2mica, afavorint el seu desenvolupament personal,\u00a0 augmentar la seva autoestima i la recuperaci\u00f3 de la seva il\u00b7lusi\u00f3 per a l\u2019adquisici\u00f3 de formaci\u00f3 i coneixement.<\/span><\/p>\n","protected":false},"excerpt":{"rendered":"<p>Des de la Unitat Integra es dona suport al desenvolupament del projecte resultat de la signatura del conveni de col\u00b7laboraci\u00f3 entre els Departaments d\u2019Educaci\u00f3, Departament d&#8217;Empresa i Treball (a trav\u00e9s del SOC) de la Generalitat de Catalunya i l&#8217;Ag\u00e8ncia P\u00fablica de Formaci\u00f3 i Qualificaci\u00f3 Professionals&hellip;  <a href=\"https:\/\/projectes.xtec.cat\/integrafp\/integrafp-2\/presentacio\/\" title=\"Read Presentaci\u00f3\">Llegeix m\u00e9s\u00bb<\/a><\/p>\n","protected":false},"author":1,"featured_media":0,"parent":8508,"menu_order":10,"comment_status":"closed","ping_status":"closed","template":"","meta":{"_bbp_topic_count":0,"_bbp_reply_count":0,"_bbp_total_topic_count":0,"_bbp_total_reply_count":0,"_bbp_voice_count":0,"_bbp_anonymous_reply_count":0,"_bbp_topic_count_hidden":0,"_bbp_reply_count_hidden":0,"_bbp_forum_subforum_count":0,"footnotes":""},"class_list":["post-797","page","type-page","status-publish","hentry"],"post_mailing_queue_ids":[],"_links":{"self":[{"href":"https:\/\/projectes.xtec.cat\/integrafp\/wp-json\/wp\/v2\/pages\/797","targetHints":{"allow":["GET"]}}],"collection":[{"href":"https:\/\/projectes.xtec.cat\/integrafp\/wp-json\/wp\/v2\/pages"}],"about":[{"href":"https:\/\/projectes.xtec.cat\/integrafp\/wp-json\/wp\/v2\/types\/page"}],"author":[{"embeddable":true,"href":"https:\/\/projectes.xtec.cat\/integrafp\/wp-json\/wp\/v2\/users\/1"}],"replies":[{"embeddable":true,"href":"https:\/\/projectes.xtec.cat\/integrafp\/wp-json\/wp\/v2\/comments?post=797"}],"version-history":[{"count":3,"href":"https:\/\/projectes.xtec.cat\/integrafp\/wp-json\/wp\/v2\/pages\/797\/revisions"}],"predecessor-version":[{"id":11812,"href":"https:\/\/projectes.xtec.cat\/integrafp\/wp-json\/wp\/v2\/pages\/797\/revisions\/11812"}],"up":[{"embeddable":true,"href":"https:\/\/projectes.xtec.cat\/integrafp\/wp-json\/wp\/v2\/pages\/8508"}],"wp:attachment":[{"href":"https:\/\/projectes.xtec.cat\/integrafp\/wp-json\/wp\/v2\/media?parent=797"}],"curies":[{"name":"wp","href":"https:\/\/api.w.org\/{rel}","templated":true}]}}