{"id":8317,"date":"2020-12-10T00:12:23","date_gmt":"2020-12-09T23:12:23","guid":{"rendered":"https:\/\/projectes.xtec.cat\/integrafp\/?page_id=8317"},"modified":"2023-10-24T13:03:18","modified_gmt":"2023-10-24T11:03:18","slug":"a-qui-van-adrecats","status":"publish","type":"page","link":"https:\/\/projectes.xtec.cat\/integrafp\/certificatsdeprofessionalitat\/a-qui-van-adrecats\/","title":{"rendered":"A qui van adre\u00e7ats?"},"content":{"rendered":"<p><span style=\"font-weight: 400;\">Majorit\u00e0riament a les persones en situaci\u00f3 d\u2019atur, que s\u00f3n demandants d\u2019ocupaci\u00f3 i es troben inscrites al Servei d\u2019Ocupaci\u00f3 de Catalunya i tamb\u00e9 a treballadors ocupats. S\u2019adrecen principalment a la poblaci\u00f3 de les \u00e0rees deficit\u00e0ries en oferta de formaci\u00f3, tal i com es defineix al Projecte.<\/span><\/p>\n<p><span style=\"font-weight: 400;\">La selecci\u00f3 de l\u2019alumnat es realitza de forma conjunta per part dels centres del Departament d\u2019Educaci\u00f3 que participen al Projecte corresponent, i les oficines del SOC de l\u2019\u00e0mbit territorial corresponent.<\/span><\/p>\n","protected":false},"excerpt":{"rendered":"<p>Majorit\u00e0riament a les persones en situaci\u00f3 d\u2019atur, que s\u00f3n demandants d\u2019ocupaci\u00f3 i es troben inscrites al Servei d\u2019Ocupaci\u00f3 de Catalunya i tamb\u00e9 a treballadors ocupats. S\u2019adrecen principalment a la poblaci\u00f3 de les \u00e0rees deficit\u00e0ries en oferta de formaci\u00f3, tal i com es defineix al Projecte.<br \/>\nLa&hellip;  <a href=\"https:\/\/projectes.xtec.cat\/integrafp\/certificatsdeprofessionalitat\/a-qui-van-adrecats\/\" title=\"Read A qui van adre\u00e7ats?\">Llegeix m\u00e9s\u00bb<\/a><\/p>\n","protected":false},"author":1,"featured_media":0,"parent":608,"menu_order":10,"comment_status":"closed","ping_status":"closed","template":"","meta":{"_bbp_topic_count":0,"_bbp_reply_count":0,"_bbp_total_topic_count":0,"_bbp_total_reply_count":0,"_bbp_voice_count":0,"_bbp_anonymous_reply_count":0,"_bbp_topic_count_hidden":0,"_bbp_reply_count_hidden":0,"_bbp_forum_subforum_count":0,"footnotes":""},"class_list":["post-8317","page","type-page","status-publish","hentry"],"post_mailing_queue_ids":[],"_links":{"self":[{"href":"https:\/\/projectes.xtec.cat\/integrafp\/wp-json\/wp\/v2\/pages\/8317","targetHints":{"allow":["GET"]}}],"collection":[{"href":"https:\/\/projectes.xtec.cat\/integrafp\/wp-json\/wp\/v2\/pages"}],"about":[{"href":"https:\/\/projectes.xtec.cat\/integrafp\/wp-json\/wp\/v2\/types\/page"}],"author":[{"embeddable":true,"href":"https:\/\/projectes.xtec.cat\/integrafp\/wp-json\/wp\/v2\/users\/1"}],"replies":[{"embeddable":true,"href":"https:\/\/projectes.xtec.cat\/integrafp\/wp-json\/wp\/v2\/comments?post=8317"}],"version-history":[{"count":3,"href":"https:\/\/projectes.xtec.cat\/integrafp\/wp-json\/wp\/v2\/pages\/8317\/revisions"}],"predecessor-version":[{"id":8706,"href":"https:\/\/projectes.xtec.cat\/integrafp\/wp-json\/wp\/v2\/pages\/8317\/revisions\/8706"}],"up":[{"embeddable":true,"href":"https:\/\/projectes.xtec.cat\/integrafp\/wp-json\/wp\/v2\/pages\/608"}],"wp:attachment":[{"href":"https:\/\/projectes.xtec.cat\/integrafp\/wp-json\/wp\/v2\/media?parent=8317"}],"curies":[{"name":"wp","href":"https:\/\/api.w.org\/{rel}","templated":true}]}}

A qui van adreçats?

<p><span style="font-weight: 400;">Majoritàriament a les persones en situació d’atur, que són demandants d’ocupació i es troben inscrites al Servei d’Ocupació de Catalunya i també a treballadors ocupats. S’adrecen principalment a la població de les àrees deficitàries en oferta de formació, tal i com es defineix al Projecte.</span></p>
<p><span style="font-weight: 400;">La selecció de l’alumnat es realitza de forma conjunta per part dels centres del Departament d’Educació que participen al Projecte corresponent, i les oficines del SOC de l’àmbit territorial corresponent.</span></p>

<p>Majoritàriament a les persones en situació d’atur, que són demandants d’ocupació i es troben inscrites al Servei d’Ocupació de Catalunya i també a treballadors ocupats. S’adrecen principalment a la població de les àrees deficitàries en oferta de formació, tal i com es defineix al Projecte.<br />
La&hellip;  <a href="https://projectes.xtec.cat/integrafp/certificatsdeprofessionalitat/a-qui-van-adrecats/" title="Read A qui van adreçats?">Llegeix més»</a></p>
