{"id":8402,"date":"2021-01-26T13:23:11","date_gmt":"2021-01-26T12:23:11","guid":{"rendered":"https:\/\/projectes.xtec.cat\/integrafp\/?page_id=8402"},"modified":"2023-10-24T13:53:27","modified_gmt":"2023-10-24T11:53:27","slug":"requisits-dacces-als-moduls-formatius-dels-certificats-de-professionalitat","status":"publish","type":"page","link":"https:\/\/projectes.xtec.cat\/integrafp\/certificatsdeprofessionalitat\/requisits-dacces-als-moduls-formatius-dels-certificats-de-professionalitat\/","title":{"rendered":"Requisits d\u2019acc\u00e9s"},"content":{"rendered":"<p>Els requisits d\u2019acc\u00e9s de l\u2019alumnat al m\u00f2duls formatius dels certificats de professionalitat varien depenent del nivell de qualificaci\u00f3 d\u2019aquests.<\/p>\n<p>\uf0a7<strong> Nivell 1<\/strong><br \/>\nNo s&#8217;exigeixen requisits acad\u00e8mics ni professionals<\/p>\n<p><strong>\uf0a7 Nivell 2<\/strong><\/p>\n<ul>\n<li>Tenir el t\u00edtol de graduat en educaci\u00f3 secund\u00e0ria. Obligat\u00f2ria o estudis declarats equivalents a efectes acad\u00e8mics o laborals.<\/li>\n<li>T\u00edtol Educaci\u00f3 secund\u00e0ria obligat\u00f2ria per a adults Fotoc\u00f2pia compulsada del t\u00edtol 2n de BUP amb un m\u00e0xim de dues mat\u00e8ries pendents entre els cursos de 1r i 2n de BUP.<\/li>\n<li>Fotoc\u00f2pia compulsada del t\u00edtol (o del Certificat de qualificacions de 1r i 2n BUP o del llibre d\u2019escolaritat de BUP (p\u00e0gina de dades personal i qualificacions de tots els cursos)<\/li>\n<li>T\u00edtol de t\u00e8cnic\/a auxiliar (antiga FP1) de qualsevol especialitat.<\/li>\n<li>Tenir un certificat de professionalitat de nivell 2.<\/li>\n<li>Tenir un certificat de professionalitat de nivell 1 de la mateixa fam\u00edlia i \u00e0rea professional que el certificat al qual es vol accedir.<\/li>\n<li>Complir el requisit acad\u00e8mic d&#8217;acc\u00e9s als cicles formatius de grau mitj\u00e0 o b\u00e9 haver superat les proves d&#8217;acc\u00e9s corresponents regulades per les administracions educatives.<\/li>\n<li>Tenir superada la prova d&#8217;acc\u00e9s a la universitat per a m\u00e9s grans de 25 anys i\/o de 45 anys.<\/li>\n<\/ul>\n<p><strong> \uf0a7 Nivell 3<\/strong><\/p>\n<ul>\n<li>Tenir el t\u00edtol de batxillerat.<\/li>\n<li>Tenir un certificat de professionalitat de nivell 3.<\/li>\n<li>Tenir un certificat de professionalitat de nivell 2 de la mateixa fam\u00edlia i \u00e0rea professional.<\/li>\n<li>Complir el requisit acad\u00e8mic d&#8217;acc\u00e9s als cicles formatius de grau superior, o b\u00e9 haver superat les proves d&#8217;acc\u00e9s corresponents i regulades per les administracions educatives.<\/li>\n<li>Tenir superada la prova d&#8217;acc\u00e9s a la universitat per a m\u00e9s grans de 25 anys i\/o de 45 anys.<\/li>\n<\/ul>\n<p><strong>Proves d\u2019avaluaci\u00f3 de les compet\u00e8ncies clau<\/strong><\/p>\n<p>El Servei P\u00fablic d\u2019Ocupaci\u00f3 de Catalunya considera que, d\u2019acord amb el que regula l\u2019article 20 del RD 34\/2008 de 18 de gener, en cas de <strong>no poder acreditar documentalment aquests requisits sol\u00b7licitats<\/strong>, l\u2019alumne haur\u00e0 de superar unes <strong>proves d\u2019avaluaci\u00f3 de les compet\u00e8ncies clau<\/strong> de matem\u00e0tiques i comunicaci\u00f3 ling\u00fc\u00edstica (catalana o castellana). Cadascuna de les compet\u00e8ncies clau s\u00f3n interdependents, i s\u2019incideix en la reflexi\u00f3 critica, iniciativa, resoluci\u00f3 de problemes i presa de decisions.<\/p>\n<p>Les proves de compet\u00e8ncia ling\u00fc\u00edstica s\u2019estructuren de la manera seg\u00fcent:<\/p>\n<ul>\n<li>Avaluaci\u00f3 de la comprensi\u00f3 lectora<\/li>\n<li>Avaluaci\u00f3 de la continguts gramaticals i l\u00e8xics<\/li>\n<li>Avaluaci\u00f3 de l\u2019expressi\u00f3 escrita<\/li>\n<\/ul>\n<p>Les proves que avaluen la compet\u00e8ncia matem\u00e0tica s\u2019estructuren:<\/p>\n<ul>\n<li>Numeraci\u00f3 i sistema decimal<\/li>\n<li>Mesura i \u00fas de les unitats de mesura<\/li>\n<li>Geometria<\/li>\n<li>\u00c0lgebra<\/li>\n<li>Estad\u00edstica i probabilitat<\/li>\n<\/ul>\n<p>A m\u00e9s d\u2019aquestes compet\u00e8ncies comuns a tots els certificats de professionalitat, ser\u00e0 necess\u00e0ria una prova de compet\u00e8ncia comunicativa en llengua estrangera, en aquells certificats que incloguin m\u00f2duls en llengua estrangera.<\/p>\n<p>L\u2019avaluaci\u00f3 de les compet\u00e8ncies TIC dels alumnes no \u00e9s obligat\u00f2ria per\u00f2 pot formar part dels processos de selecci\u00f3 d\u2019alumnes per tal d\u2019aconseguir un grup homogeni.<\/p>\n<p>Actualment aquestes proves les duen a terme les entitats de formaci\u00f3 autoritzades pel SOC durant el proc\u00e9s de selecci\u00f3 de l&#8217;alumnat.<\/p>\n<p>Un cop se superin les proves de compet\u00e8ncies clau, l\u2019alumne podr\u00e0 accedir a les accions formatives conduents a l\u2019obtenci\u00f3 del certificat de professionalitat programat o autoritzat pel SOC, segons el nivell de qualificaci\u00f3. La validesa d\u2019aquestes proves \u00e9s permanent.<\/p>\n","protected":false},"excerpt":{"rendered":"<p>Els requisits d\u2019acc\u00e9s de l\u2019alumnat al m\u00f2duls formatius dels certificats de professionalitat varien depenent del nivell de qualificaci\u00f3 d\u2019aquests.<br \/>\n\uf0a7 Nivell 1<br \/>\nNo s&#8217;exigeixen requisits acad\u00e8mics ni professionals<br \/>\n\uf0a7 Nivell 2<\/p>\n<ul>\n<li>Tenir el t\u00edtol de graduat en educaci\u00f3 secund\u00e0ria. Obligat\u00f2ria o estudis declarats equivalents a efectes acad\u00e8mics o laborals.<\/li>\n<li>T\u00edtol&hellip;  <a href=\"https:\/\/projectes.xtec.cat\/integrafp\/certificatsdeprofessionalitat\/requisits-dacces-als-moduls-formatius-dels-certificats-de-professionalitat\/\" title=\"Read Requisits d\u2019acc\u00e9s\">Llegeix m\u00e9s\u00bb<\/a><br \/>\n","protected":false},"author":1,"featured_media":0,"parent":608,"menu_order":0,"comment_status":"closed","ping_status":"closed","template":"","meta":{"_bbp_topic_count":0,"_bbp_reply_count":0,"_bbp_total_topic_count":0,"_bbp_total_reply_count":0,"_bbp_voice_count":0,"_bbp_anonymous_reply_count":0,"_bbp_topic_count_hidden":0,"_bbp_reply_count_hidden":0,"_bbp_forum_subforum_count":0,"footnotes":""},"class_list":["post-8402","page","type-page","status-publish","hentry"],"post_mailing_queue_ids":[],"_links":{"self":[{"href":"https:\/\/projectes.xtec.cat\/integrafp\/wp-json\/wp\/v2\/pages\/8402","targetHints":{"allow":["GET"]}}],"collection":[{"href":"https:\/\/projectes.xtec.cat\/integrafp\/wp-json\/wp\/v2\/pages"}],"about":[{"href":"https:\/\/projectes.xtec.cat\/integrafp\/wp-json\/wp\/v2\/types\/page"}],"author":[{"embeddable":true,"href":"https:\/\/projectes.xtec.cat\/integrafp\/wp-json\/wp\/v2\/users\/1"}],"replies":[{"embeddable":true,"href":"https:\/\/projectes.xtec.cat\/integrafp\/wp-json\/wp\/v2\/comments?post=8402"}],"version-history":[{"count":6,"href":"https:\/\/projectes.xtec.cat\/integrafp\/wp-json\/wp\/v2\/pages\/8402\/revisions"}],"predecessor-version":[{"id":11176,"href":"https:\/\/projectes.xtec.cat\/integrafp\/wp-json\/wp\/v2\/pages\/8402\/revisions\/11176"}],"up":[{"embeddable":true,"href":"https:\/\/projectes.xtec.cat\/integrafp\/wp-json\/wp\/v2\/pages\/608"}],"wp:attachment":[{"href":"https:\/\/projectes.xtec.cat\/integrafp\/wp-json\/wp\/v2\/media?parent=8402"}],"curies":[{"name":"wp","href":"https:\/\/api.w.org\/{rel}","templated":true}]}}