{"id":10453,"date":"2021-04-23T13:34:02","date_gmt":"2021-04-23T11:34:02","guid":{"rendered":"http:\/\/projectes.xtec.cat\/internacional\/?page_id=10453"},"modified":"2026-01-09T14:05:10","modified_gmt":"2026-01-09T13:05:10","slug":"americana-film-fest-fundacio-victor-grifols","status":"publish","type":"page","link":"https:\/\/projectes.xtec.cat\/internacional\/altres-programes\/accions-dentorn\/cinema-en-versio-original-subtitulada-en-catala-vosc\/americana-film-fest-fundacio-victor-grifols\/","title":{"rendered":"Americana Film Fest"},"content":{"rendered":"<p><span style=\"font-weight: 400;\">El Departament d\u2019Educaci\u00f3 i Formaci\u00f3 Professional, en col\u00b7laboraci\u00f3 amb <\/span><a href=\"https:\/\/acciocinema.cat\/\"><span style=\"font-weight: 400;\">Acci\u00f3&gt;Cinema<\/span><\/a> i l&#8217;Americana Film Fest<span style=\"font-weight: 400;\">, organitza les sessions matinals per a centres educatius amb el millor cinema independent i d\u2019autor del moment.<\/span><\/p>\n<p><span style=\"font-weight: 400;\">Es tracta de sessions de cinema independent gratu\u00eftes per a alumnat de <\/span><b>4t d\u2019ESO i Batxillerat<\/b><span style=\"font-weight: 400;\"> que poden ser presencials o telem\u00e0tiques.<\/span><\/p>\n<p>Els principals objectius de l&#8217;activitat s\u00f3n els seg\u00fcents:<\/p>\n<ul>\n<li style=\"list-style-type: none;\">\n<ul>\n<li>Apropar el m\u00f3n del <strong>cinema<\/strong> i concretament dels documentals a l&#8217;alumnat.<\/li>\n<li><strong>Discutir<\/strong> i opinar sobre <strong>temes cient\u00edfics<\/strong>, especialment relacionats amb la bio\u00e8tica.<\/li>\n<li>Practicar les <strong>lleng\u00fces estrangeres<\/strong> en un entorn diferent a l&#8217;aula.<\/li>\n<\/ul>\n<\/li>\n<\/ul>\n<p><strong>Descripci\u00f3 de l&#8217;activitat<\/strong>:<br \/>\nAquesta activitat gratu\u00efta va adre\u00e7ada a l\u2019alumnat de 4t d\u2019ESO i Batxillerat.<br \/>\nEls centres educatius que hi participin triaran una pel\u00b7l\u00edcula d\u2019entre les quatre recomanades.<br \/>\nUn especialista introduir\u00e0 cada sessi\u00f3 i es far\u00e0 un debat posterior (exclusivament per a les sessions presencials)<br \/>\nEs proporcionar\u00e0 material addicional per continuar treballant a l\u2019aula.<\/p>\n<p><strong>Modalitats de participaci\u00f3:<\/strong><br \/>\nHi ha dues modalitats de participaci\u00f3 per facilitar l\u2019acc\u00e9s a l\u2019activitat als centres que hi estiguin interessats:<\/p>\n<p>&#8211; <span style=\"text-decoration: underline;\">Sessions presencials<\/span>: dirigides als centres educatius de Barcelona i la seva rodalia.<\/p>\n<p>&#8211; <span style=\"text-decoration: underline;\">Sessions en l\u00ednia<\/span>: dirigides als centres educatius que no poden accedir amb facilitat al cinema on es fan les sessions presencials.<\/p>\n<p>Tindran prefer\u00e8ncia els centres p\u00fablics, seguint l\u2019ordre de sol\u00b7licitud i fins a esgotar les places disponibles.<\/p>\n","protected":false},"excerpt":{"rendered":"<p>El Departament d\u2019Educaci\u00f3 i Formaci\u00f3 Professional, en col\u00b7laboraci\u00f3 amb <a href=\"https:\/\/acciocinema.cat\/\">Acci\u00f3&gt;Cinema<\/a> i l&#8217;Americana Film Fest, organitza les sessions matinals per a centres educatius amb el millor cinema independent i d\u2019autor del moment.<br \/>\nEs tracta de sessions de cinema independent gratu\u00eftes per a alumnat de 4t d\u2019ESO&hellip;  <a href=\"https:\/\/projectes.xtec.cat\/internacional\/altres-programes\/accions-dentorn\/cinema-en-versio-original-subtitulada-en-catala-vosc\/americana-film-fest-fundacio-victor-grifols\/\" title=\"Read Americana Film Fest\">Llegeix m\u00e9s\u00bb<\/a><\/p>\n","protected":false},"author":1,"featured_media":0,"parent":14436,"menu_order":1,"comment_status":"closed","ping_status":"closed","template":"page-templates\/side-menu.php","meta":{"_bbp_topic_count":0,"_bbp_reply_count":0,"_bbp_total_topic_count":0,"_bbp_total_reply_count":0,"_bbp_voice_count":0,"_bbp_anonymous_reply_count":0,"_bbp_topic_count_hidden":0,"_bbp_reply_count_hidden":0,"_bbp_forum_subforum_count":0,"footnotes":""},"class_list":["post-10453","page","type-page","status-publish","hentry"],"post_mailing_queue_ids":[],"_links":{"self":[{"href":"https:\/\/projectes.xtec.cat\/internacional\/wp-json\/wp\/v2\/pages\/10453","targetHints":{"allow":["GET"]}}],"collection":[{"href":"https:\/\/projectes.xtec.cat\/internacional\/wp-json\/wp\/v2\/pages"}],"about":[{"href":"https:\/\/projectes.xtec.cat\/internacional\/wp-json\/wp\/v2\/types\/page"}],"author":[{"embeddable":true,"href":"https:\/\/projectes.xtec.cat\/internacional\/wp-json\/wp\/v2\/users\/1"}],"replies":[{"embeddable":true,"href":"https:\/\/projectes.xtec.cat\/internacional\/wp-json\/wp\/v2\/comments?post=10453"}],"version-history":[{"count":7,"href":"https:\/\/projectes.xtec.cat\/internacional\/wp-json\/wp\/v2\/pages\/10453\/revisions"}],"predecessor-version":[{"id":18521,"href":"https:\/\/projectes.xtec.cat\/internacional\/wp-json\/wp\/v2\/pages\/10453\/revisions\/18521"}],"up":[{"embeddable":true,"href":"https:\/\/projectes.xtec.cat\/internacional\/wp-json\/wp\/v2\/pages\/14436"}],"wp:attachment":[{"href":"https:\/\/projectes.xtec.cat\/internacional\/wp-json\/wp\/v2\/media?parent=10453"}],"curies":[{"name":"wp","href":"https:\/\/api.w.org\/{rel}","templated":true}]}}