{"id":11672,"date":"2022-10-26T12:09:19","date_gmt":"2022-10-26T10:09:19","guid":{"rendered":"https:\/\/projectes.xtec.cat\/internacional\/?page_id=11672"},"modified":"2025-11-16T11:26:23","modified_gmt":"2025-11-16T10:26:23","slug":"accions-de-frances","status":"publish","type":"page","link":"https:\/\/projectes.xtec.cat\/internacional\/altres-programes\/accions-de-frances\/","title":{"rendered":"Accions de Franc\u00e8s"},"content":{"rendered":"<p>Un dels objectius del Servei de Lleng\u00fces Estrangeres \u00e9s impulsar el pluriling\u00fcisme de l\u2019alumnat per tal que, en acabar l\u2019educaci\u00f3 obligat\u00f2ria, tingui un domini comunicatiu i ling\u00fc\u00edstic, de la llengua catalana, la castellana i dues lleng\u00fces estrangeres, que el capaciti per a la gesti\u00f3 dels aprenentatges futurs en un m\u00f3n global.<\/p>\n<p>Els projectes d\u2019internacionalitzaci\u00f3 dels centres educatius catalans es presenten, doncs, amb l\u2019objectiu estrat\u00e8gic de desenvolupar i millorar el coneixement d\u2019una d\u2019aquestes lleng\u00fces estrangeres possibles en l\u2019\u00e0mbit curricular: la <strong>llengua francesa<\/strong>.<\/p>\n<p>En el seg\u00fcent enlla\u00e7 podeu accedir a les not\u00edcies que anem publicant sobre <a href=\"https:\/\/projectes.xtec.cat\/internacional\/categoria\/formacio\/noticies-formacio-frances\/\" target=\"_blank\" rel=\"noopener\">accions en llengua francesa.<\/a><\/p>\n","protected":false},"excerpt":{"rendered":"<p>Un dels objectius del Servei de Lleng\u00fces Estrangeres \u00e9s impulsar el pluriling\u00fcisme de l\u2019alumnat per tal que, en acabar l\u2019educaci\u00f3 obligat\u00f2ria, tingui un domini comunicatiu i ling\u00fc\u00edstic, de la llengua catalana, la castellana i dues lleng\u00fces estrangeres, que el capaciti per a la gesti\u00f3 dels&hellip;  <a href=\"https:\/\/projectes.xtec.cat\/internacional\/altres-programes\/accions-de-frances\/\" title=\"Read Accions de Franc\u00e8s\">Llegeix m\u00e9s\u00bb<\/a><\/p>\n","protected":false},"author":1,"featured_media":0,"parent":8206,"menu_order":21,"comment_status":"closed","ping_status":"closed","template":"page-templates\/side-menu.php","meta":{"_bbp_topic_count":0,"_bbp_reply_count":0,"_bbp_total_topic_count":0,"_bbp_total_reply_count":0,"_bbp_voice_count":0,"_bbp_anonymous_reply_count":0,"_bbp_topic_count_hidden":0,"_bbp_reply_count_hidden":0,"_bbp_forum_subforum_count":0,"footnotes":""},"class_list":["post-11672","page","type-page","status-publish","hentry"],"post_mailing_queue_ids":[],"_links":{"self":[{"href":"https:\/\/projectes.xtec.cat\/internacional\/wp-json\/wp\/v2\/pages\/11672","targetHints":{"allow":["GET"]}}],"collection":[{"href":"https:\/\/projectes.xtec.cat\/internacional\/wp-json\/wp\/v2\/pages"}],"about":[{"href":"https:\/\/projectes.xtec.cat\/internacional\/wp-json\/wp\/v2\/types\/page"}],"author":[{"embeddable":true,"href":"https:\/\/projectes.xtec.cat\/internacional\/wp-json\/wp\/v2\/users\/1"}],"replies":[{"embeddable":true,"href":"https:\/\/projectes.xtec.cat\/internacional\/wp-json\/wp\/v2\/comments?post=11672"}],"version-history":[{"count":3,"href":"https:\/\/projectes.xtec.cat\/internacional\/wp-json\/wp\/v2\/pages\/11672\/revisions"}],"predecessor-version":[{"id":18103,"href":"https:\/\/projectes.xtec.cat\/internacional\/wp-json\/wp\/v2\/pages\/11672\/revisions\/18103"}],"up":[{"embeddable":true,"href":"https:\/\/projectes.xtec.cat\/internacional\/wp-json\/wp\/v2\/pages\/8206"}],"wp:attachment":[{"href":"https:\/\/projectes.xtec.cat\/internacional\/wp-json\/wp\/v2\/media?parent=11672"}],"curies":[{"name":"wp","href":"https:\/\/api.w.org\/{rel}","templated":true}]}}