{"id":13282,"date":"2024-01-26T10:52:54","date_gmt":"2024-01-26T09:52:54","guid":{"rendered":"https:\/\/projectes.xtec.cat\/internacional\/?page_id=13282"},"modified":"2025-12-18T12:53:38","modified_gmt":"2025-12-18T11:53:38","slug":"belgica","status":"publish","type":"page","link":"https:\/\/projectes.xtec.cat\/internacional\/que-es-coopera\/belgica\/","title":{"rendered":"B\u00e8lgica"},"content":{"rendered":"<p><img loading=\"lazy\" decoding=\"async\" class=\"alignleft\" src=\"https:\/\/upload.wikimedia.org\/wikipedia\/commons\/thumb\/0\/08\/Laeken_Atomium_06.jpg\/1200px-Laeken_Atomium_06.jpg\" alt=\"\" width=\"194\" height=\"187\" \/><\/p>\n<p>&nbsp;<\/p>\n<p>Busques centre educatiu a <strong>B\u00e8lgica<\/strong> per fer un <strong>intercanvi escolar<\/strong>?<br \/>\nAqu\u00ed recollim les propostes de centres belgues que busquen escoles catalanes per fer intercanvis.<br \/>\nSi t\u2019interessa envia un correu electr\u00f2nic a\u00a0<strong>erasmusplus@xtec.cat\u00a0<\/strong>amb la refer\u00e8ncia del centre educatiu de prefer\u00e8ncia.<\/p>\n<p>&nbsp;<\/p>\n<table style=\"border-collapse: collapse; width: 28.4576%; height: 412px;\">\n<tbody>\n<tr>\n<td style=\"width: 100%;\"><b>REF BE01<\/b><\/p>\n<p><b>Ubicaci\u00f3<\/b><span style=\"font-weight: 400;\">: Izegem (Flandes (B\u00e8lgica)<\/span><\/p>\n<p><b>Nombre d\u2019alumnes<\/b><span style=\"font-weight: 400;\">: 40<\/span><\/p>\n<p><b>Especialitats<\/b><span style=\"font-weight: 400;\">:\u00a0<\/span><\/p>\n<ul>\n<li style=\"font-weight: 400;\" aria-level=\"1\"><span style=\"font-weight: 400;\">Secci\u00f3 d\u2019acollida per estudiants nouvinguts integrats en un centre de secund\u00e0ria.<\/span><\/li>\n<\/ul>\n<p><b>Proposta de mobilitat<\/b><span style=\"font-weight: 400;\">: jobshadowing per con\u00e8ixer experi\u00e8ncies d\u2019aules multiculturals, suport psicosocial a l\u2019alumnat, participaci\u00f3 de les fam\u00edlies en centres d\u2019aquesta mena.\u00a0<\/span><\/p>\n<p><b>Observacions<\/b><span style=\"font-weight: 400;\">: secci\u00f3 de nova creaci\u00f3 en un centre de secund\u00e0ria. Centre participant en UNESCO Associated School Project Network.<\/span><\/td>\n<\/tr>\n<\/tbody>\n<\/table>\n","protected":false},"excerpt":{"rendered":"<p>&nbsp;<br \/>\nBusques centre educatiu a B\u00e8lgica per fer un intercanvi escolar?<br \/>\nAqu\u00ed recollim les propostes de centres belgues que busquen escoles catalanes per fer intercanvis.<br \/>\nSi t\u2019interessa envia un correu electr\u00f2nic a\u00a0erasmusplus@xtec.cat\u00a0amb la refer\u00e8ncia del centre educatiu de prefer\u00e8ncia.<br \/>\n&nbsp;<\/p>\n<p>REF BE01<br \/>\nUbicaci\u00f3: Izegem (Flandes (B\u00e8lgica)<br \/>\nNombre d\u2019alumnes: 40<br \/>\nEspecialitats:\u00a0<\/p>\n<ul>\n<li style=\"font-weight: 400;\" aria-level=\"1\">Secci\u00f3&hellip;  <a href=\"https:\/\/projectes.xtec.cat\/internacional\/que-es-coopera\/belgica\/\" title=\"Read B\u00e8lgica\">Llegeix m\u00e9s\u00bb<\/a><br \/>\n","protected":false},"author":1,"featured_media":0,"parent":11962,"menu_order":0,"comment_status":"closed","ping_status":"closed","template":"page-templates\/side-menu.php","meta":{"_bbp_topic_count":0,"_bbp_reply_count":0,"_bbp_total_topic_count":0,"_bbp_total_reply_count":0,"_bbp_voice_count":0,"_bbp_anonymous_reply_count":0,"_bbp_topic_count_hidden":0,"_bbp_reply_count_hidden":0,"_bbp_forum_subforum_count":0,"footnotes":""},"class_list":["post-13282","page","type-page","status-publish","hentry"],"post_mailing_queue_ids":[],"_links":{"self":[{"href":"https:\/\/projectes.xtec.cat\/internacional\/wp-json\/wp\/v2\/pages\/13282","targetHints":{"allow":["GET"]}}],"collection":[{"href":"https:\/\/projectes.xtec.cat\/internacional\/wp-json\/wp\/v2\/pages"}],"about":[{"href":"https:\/\/projectes.xtec.cat\/internacional\/wp-json\/wp\/v2\/types\/page"}],"author":[{"embeddable":true,"href":"https:\/\/projectes.xtec.cat\/internacional\/wp-json\/wp\/v2\/users\/1"}],"replies":[{"embeddable":true,"href":"https:\/\/projectes.xtec.cat\/internacional\/wp-json\/wp\/v2\/comments?post=13282"}],"version-history":[{"count":4,"href":"https:\/\/projectes.xtec.cat\/internacional\/wp-json\/wp\/v2\/pages\/13282\/revisions"}],"predecessor-version":[{"id":18430,"href":"https:\/\/projectes.xtec.cat\/internacional\/wp-json\/wp\/v2\/pages\/13282\/revisions\/18430"}],"up":[{"embeddable":true,"href":"https:\/\/projectes.xtec.cat\/internacional\/wp-json\/wp\/v2\/pages\/11962"}],"wp:attachment":[{"href":"https:\/\/projectes.xtec.cat\/internacional\/wp-json\/wp\/v2\/media?parent=13282"}],"curies":[{"name":"wp","href":"https:\/\/api.w.org\/{rel}","templated":true}]}}