{"id":13648,"date":"2024-04-02T15:44:08","date_gmt":"2024-04-02T13:44:08","guid":{"rendered":"https:\/\/projectes.xtec.cat\/internacional\/?page_id=13648"},"modified":"2025-05-21T09:52:37","modified_gmt":"2025-05-21T07:52:37","slug":"premis-europeus-densenyament-innovador-eita","status":"publish","type":"page","link":"https:\/\/projectes.xtec.cat\/internacional\/que-es-erasmus\/premis-europeus-densenyament-innovador-eita\/","title":{"rendered":"Premis Europeus d&#8217;Ensenyament Innovador (EITA)"},"content":{"rendered":"<p>&nbsp;<\/p>\n<p><img decoding=\"async\" src=\"http:\/\/www.sepie.es\/img\/cabecera_eita.jpg\" alt=\"\" \/><a href=\"https:\/\/projectes.xtec.cat\/internacional\/wp-content\/uploads\/usu1767\/2024\/04\/cabecera_eita.jpg\"><img loading=\"lazy\" decoding=\"async\" class=\"wp-image-13640 alignleft\" src=\"https:\/\/projectes.xtec.cat\/internacional\/wp-content\/uploads\/usu1767\/2024\/04\/cabecera_eita-300x119.jpg\" alt=\"\" width=\"444\" height=\"176\" srcset=\"https:\/\/projectes.xtec.cat\/internacional\/wp-content\/uploads\/usu1767\/2024\/04\/cabecera_eita-300x119.jpg 300w, https:\/\/projectes.xtec.cat\/internacional\/wp-content\/uploads\/usu1767\/2024\/04\/cabecera_eita-1024x406.jpg 1024w, https:\/\/projectes.xtec.cat\/internacional\/wp-content\/uploads\/usu1767\/2024\/04\/cabecera_eita-768x304.jpg 768w, https:\/\/projectes.xtec.cat\/internacional\/wp-content\/uploads\/usu1767\/2024\/04\/cabecera_eita.jpg 1110w\" sizes=\"auto, (max-width: 444px) 100vw, 444px\" \/><\/a>Els EITA (per les seves sigles en angl\u00e8s: <em class=\"insuit-i-to-em\">European Innovative Teaching Awards<\/em>)\u00a0s\u00f3n uns premis anuals que es van atorgar per primera vegada el 2021, tot coincidint amb l&#8217;inici del nou programa Erasmus+ 2021-2027. El premi vol ressaltar les practiques docents m\u00e9s rellevants dins del programa Erasmus+, aix\u00ed com recon\u00e8ixer el treball del professorat i dels centres educatius participants en projectes de cooperaci\u00f3 europea. Aquesta iniciativa pret\u00e9n posar en relleu el valor de la cooperaci\u00f3 europea en l&#8217;\u00e0mbit de l&#8217;educaci\u00f3, aix\u00ed com l&#8217;establiment de l&#8217;Espai Europeu d&#8217;Educaci\u00f3.<\/p>\n<p>S&#8217;atorguen quatre premis per cada pa\u00eds participant en el programa Erasmus+, un per cadascuna de les seg\u00fcents categories: Educaci\u00f3 Infantil; Educaci\u00f3 Prim\u00e0ria; Educaci\u00f3 Secund\u00e0ria; Formaci\u00f3 Professional. Les Ag\u00e8ncies Nacionals del programa Erasmus+ s\u00f3n les encarregades de realitzar la selecci\u00f3 dels premiats. Es tracta d&#8217;un reconeixement a la tasca dels docents que no comporta cap dotaci\u00f3 econ\u00f2mica.<\/p>\n<p>El premi t\u00e9 un enfocament tem\u00e0tic cada any i reconeix els docents i centres que amb els seus projectes hagin treballar sobre alguna de les prioritats establertes per l&#8217;Espai Europeu d&#8217;Educaci\u00f3. Pel 2024 el tema \u00e9s <strong>El benestar a l&#8217;escola<\/strong>, en connexi\u00f3 amb la implantaci\u00f3 de la iniciativa<strong>\u00a0<a href=\"https:\/\/education.ec.europa.eu\/education-levels\/school-education\/pathways-to-school-success\">Camins cap a l&#8217;\u00e8xit escolar<\/a><\/strong>, i que explora la creaci\u00f3 d&#8217;un enfocament sist\u00e8mic i integral per al benestar i la salut mental a les escoles.<\/p>\n<p>Els objectius del Premi Europeu a l&#8217;Ensenyament Innovador (EITA) s\u00f3n:<\/p>\n<ul>\n<li>Recon\u00e8ixer els \u00e8xits dels docents i dels centres i homenatjar el seu treball.<\/li>\n<li>Identificar i promoure pr\u00e0ctiques d&#8217;excel\u00b7l\u00e8ncia d&#8217;ensenyament i aprenentatge.<\/li>\n<li>Utilitzar el premi com a mitj\u00e0 d&#8217;aprenentatge mutu.<\/li>\n<li>Destacar el valor del programa Erasmus+ per a la col\u00b7laboraci\u00f3 del professorat europeu i la creaci\u00f3 de l&#8217;Espai Europeu d&#8217;Educaci\u00f3.<\/li>\n<\/ul>\n<p><a href=\"http:\/\/www.sepie.es\/iniciativas\/eita\/index.html#3\">CONVOCAT\u00d2RIA 2024<\/a><\/p>\n<p><a href=\"https:\/\/innovative-teaching-award.ec.europa.eu\/index_en\">Web premis EITA (Comissi\u00f3 Europea)<\/a><\/p>\n","protected":false},"excerpt":{"rendered":"<p>&nbsp;<br \/>\n<a href=\"https:\/\/projectes.xtec.cat\/internacional\/wp-content\/uploads\/usu1767\/2024\/04\/cabecera_eita.jpg\"><\/a>Els EITA (per les seves sigles en angl\u00e8s: European Innovative Teaching Awards)\u00a0s\u00f3n uns premis anuals que es van atorgar per primera vegada el 2021, tot coincidint amb l&#8217;inici del nou programa Erasmus+ 2021-2027. El premi vol ressaltar les practiques docents m\u00e9s rellevants dins del&hellip;  <a href=\"https:\/\/projectes.xtec.cat\/internacional\/que-es-erasmus\/premis-europeus-densenyament-innovador-eita\/\" title=\"Read Premis Europeus d&#8217;Ensenyament Innovador (EITA)\">Llegeix m\u00e9s\u00bb<\/a><\/p>\n","protected":false},"author":1,"featured_media":0,"parent":10478,"menu_order":2,"comment_status":"closed","ping_status":"closed","template":"page-templates\/side-menu.php","meta":{"_bbp_topic_count":0,"_bbp_reply_count":0,"_bbp_total_topic_count":0,"_bbp_total_reply_count":0,"_bbp_voice_count":0,"_bbp_anonymous_reply_count":0,"_bbp_topic_count_hidden":0,"_bbp_reply_count_hidden":0,"_bbp_forum_subforum_count":0,"footnotes":""},"class_list":["post-13648","page","type-page","status-publish","hentry"],"post_mailing_queue_ids":[],"_links":{"self":[{"href":"https:\/\/projectes.xtec.cat\/internacional\/wp-json\/wp\/v2\/pages\/13648","targetHints":{"allow":["GET"]}}],"collection":[{"href":"https:\/\/projectes.xtec.cat\/internacional\/wp-json\/wp\/v2\/pages"}],"about":[{"href":"https:\/\/projectes.xtec.cat\/internacional\/wp-json\/wp\/v2\/types\/page"}],"author":[{"embeddable":true,"href":"https:\/\/projectes.xtec.cat\/internacional\/wp-json\/wp\/v2\/users\/1"}],"replies":[{"embeddable":true,"href":"https:\/\/projectes.xtec.cat\/internacional\/wp-json\/wp\/v2\/comments?post=13648"}],"version-history":[{"count":4,"href":"https:\/\/projectes.xtec.cat\/internacional\/wp-json\/wp\/v2\/pages\/13648\/revisions"}],"predecessor-version":[{"id":15789,"href":"https:\/\/projectes.xtec.cat\/internacional\/wp-json\/wp\/v2\/pages\/13648\/revisions\/15789"}],"up":[{"embeddable":true,"href":"https:\/\/projectes.xtec.cat\/internacional\/wp-json\/wp\/v2\/pages\/10478"}],"wp:attachment":[{"href":"https:\/\/projectes.xtec.cat\/internacional\/wp-json\/wp\/v2\/media?parent=13648"}],"curies":[{"name":"wp","href":"https:\/\/api.w.org\/{rel}","templated":true}]}}

<p>&nbsp;</p>
<p><img decoding="async" src="http://www.sepie.es/img/cabecera_eita.jpg" alt="" /><a href="https://projectes.xtec.cat/internacional/wp-content/uploads/usu1767/2024/04/cabecera_eita.jpg"><img loading="lazy" decoding="async" class="wp-image-13640 alignleft" src="https://projectes.xtec.cat/internacional/wp-content/uploads/usu1767/2024/04/cabecera_eita-300x119.jpg" alt="" width="444" height="176" srcset="https://projectes.xtec.cat/internacional/wp-content/uploads/usu1767/2024/04/cabecera_eita-300x119.jpg 300w, https://projectes.xtec.cat/internacional/wp-content/uploads/usu1767/2024/04/cabecera_eita-1024x406.jpg 1024w, https://projectes.xtec.cat/internacional/wp-content/uploads/usu1767/2024/04/cabecera_eita-768x304.jpg 768w, https://projectes.xtec.cat/internacional/wp-content/uploads/usu1767/2024/04/cabecera_eita.jpg 1110w" sizes="auto, (max-width: 444px) 100vw, 444px" /></a>Els EITA (per les seves sigles en anglès: <em class="insuit-i-to-em">European Innovative Teaching Awards</em>) són uns premis anuals que es van atorgar per primera vegada el 2021, tot coincidint amb l&#8217;inici del nou programa Erasmus+ 2021-2027. El premi vol ressaltar les practiques docents més rellevants dins del programa Erasmus+, així com reconèixer el treball del professorat i dels centres educatius participants en projectes de cooperació europea. Aquesta iniciativa pretén posar en relleu el valor de la cooperació europea en l&#8217;àmbit de l&#8217;educació, així com l&#8217;establiment de l&#8217;Espai Europeu d&#8217;Educació.</p>
<p>S&#8217;atorguen quatre premis per cada país participant en el programa Erasmus+, un per cadascuna de les següents categories: Educació Infantil; Educació Primària; Educació Secundària; Formació Professional. Les Agències Nacionals del programa Erasmus+ són les encarregades de realitzar la selecció dels premiats. Es tracta d&#8217;un reconeixement a la tasca dels docents que no comporta cap dotació econòmica.</p>
<p>El premi té un enfocament temàtic cada any i reconeix els docents i centres que amb els seus projectes hagin treballar sobre alguna de les prioritats establertes per l&#8217;Espai Europeu d&#8217;Educació. Pel 2024 el tema és <strong>El benestar a l&#8217;escola</strong>, en connexió amb la implantació de la iniciativa<strong> <a href="https://education.ec.europa.eu/education-levels/school-education/pathways-to-school-success">Camins cap a l&#8217;èxit escolar</a></strong>, i que explora la creació d&#8217;un enfocament sistèmic i integral per al benestar i la salut mental a les escoles.</p>
<p>Els objectius del Premi Europeu a l&#8217;Ensenyament Innovador (EITA) són:</p>
<ul>
<li>Reconèixer els èxits dels docents i dels centres i homenatjar el seu treball.</li>
<li>Identificar i promoure pràctiques d&#8217;excel·lència d&#8217;ensenyament i aprenentatge.</li>
<li>Utilitzar el premi com a mitjà d&#8217;aprenentatge mutu.</li>
<li>Destacar el valor del programa Erasmus+ per a la col·laboració del professorat europeu i la creació de l&#8217;Espai Europeu d&#8217;Educació.</li>
</ul>
<p><a href="http://www.sepie.es/iniciativas/eita/index.html#3">CONVOCATÒRIA 2024</a></p>
<p><a href="https://innovative-teaching-award.ec.europa.eu/index_en">Web premis EITA (Comissió Europea)</a></p>

<p>&nbsp;<br />
<a href="https://projectes.xtec.cat/internacional/wp-content/uploads/usu1767/2024/04/cabecera_eita.jpg"></a>Els EITA (per les seves sigles en anglès: European Innovative Teaching Awards) són uns premis anuals que es van atorgar per primera vegada el 2021, tot coincidint amb l&#8217;inici del nou programa Erasmus+ 2021-2027. El premi vol ressaltar les practiques docents més rellevants dins del&hellip;  <a href="https://projectes.xtec.cat/internacional/que-es-erasmus/premis-europeus-densenyament-innovador-eita/" title="Read Premis Europeus d&#8217;Ensenyament Innovador (EITA)">Llegeix més»</a></p>
