{"id":13943,"date":"2024-06-21T10:49:59","date_gmt":"2024-06-21T08:49:59","guid":{"rendered":"https:\/\/projectes.xtec.cat\/internacional\/?page_id=13943"},"modified":"2025-06-20T13:03:32","modified_gmt":"2025-06-20T11:03:32","slug":"global-scholars-nature-and-our-cities-2023-2024","status":"publish","type":"page","link":"https:\/\/projectes.xtec.cat\/internacional\/altres-programes\/que-es-un-programa-dinternacionalitzacio\/global-scholars-nature-and-our-cities-2023-2024\/","title":{"rendered":"Global Scholars &#8211; Nature and our Cities 2023-2024"},"content":{"rendered":"<h6>Durant el curs 2023-2024, Global Scholars ha motivat els centres educatius catalans participants a explorar la rellev\u00e0ncia de la naturalesa i els espais verds en la nostra vida quotidiana.<\/h6>\n<h6>A trav\u00e9s dels seus Community Action Projects, els centres educatius han presentat projectes finals que exemplifiquen el seu comprom\u00eds amb la conscienciaci\u00f3 sobre aquest tema, contribuint a enfortir les comunitats educatives. Felicitats a tots els participants per la seva excel\u00b7lent feina i dedicaci\u00f3 en aquesta important q\u00fcesti\u00f3.<\/h6>\n<p>&nbsp;<\/p>\n<div class=\"padlet-embed\" style=\"border: 1px solid rgba(0,0,0,0.1); border-radius: 2px; box-sizing: border-box; overflow: hidden; position: relative; width: 100%; background: #F4F4F4;\">\n<p style=\"padding: 0; margin: 0;\"><iframe style=\"width: 100%; height: 608px; display: block; padding: 0; margin: 0;\" src=\"https:\/\/padlet.com\/embed\/vruhu65je7jj6vju\" frameborder=\"0\" data-mce-fragment=\"1\"><\/iframe><\/p>\n<div style=\"display: flex; align-items: center; justify-content: end; margin: 0; height: 28px;\">\n<div style=\"display: flex; align-items: center;\"><img decoding=\"async\" style=\"padding: 0; margin: 0; background: 0 0; border: none; box-shadow: none;\" src=\"https:\/\/padlet.net\/embeds\/made_with_padlet_2022.png\" alt=\"Made with Padlet\" \/><\/div>\n<\/div>\n<\/div>\n","protected":false},"excerpt":{"rendered":"<p>Durant el curs 2023-2024, Global Scholars ha motivat els centres educatius catalans participants a explorar la rellev\u00e0ncia de la naturalesa i els espais verds en la nostra vida quotidiana.<br \/>\nA trav\u00e9s dels seus Community Action Projects, els centres educatius han presentat projectes finals que exemplifiquen el&hellip;  <a href=\"https:\/\/projectes.xtec.cat\/internacional\/altres-programes\/que-es-un-programa-dinternacionalitzacio\/global-scholars-nature-and-our-cities-2023-2024\/\" title=\"Read Global Scholars &#8211; Nature and our Cities 2023-2024\">Llegeix m\u00e9s\u00bb<\/a><\/p>\n","protected":false},"author":315,"featured_media":0,"parent":8208,"menu_order":1,"comment_status":"closed","ping_status":"closed","template":"page-templates\/side-menu.php","meta":{"_bbp_topic_count":0,"_bbp_reply_count":0,"_bbp_total_topic_count":0,"_bbp_total_reply_count":0,"_bbp_voice_count":0,"_bbp_anonymous_reply_count":0,"_bbp_topic_count_hidden":0,"_bbp_reply_count_hidden":0,"_bbp_forum_subforum_count":0,"footnotes":""},"class_list":["post-13943","page","type-page","status-publish","hentry"],"post_mailing_queue_ids":[],"_links":{"self":[{"href":"https:\/\/projectes.xtec.cat\/internacional\/wp-json\/wp\/v2\/pages\/13943","targetHints":{"allow":["GET"]}}],"collection":[{"href":"https:\/\/projectes.xtec.cat\/internacional\/wp-json\/wp\/v2\/pages"}],"about":[{"href":"https:\/\/projectes.xtec.cat\/internacional\/wp-json\/wp\/v2\/types\/page"}],"author":[{"embeddable":true,"href":"https:\/\/projectes.xtec.cat\/internacional\/wp-json\/wp\/v2\/users\/315"}],"replies":[{"embeddable":true,"href":"https:\/\/projectes.xtec.cat\/internacional\/wp-json\/wp\/v2\/comments?post=13943"}],"version-history":[{"count":1,"href":"https:\/\/projectes.xtec.cat\/internacional\/wp-json\/wp\/v2\/pages\/13943\/revisions"}],"predecessor-version":[{"id":13945,"href":"https:\/\/projectes.xtec.cat\/internacional\/wp-json\/wp\/v2\/pages\/13943\/revisions\/13945"}],"up":[{"embeddable":true,"href":"https:\/\/projectes.xtec.cat\/internacional\/wp-json\/wp\/v2\/pages\/8208"}],"wp:attachment":[{"href":"https:\/\/projectes.xtec.cat\/internacional\/wp-json\/wp\/v2\/media?parent=13943"}],"curies":[{"name":"wp","href":"https:\/\/api.w.org\/{rel}","templated":true}]}}

<h6>Durant el curs 2023-2024, Global Scholars ha motivat els centres educatius catalans participants a explorar la rellevància de la naturalesa i els espais verds en la nostra vida quotidiana.</h6>
<h6>A través dels seus Community Action Projects, els centres educatius han presentat projectes finals que exemplifiquen el seu compromís amb la conscienciació sobre aquest tema, contribuint a enfortir les comunitats educatives. Felicitats a tots els participants per la seva excel·lent feina i dedicació en aquesta important qüestió.</h6>
<p>&nbsp;</p>
<div class="padlet-embed" style="border: 1px solid rgba(0,0,0,0.1); border-radius: 2px; box-sizing: border-box; overflow: hidden; position: relative; width: 100%; background: #F4F4F4;">
<p style="padding: 0; margin: 0;"><iframe style="width: 100%; height: 608px; display: block; padding: 0; margin: 0;" src="https://padlet.com/embed/vruhu65je7jj6vju" frameborder="0" data-mce-fragment="1"></iframe></p>
<div style="display: flex; align-items: center; justify-content: end; margin: 0; height: 28px;">
<div style="display: flex; align-items: center;"><img decoding="async" style="padding: 0; margin: 0; background: 0 0; border: none; box-shadow: none;" src="https://padlet.net/embeds/made_with_padlet_2022.png" alt="Made with Padlet" /></div>
</div>
</div>

<p>Durant el curs 2023-2024, Global Scholars ha motivat els centres educatius catalans participants a explorar la rellevància de la naturalesa i els espais verds en la nostra vida quotidiana.<br />
A través dels seus Community Action Projects, els centres educatius han presentat projectes finals que exemplifiquen el&hellip;  <a href="https://projectes.xtec.cat/internacional/altres-programes/que-es-un-programa-dinternacionalitzacio/global-scholars-nature-and-our-cities-2023-2024/" title="Read Global Scholars &#8211; Nature and our Cities 2023-2024">Llegeix més»</a></p>
