{"id":14439,"date":"2024-10-01T14:18:15","date_gmt":"2024-10-01T12:18:15","guid":{"rendered":"https:\/\/projectes.xtec.cat\/internacional\/?page_id=14439"},"modified":"2026-01-09T14:04:04","modified_gmt":"2026-01-09T13:04:04","slug":"da-film-festival","status":"publish","type":"page","link":"https:\/\/projectes.xtec.cat\/internacional\/altres-programes\/accions-dentorn\/cinema-en-versio-original-subtitulada-en-catala-vosc\/da-film-festival\/","title":{"rendered":"D&#8217;A Film Festival"},"content":{"rendered":"<p>El Departament d\u2019Educaci\u00f3 i Formaci\u00f3 Professional, en col\u00b7laboraci\u00f3 amb D&#8217;A Festival de Cinema de Barcelona, organitza les sessions matinals per a centres educatius amb el millor cinema independent i d&#8217;autor del moment.<\/p>\n<p>En aquestes sessions presencials a la ciutat comtal, els centres educatius podran assistir a la projecci\u00f3 d\u2019una pel\u00b7l\u00edcula de les que es projectaran i de tem\u00e0tica actual.<\/p>\n<p>Totes les sessions comptaran d\u2019una presentaci\u00f3 pr\u00e8via i un debat posterior amb els participants per tractar temes sorgits a partir del contingut dels metratges.<\/p>\n<p>Els principals objectius de l\u2019activitat s\u00f3n els seg\u00fcents:<\/p>\n<ul>\n<li>Apropar el m\u00f3n del cinema independent a l\u2019alumnat.<\/li>\n<li>Discutir, opinar i reflexionar sobre temes actuals.<\/li>\n<li>Treballar el pensament cr\u00edtic.<\/li>\n<li>Practicar les lleng\u00fces estrangeres en un entorn diferent del de l\u2019aula.<\/li>\n<\/ul>\n<p><strong>Descripci\u00f3 de l\u2019activitat<\/strong>:<br \/>\nAquesta activitat gratu\u00efta va adre\u00e7ada a l\u2019alumnat de 4t d\u2019ESO i Batxillerat dels centres de Barcelona i la seva rodalia. Tindran prefer\u00e8ncia els centres p\u00fablics, seguint l\u2019ordre de sol\u00b7licitud i fins a esgotar les places disponibles.<\/p>\n<p>Els centres educatius que hi participin triaran una pel\u00b7l\u00edcula d\u2019entre les recomanades.<br \/>\nUn especialista introduir\u00e0 cada sessi\u00f3 i es far\u00e0 un debat posterior, exclusivament per a les sessions presencials.<br \/>\nEs proporcionar\u00e0 material addicional per continuar treballant a l\u2019aula.<\/p>\n","protected":false},"excerpt":{"rendered":"<p>El Departament d\u2019Educaci\u00f3 i Formaci\u00f3 Professional, en col\u00b7laboraci\u00f3 amb D&#8217;A Festival de Cinema de Barcelona, organitza les sessions matinals per a centres educatius amb el millor cinema independent i d&#8217;autor del moment.<br \/>\nEn aquestes sessions presencials a la ciutat comtal, els centres educatius podran assistir a&hellip;  <a href=\"https:\/\/projectes.xtec.cat\/internacional\/altres-programes\/accions-dentorn\/cinema-en-versio-original-subtitulada-en-catala-vosc\/da-film-festival\/\" title=\"Read D&#8217;A Film Festival\">Llegeix m\u00e9s\u00bb<\/a><\/p>\n","protected":false},"author":1,"featured_media":0,"parent":14436,"menu_order":0,"comment_status":"closed","ping_status":"closed","template":"","meta":{"_bbp_topic_count":0,"_bbp_reply_count":0,"_bbp_total_topic_count":0,"_bbp_total_reply_count":0,"_bbp_voice_count":0,"_bbp_anonymous_reply_count":0,"_bbp_topic_count_hidden":0,"_bbp_reply_count_hidden":0,"_bbp_forum_subforum_count":0,"footnotes":""},"class_list":["post-14439","page","type-page","status-publish","hentry"],"post_mailing_queue_ids":[],"_links":{"self":[{"href":"https:\/\/projectes.xtec.cat\/internacional\/wp-json\/wp\/v2\/pages\/14439","targetHints":{"allow":["GET"]}}],"collection":[{"href":"https:\/\/projectes.xtec.cat\/internacional\/wp-json\/wp\/v2\/pages"}],"about":[{"href":"https:\/\/projectes.xtec.cat\/internacional\/wp-json\/wp\/v2\/types\/page"}],"author":[{"embeddable":true,"href":"https:\/\/projectes.xtec.cat\/internacional\/wp-json\/wp\/v2\/users\/1"}],"replies":[{"embeddable":true,"href":"https:\/\/projectes.xtec.cat\/internacional\/wp-json\/wp\/v2\/comments?post=14439"}],"version-history":[{"count":3,"href":"https:\/\/projectes.xtec.cat\/internacional\/wp-json\/wp\/v2\/pages\/14439\/revisions"}],"predecessor-version":[{"id":18519,"href":"https:\/\/projectes.xtec.cat\/internacional\/wp-json\/wp\/v2\/pages\/14439\/revisions\/18519"}],"up":[{"embeddable":true,"href":"https:\/\/projectes.xtec.cat\/internacional\/wp-json\/wp\/v2\/pages\/14436"}],"wp:attachment":[{"href":"https:\/\/projectes.xtec.cat\/internacional\/wp-json\/wp\/v2\/media?parent=14439"}],"curies":[{"name":"wp","href":"https:\/\/api.w.org\/{rel}","templated":true}]}}

<p>El Departament d’Educació i Formació Professional, en col·laboració amb D&#8217;A Festival de Cinema de Barcelona, organitza les sessions matinals per a centres educatius amb el millor cinema independent i d&#8217;autor del moment.</p>
<p>En aquestes sessions presencials a la ciutat comtal, els centres educatius podran assistir a la projecció d’una pel·lícula de les que es projectaran i de temàtica actual.</p>
<p>Totes les sessions comptaran d’una presentació prèvia i un debat posterior amb els participants per tractar temes sorgits a partir del contingut dels metratges.</p>
<p>Els principals objectius de l’activitat són els següents:</p>
<ul>
<li>Apropar el món del cinema independent a l’alumnat.</li>
<li>Discutir, opinar i reflexionar sobre temes actuals.</li>
<li>Treballar el pensament crític.</li>
<li>Practicar les llengües estrangeres en un entorn diferent del de l’aula.</li>
</ul>
<p><strong>Descripció de l’activitat</strong>:<br />
Aquesta activitat gratuïta va adreçada a l’alumnat de 4t d’ESO i Batxillerat dels centres de Barcelona i la seva rodalia. Tindran preferència els centres públics, seguint l’ordre de sol·licitud i fins a esgotar les places disponibles.</p>
<p>Els centres educatius que hi participin triaran una pel·lícula d’entre les recomanades.<br />
Un especialista introduirà cada sessió i es farà un debat posterior, exclusivament per a les sessions presencials.<br />
Es proporcionarà material addicional per continuar treballant a l’aula.</p>

<p>El Departament d’Educació i Formació Professional, en col·laboració amb D&#8217;A Festival de Cinema de Barcelona, organitza les sessions matinals per a centres educatius amb el millor cinema independent i d&#8217;autor del moment.<br />
En aquestes sessions presencials a la ciutat comtal, els centres educatius podran assistir a&hellip;  <a href="https://projectes.xtec.cat/internacional/altres-programes/accions-dentorn/cinema-en-versio-original-subtitulada-en-catala-vosc/da-film-festival/" title="Read D&#8217;A Film Festival">Llegeix més»</a></p>
