{"id":16953,"date":"2025-06-06T16:06:41","date_gmt":"2025-06-06T14:06:41","guid":{"rendered":"https:\/\/projectes.xtec.cat\/internacional\/?page_id=16953"},"modified":"2025-12-11T09:24:08","modified_gmt":"2025-12-11T08:24:08","slug":"activitats-de-formacio-i-cooperacio-tca","status":"publish","type":"page","link":"https:\/\/projectes.xtec.cat\/internacional\/que-es-erasmus\/activitats-de-formacio-i-cooperacio-tca\/","title":{"rendered":"Activitats de Formaci\u00f3 i Cooperaci\u00f3 (TCA)"},"content":{"rendered":"<h3>Qu\u00e8 s\u00f3n les Activitats de Formaci\u00f3 i Cooperaci\u00f3?<\/h3>\n<p>Les TCA (Training and Cooperation Activities) s\u00f3n <strong>activitats internacionals<\/strong> (seminaris, programes de formaci\u00f3, confer\u00e8ncies, etc) que formen part del programa Erasmus+ i que ajuden a les institucions o centres educatius dels pa\u00efsos que participen en el Programa Erasmus+ a entrar en contacte i desenvolupar un pla de treball amb altres centres i institucions que desitgin <strong>intercanviar experi\u00e8ncia, col\u00b7laborar en projectes de mobilitat<\/strong> o <strong>establir una Associaci\u00f3 Estrat\u00e8gica<\/strong>. Per tant, un dels objectius principals \u00e9s donar suport a la <strong>creaci\u00f3 de xarxes i associacions<\/strong> entre particulars i institucions i, d&#8217;aquesta forma, contribuir a la consecuci\u00f3 dels objectius del programa Erasmus+.<\/p>\n<p>Amb <strong>Erasmus+ 2021-2027<\/strong> s&#8217;han refor\u00e7at les activitats de cooperaci\u00f3 en mat\u00e8ria de formaci\u00f3 amb els seg\u00fcents <strong>objectius<\/strong>:<\/p>\n<ul>\n<li style=\"list-style-type: none;\">\n<ul>\n<li><strong>fomentar <\/strong>el desenvolupament de projectes alineats amb les objectius i prioritats del programa<\/li>\n<li><strong>ampliar<\/strong> l&#8217;acc\u00e9s a les oportunitats d&#8217;Erasmus+ a noves organitzacions i institucions<\/li>\n<li><strong>promoure<\/strong> les quatre prioritats transversals: inclusi\u00f3 i diversitat, participaci\u00f3 ciutadana, sostenibilitat mediambiental i transformaci\u00f3 digital<\/li>\n<li><strong>Donar suport<\/strong> a la cooperaci\u00f3 entre organitzacions actives en els \u00e0mbits de l&#8217;Educaci\u00f3, la Formaci\u00f3 i la Joventut.<\/li>\n<\/ul>\n<\/li>\n<\/ul>\n<h3>Quin format poden tenir les TCA?<\/h3>\n<ul>\n<li style=\"list-style-type: none;\">\n<ul>\n<li>Seminaris tem\u00e0tics<\/li>\n<li>Activitats tem\u00e0tiques transnacionals<\/li>\n<li>Estudis i an\u00e0lisis transnacionals<\/li>\n<\/ul>\n<\/li>\n<\/ul>\n<h3>Com es pot participar?<\/h3>\n<p>En la p\u00e0gina <a href=\"http:\/\/www.sepie.es\/tca.html\" target=\"_blank\" rel=\"noopener\">web de SEPIE<\/a> pots trobar tota la informaci\u00f3 de les <strong>convocat\u00f2ries<\/strong> de les diferents activitats, les seves fitxes descriptives i els criteris de selecci\u00f3 aplicats per cada Ag\u00e8ncia Nacional.<\/p>\n<p><a href=\"https:\/\/projectes.xtec.cat\/internacional\/wp-content\/uploads\/usu1767\/2025\/06\/TCA-1.png\"><img loading=\"lazy\" decoding=\"async\" class=\" wp-image-17094 aligncenter\" src=\"https:\/\/projectes.xtec.cat\/internacional\/wp-content\/uploads\/usu1767\/2025\/06\/TCA-1-1024x317.png\" alt=\"\" width=\"744\" height=\"230\" srcset=\"https:\/\/projectes.xtec.cat\/internacional\/wp-content\/uploads\/usu1767\/2025\/06\/TCA-1-1024x317.png 1024w, https:\/\/projectes.xtec.cat\/internacional\/wp-content\/uploads\/usu1767\/2025\/06\/TCA-1-300x93.png 300w, https:\/\/projectes.xtec.cat\/internacional\/wp-content\/uploads\/usu1767\/2025\/06\/TCA-1-768x238.png 768w, https:\/\/projectes.xtec.cat\/internacional\/wp-content\/uploads\/usu1767\/2025\/06\/TCA-1.png 1409w\" sizes=\"auto, (max-width: 744px) 100vw, 744px\" \/><\/a><\/p>\n<p>Si esteu interessats, podeu accedir a totes les not\u00edcies relacionades amb les <a href=\"https:\/\/projectes.xtec.cat\/internacional\/categoria\/tca\/\" target=\"_blank\" rel=\"noopener\">Activitats de Formaci\u00f3 i Cooperaci\u00f3.<\/a><\/p>\n<p>Per obtenir m\u00e9s informaci\u00f3 sobre les TCA pots visitar <a href=\"https:\/\/salto-et.net\/\" target=\"_blank\" rel=\"noopener\">SALTO, Education &amp; Training<\/a>.<\/p>\n<p>&nbsp;<\/p>\n<p>&nbsp;<\/p>\n","protected":false},"excerpt":{"rendered":"<p>Qu\u00e8 s\u00f3n les Activitats de Formaci\u00f3 i Cooperaci\u00f3?<br \/>\nLes TCA (Training and Cooperation Activities) s\u00f3n activitats internacionals (seminaris, programes de formaci\u00f3, confer\u00e8ncies, etc) que formen part del programa Erasmus+ i que ajuden a les institucions o centres educatius dels pa\u00efsos que participen en el Programa Erasmus+&hellip;  <a href=\"https:\/\/projectes.xtec.cat\/internacional\/que-es-erasmus\/activitats-de-formacio-i-cooperacio-tca\/\" title=\"Read Activitats de Formaci\u00f3 i Cooperaci\u00f3 (TCA)\">Llegeix m\u00e9s\u00bb<\/a><\/p>\n","protected":false},"author":325,"featured_media":0,"parent":10478,"menu_order":4,"comment_status":"closed","ping_status":"closed","template":"page-templates\/side-menu.php","meta":{"_bbp_topic_count":0,"_bbp_reply_count":0,"_bbp_total_topic_count":0,"_bbp_total_reply_count":0,"_bbp_voice_count":0,"_bbp_anonymous_reply_count":0,"_bbp_topic_count_hidden":0,"_bbp_reply_count_hidden":0,"_bbp_forum_subforum_count":0,"footnotes":""},"class_list":["post-16953","page","type-page","status-publish","hentry"],"post_mailing_queue_ids":[],"_links":{"self":[{"href":"https:\/\/projectes.xtec.cat\/internacional\/wp-json\/wp\/v2\/pages\/16953","targetHints":{"allow":["GET"]}}],"collection":[{"href":"https:\/\/projectes.xtec.cat\/internacional\/wp-json\/wp\/v2\/pages"}],"about":[{"href":"https:\/\/projectes.xtec.cat\/internacional\/wp-json\/wp\/v2\/types\/page"}],"author":[{"embeddable":true,"href":"https:\/\/projectes.xtec.cat\/internacional\/wp-json\/wp\/v2\/users\/325"}],"replies":[{"embeddable":true,"href":"https:\/\/projectes.xtec.cat\/internacional\/wp-json\/wp\/v2\/comments?post=16953"}],"version-history":[{"count":6,"href":"https:\/\/projectes.xtec.cat\/internacional\/wp-json\/wp\/v2\/pages\/16953\/revisions"}],"predecessor-version":[{"id":18365,"href":"https:\/\/projectes.xtec.cat\/internacional\/wp-json\/wp\/v2\/pages\/16953\/revisions\/18365"}],"up":[{"embeddable":true,"href":"https:\/\/projectes.xtec.cat\/internacional\/wp-json\/wp\/v2\/pages\/10478"}],"wp:attachment":[{"href":"https:\/\/projectes.xtec.cat\/internacional\/wp-json\/wp\/v2\/media?parent=16953"}],"curies":[{"name":"wp","href":"https:\/\/api.w.org\/{rel}","templated":true}]}}

Activitats de Formació i Cooperació (TCA)

<h3>Què són les Activitats de Formació i Cooperació?</h3>
<p>Les TCA (Training and Cooperation Activities) són <strong>activitats internacionals</strong> (seminaris, programes de formació, conferències, etc) que formen part del programa Erasmus+ i que ajuden a les institucions o centres educatius dels països que participen en el Programa Erasmus+ a entrar en contacte i desenvolupar un pla de treball amb altres centres i institucions que desitgin <strong>intercanviar experiència, col·laborar en projectes de mobilitat</strong> o <strong>establir una Associació Estratègica</strong>. Per tant, un dels objectius principals és donar suport a la <strong>creació de xarxes i associacions</strong> entre particulars i institucions i, d&#8217;aquesta forma, contribuir a la consecució dels objectius del programa Erasmus+.</p>
<p>Amb <strong>Erasmus+ 2021-2027</strong> s&#8217;han reforçat les activitats de cooperació en matèria de formació amb els següents <strong>objectius</strong>:</p>
<ul>
<li style="list-style-type: none;">
<ul>
<li><strong>fomentar </strong>el desenvolupament de projectes alineats amb les objectius i prioritats del programa</li>
<li><strong>ampliar</strong> l&#8217;accés a les oportunitats d&#8217;Erasmus+ a noves organitzacions i institucions</li>
<li><strong>promoure</strong> les quatre prioritats transversals: inclusió i diversitat, participació ciutadana, sostenibilitat mediambiental i transformació digital</li>
<li><strong>Donar suport</strong> a la cooperació entre organitzacions actives en els àmbits de l&#8217;Educació, la Formació i la Joventut.</li>
</ul>
</li>
</ul>
<h3>Quin format poden tenir les TCA?</h3>
<ul>
<li style="list-style-type: none;">
<ul>
<li>Seminaris temàtics</li>
<li>Activitats temàtiques transnacionals</li>
<li>Estudis i anàlisis transnacionals</li>
</ul>
</li>
</ul>
<h3>Com es pot participar?</h3>
<p>En la pàgina <a href="http://www.sepie.es/tca.html" target="_blank" rel="noopener">web de SEPIE</a> pots trobar tota la informació de les <strong>convocatòries</strong> de les diferents activitats, les seves fitxes descriptives i els criteris de selecció aplicats per cada Agència Nacional.</p>
<p><a href="https://projectes.xtec.cat/internacional/wp-content/uploads/usu1767/2025/06/TCA-1.png"><img loading="lazy" decoding="async" class=" wp-image-17094 aligncenter" src="https://projectes.xtec.cat/internacional/wp-content/uploads/usu1767/2025/06/TCA-1-1024x317.png" alt="" width="744" height="230" srcset="https://projectes.xtec.cat/internacional/wp-content/uploads/usu1767/2025/06/TCA-1-1024x317.png 1024w, https://projectes.xtec.cat/internacional/wp-content/uploads/usu1767/2025/06/TCA-1-300x93.png 300w, https://projectes.xtec.cat/internacional/wp-content/uploads/usu1767/2025/06/TCA-1-768x238.png 768w, https://projectes.xtec.cat/internacional/wp-content/uploads/usu1767/2025/06/TCA-1.png 1409w" sizes="auto, (max-width: 744px) 100vw, 744px" /></a></p>
<p>Si esteu interessats, podeu accedir a totes les notícies relacionades amb les <a href="https://projectes.xtec.cat/internacional/categoria/tca/" target="_blank" rel="noopener">Activitats de Formació i Cooperació.</a></p>
<p>Per obtenir més informació sobre les TCA pots visitar <a href="https://salto-et.net/" target="_blank" rel="noopener">SALTO, Education &amp; Training</a>.</p>
<p>&nbsp;</p>
<p>&nbsp;</p>

<p>Què són les Activitats de Formació i Cooperació?<br />
Les TCA (Training and Cooperation Activities) són activitats internacionals (seminaris, programes de formació, conferències, etc) que formen part del programa Erasmus+ i que ajuden a les institucions o centres educatius dels països que participen en el Programa Erasmus+&hellip;  <a href="https://projectes.xtec.cat/internacional/que-es-erasmus/activitats-de-formacio-i-cooperacio-tca/" title="Read Activitats de Formació i Cooperació (TCA)">Llegeix més»</a></p>
