{"id":17198,"date":"2025-06-20T14:08:18","date_gmt":"2025-06-20T12:08:18","guid":{"rendered":"https:\/\/projectes.xtec.cat\/internacional\/?page_id=17198"},"modified":"2025-06-20T14:14:49","modified_gmt":"2025-06-20T12:14:49","slug":"global-scholars-sustainable-cities-2024-2025","status":"publish","type":"page","link":"https:\/\/projectes.xtec.cat\/internacional\/altres-programes\/que-es-un-programa-dinternacionalitzacio\/global-scholars-sustainable-cities-2024-2025\/","title":{"rendered":"Global Scholars &#8211; Sustainable cities 2024-2025"},"content":{"rendered":"<p>Durant el <strong>curs 2024-2025<\/strong>, Global Scholars ha motivat els centres educatius catalans participants a explorar la import\u00e0ncia de construir i mantenir <strong>ciutats sostenibles<\/strong> i a <strong>sensibilitzar l&#8217;alumnat<\/strong> en aquest tema, fent-los part\u00edcips d&#8217;activitats que promoguin la cura del medi ambient,\u00a0 l&#8217;\u00fas responsable dels recursos naturals i una bona qualitat de vida per a tots els habitants.<\/p>\n<p>A trav\u00e9s dels seus Community Action Projects, els centres educatius han presentat projectes finals que exemplifiquen el seu comprom\u00eds amb la conscienciaci\u00f3 sobre aquest tema, contribuint a enfortir les comunitats educatives. Felicitats a tots els participants per la seva excel\u00b7lent feina i dedicaci\u00f3 en aquesta important q\u00fcesti\u00f3.<\/p>\n<div class=\"padlet-embed\" style=\"border: 1px solid rgba(0,0,0,0.1); border-radius: 2px; box-sizing: border-box; overflow: hidden; position: relative; width: 100%; background: #F4F4F4;\">\n<p style=\"padding: 0; margin: 0;\"><iframe style=\"width: 100%; height: 608px; display: block; padding: 0; margin: 0;\" src=\"https:\/\/padlet.com\/embed\/ro41slo0250p9i8x\" frameborder=\"0\"><\/iframe><\/p>\n<div style=\"display: flex; align-items: center; justify-content: end; margin: 0; height: 28px;\">\n<p>&nbsp;<\/p>\n<div style=\"display: flex; align-items: center;\"><img loading=\"lazy\" decoding=\"async\" style=\"padding: 0; margin: 0; background: 0 0; border: none; box-shadow: none;\" src=\"https:\/\/padlet.net\/embeds\/made_with_padlet_2022.png\" alt=\"Fet amb Padlet\" width=\"114\" height=\"28\" \/><\/div>\n<p>&nbsp;<\/p>\n<\/div>\n<\/div>\n","protected":false},"excerpt":{"rendered":"<p>Durant el curs 2024-2025, Global Scholars ha motivat els centres educatius catalans participants a explorar la import\u00e0ncia de construir i mantenir ciutats sostenibles i a sensibilitzar l&#8217;alumnat en aquest tema, fent-los part\u00edcips d&#8217;activitats que promoguin la cura del medi ambient,\u00a0 l&#8217;\u00fas responsable dels recursos naturals&hellip;  <a href=\"https:\/\/projectes.xtec.cat\/internacional\/altres-programes\/que-es-un-programa-dinternacionalitzacio\/global-scholars-sustainable-cities-2024-2025\/\" title=\"Read Global Scholars &#8211; Sustainable cities 2024-2025\">Llegeix m\u00e9s\u00bb<\/a><\/p>\n","protected":false},"author":325,"featured_media":0,"parent":8208,"menu_order":0,"comment_status":"closed","ping_status":"closed","template":"page-templates\/side-menu.php","meta":{"_bbp_topic_count":0,"_bbp_reply_count":0,"_bbp_total_topic_count":0,"_bbp_total_reply_count":0,"_bbp_voice_count":0,"_bbp_anonymous_reply_count":0,"_bbp_topic_count_hidden":0,"_bbp_reply_count_hidden":0,"_bbp_forum_subforum_count":0,"footnotes":""},"class_list":["post-17198","page","type-page","status-publish","hentry"],"post_mailing_queue_ids":[],"_links":{"self":[{"href":"https:\/\/projectes.xtec.cat\/internacional\/wp-json\/wp\/v2\/pages\/17198","targetHints":{"allow":["GET"]}}],"collection":[{"href":"https:\/\/projectes.xtec.cat\/internacional\/wp-json\/wp\/v2\/pages"}],"about":[{"href":"https:\/\/projectes.xtec.cat\/internacional\/wp-json\/wp\/v2\/types\/page"}],"author":[{"embeddable":true,"href":"https:\/\/projectes.xtec.cat\/internacional\/wp-json\/wp\/v2\/users\/325"}],"replies":[{"embeddable":true,"href":"https:\/\/projectes.xtec.cat\/internacional\/wp-json\/wp\/v2\/comments?post=17198"}],"version-history":[{"count":4,"href":"https:\/\/projectes.xtec.cat\/internacional\/wp-json\/wp\/v2\/pages\/17198\/revisions"}],"predecessor-version":[{"id":17204,"href":"https:\/\/projectes.xtec.cat\/internacional\/wp-json\/wp\/v2\/pages\/17198\/revisions\/17204"}],"up":[{"embeddable":true,"href":"https:\/\/projectes.xtec.cat\/internacional\/wp-json\/wp\/v2\/pages\/8208"}],"wp:attachment":[{"href":"https:\/\/projectes.xtec.cat\/internacional\/wp-json\/wp\/v2\/media?parent=17198"}],"curies":[{"name":"wp","href":"https:\/\/api.w.org\/{rel}","templated":true}]}}