{"id":17847,"date":"2025-11-10T16:14:56","date_gmt":"2025-11-10T15:14:56","guid":{"rendered":"https:\/\/projectes.xtec.cat\/internacional\/?page_id=17847"},"modified":"2025-12-01T14:12:48","modified_gmt":"2025-12-01T13:12:48","slug":"exemples-activitats-curs-2023-2024","status":"publish","type":"page","link":"https:\/\/projectes.xtec.cat\/internacional\/auxiliars-de-conversa\/activitats-dutes-a-terme-per-auxiliars-a-centres-educatius-catalans\/exemples-activitats-curs-2023-2024\/","title":{"rendered":"Exemples activitats curs 2023-2024"},"content":{"rendered":"<table>\n<tbody>\n<tr style=\"height: 80px;\">\n<td style=\"width: 6.77321%; height: 80px;\"><strong>Nom del centre educatiu<\/strong><\/td>\n<td style=\"width: 6.16438%; height: 80px;\"><strong>Municipi<\/strong><\/td>\n<td style=\"width: 3.88128%; height: 80px;\"><strong>ST<\/strong><\/td>\n<td style=\"width: 6.5449%; height: 80px;\"><strong>Idioma<\/strong><\/td>\n<td style=\"width: 7.30594%; height: 80px;\"><strong>Nivell educatiu<\/strong><\/td>\n<td style=\"width: 13.8508%; height: 80px;\"><strong>T\u00edtol de l&#8217;activitat<\/strong><\/td>\n<td style=\"width: 26.6362%; height: 80px;\"><strong>Enlla\u00e7 a l&#8217;activitat<\/strong><\/td>\n<td style=\"width: 27.4734%; height: 80px;\"><strong>Enlla\u00e7 als materials<\/strong><\/td>\n<\/tr>\n<tr style=\"height: 80px;\">\n<td style=\"width: 6.77321%; height: 80px;\"><span style=\"font-weight: 400;\">Institut La Pineda<\/span><\/td>\n<td style=\"width: 6.16438%; height: 80px;\"><span style=\"font-weight: 400;\">Badalona<\/span><\/td>\n<td style=\"width: 3.88128%; height: 80px;\"><span style=\"font-weight: 400;\">BNS<\/span><\/td>\n<td style=\"width: 6.5449%; height: 80px;\"><span style=\"font-weight: 400;\">ALEMANY<\/span><\/td>\n<td style=\"width: 7.30594%; height: 80px;\"><span style=\"font-weight: 400;\">Formaci\u00f3 Professional<\/span><\/td>\n<td style=\"width: 13.8508%; height: 80px;\"><span style=\"font-weight: 400;\">Heute wird gekocht<\/span><\/td>\n<td style=\"width: 26.6362%; height: 80px;\"><a href=\"https:\/\/drive.google.com\/file\/d\/1DYbIC5_u1QkuMv3ZdWT9McZ64BtEL1Kz\/view?usp=sharing\"><span style=\"font-weight: 400;\" data-rich-links=\"{&quot;fple-t&quot;:&quot;Programacio_INS La Pineda_Alemany_2023 2024.pdf&quot;,&quot;fple-u&quot;:&quot;https:\/\/drive.google.com\/file\/d\/1DYbIC5_u1QkuMv3ZdWT9McZ64BtEL1Kz\/view?usp=sharing&quot;,&quot;fple-mt&quot;:&quot;application\/pdf&quot;,&quot;type&quot;:&quot;first-party-link&quot;}\">Programacio_INS La Pineda_Alemany_2023 2024.pdf<\/span><\/a><\/td>\n<td style=\"width: 27.4734%; height: 80px;\"><a href=\"https:\/\/drive.google.com\/file\/d\/1q39LYKm0Qx4fBGFus9phUynqKNvLaQQa\/view?usp=sharing\"><span style=\"font-weight: 400;\" data-rich-links=\"{&quot;fple-t&quot;:&quot;Material_INS La Pineda_Alemany_2023 2024.pdf&quot;,&quot;fple-u&quot;:&quot;https:\/\/drive.google.com\/file\/d\/1q39LYKm0Qx4fBGFus9phUynqKNvLaQQa\/view?usp=sharing&quot;,&quot;fple-mt&quot;:&quot;application\/pdf&quot;,&quot;type&quot;:&quot;first-party-link&quot;}\">Material_INS La Pineda_Alemany_2023 2024.pdf<\/span><\/a><\/td>\n<\/tr>\n<tr style=\"height: 80px;\">\n<td style=\"width: 6.77321%; height: 80px;\"><span style=\"font-weight: 400;\">Institut Sa Palomera<\/span><\/td>\n<td style=\"width: 6.16438%; height: 80px;\"><span style=\"font-weight: 400;\">Blanes<\/span><\/td>\n<td style=\"width: 3.88128%; height: 80px;\"><span style=\"font-weight: 400;\">GIR<\/span><\/td>\n<td style=\"width: 6.5449%; height: 80px;\"><span style=\"font-weight: 400;\">ALEMANY<\/span><\/td>\n<td style=\"width: 7.30594%; height: 80px;\"><span style=\"font-weight: 400;\">Batxillerat<\/span><\/td>\n<td style=\"width: 13.8508%; height: 80px;\"><span style=\"font-weight: 400;\">P\u00fcnktchen und Anton<\/span><\/td>\n<td style=\"width: 26.6362%; height: 80px;\"><a href=\"https:\/\/drive.google.com\/file\/d\/1e4VWDEuAHnWikOb2OyWAK4Z0-CQ2aqUX\/view?usp=sharing\"><span style=\"font-weight: 400;\" data-rich-links=\"{&quot;fple-t&quot;:&quot;programaci\u00f3_INS SA PALOMERA_ALEMANY_ 23_24.docx.pdf&quot;,&quot;fple-u&quot;:&quot;https:\/\/drive.google.com\/file\/d\/1e4VWDEuAHnWikOb2OyWAK4Z0-CQ2aqUX\/view?usp=sharing&quot;,&quot;fple-mt&quot;:&quot;application\/pdf&quot;,&quot;type&quot;:&quot;first-party-link&quot;}\">programaci\u00f3_INS SA PALOMERA_ALEMANY_ 23_24.docx.pdf<\/span><\/a><\/td>\n<td style=\"width: 27.4734%; height: 80px;\"><\/td>\n<\/tr>\n<tr style=\"height: 80px;\">\n<td style=\"width: 6.77321%; height: 80px;\"><span style=\"font-weight: 400;\">Escola Nova<\/span><\/td>\n<td style=\"width: 6.16438%; height: 80px;\"><span style=\"font-weight: 400;\">Cervell\u00f3<\/span><\/td>\n<td style=\"width: 3.88128%; height: 80px;\"><span style=\"font-weight: 400;\">BLL<\/span><\/td>\n<td style=\"width: 6.5449%; height: 80px;\"><span style=\"font-weight: 400;\">ANGL\u00c8S<\/span><\/td>\n<td style=\"width: 7.30594%; height: 80px;\"><span style=\"font-weight: 400;\">Prim\u00e0ria<\/span><\/td>\n<td style=\"width: 13.8508%; height: 80px;\"><span style=\"font-weight: 400;\">The power of the 4 R\u2019s<\/span><\/td>\n<td style=\"width: 26.6362%; height: 80px;\"><a href=\"https:\/\/drive.google.com\/file\/d\/1cgLqryPD3_Msyx7bK7HOw2sV5aEaBe3q\/view?usp=sharing\"><span style=\"font-weight: 400;\" data-rich-links=\"{&quot;fple-t&quot;:&quot;Programaci\u00f3_ Esc. Nova Cervell\u00f3_Angl\u00e8s_ 2023-2024.docx.pdf&quot;,&quot;fple-u&quot;:&quot;https:\/\/drive.google.com\/file\/d\/1cgLqryPD3_Msyx7bK7HOw2sV5aEaBe3q\/view?usp=sharing&quot;,&quot;fple-mt&quot;:&quot;application\/pdf&quot;,&quot;type&quot;:&quot;first-party-link&quot;}\">Programaci\u00f3_ Esc. Nova Cervell\u00f3_Angl\u00e8s_ 2023-2024.docx.pdf<\/span><\/a><\/td>\n<td style=\"width: 27.4734%; height: 80px;\"><a href=\"https:\/\/www.loom.com\/share\/f33567b2046a4fe785e6622e6b132e69?sid=17e8f302-229c-4316-9b73-b305a90e1a28\"><span style=\"font-weight: 400;\">Video presentation<\/span><\/a><span style=\"font-weight: 400;\"> de la proposta did\u00e0ctica. Enlla\u00e7 a la<\/span><a href=\"https:\/\/www.canva.com\/design\/DAGCkKh1geI\/4kK45pp5Y-D7uUGsCjJ7-w\/edit?utm_content=DAGCkKh1geI&amp;utm_campaign=designshare&amp;utm_medium=link2&amp;utm_source=sharebutton\"> <span style=\"font-weight: 400;\">Presentation<\/span><\/a><span style=\"font-weight: 400;\"> per accedir als v\u00eddeos de l&#8217;alumnat<\/span><\/td>\n<\/tr>\n<tr style=\"height: 148px;\">\n<td style=\"width: 6.77321%; height: 148px;\"><span style=\"font-weight: 400;\">Institut La Pineda<\/span><\/td>\n<td style=\"width: 6.16438%; height: 148px;\"><span style=\"font-weight: 400;\">Badalona<\/span><\/td>\n<td style=\"width: 3.88128%; height: 148px;\"><span style=\"font-weight: 400;\">BNS<\/span><\/td>\n<td style=\"width: 6.5449%; height: 148px;\"><span style=\"font-weight: 400;\">ANGL\u00c8S<\/span><\/td>\n<td style=\"width: 7.30594%; height: 148px;\"><span style=\"font-weight: 400;\">Formaci\u00f3 Professional<\/span><\/td>\n<td style=\"width: 13.8508%; height: 148px;\"><span style=\"font-weight: 400;\">Can we design our confidence-building t-shirt?<\/span><\/td>\n<td style=\"width: 26.6362%; height: 148px;\"><a href=\"https:\/\/drive.google.com\/file\/d\/14YHcQ4vCf50SdXF3H_2tLUNdHLZasPYi\/view?usp=sharing\"><span style=\"font-weight: 400;\" data-rich-links=\"{&quot;fple-t&quot;:&quot;Programacio_INS La Pineda_Angles_2023 2024.pdf&quot;,&quot;fple-u&quot;:&quot;https:\/\/drive.google.com\/file\/d\/14YHcQ4vCf50SdXF3H_2tLUNdHLZasPYi\/view?usp=sharing&quot;,&quot;fple-mt&quot;:&quot;application\/pdf&quot;,&quot;type&quot;:&quot;first-party-link&quot;}\">Programacio_INS La Pineda_Angles_2023 2024.pdf<\/span><\/a><\/td>\n<td style=\"width: 27.4734%; height: 148px;\"><a href=\"https:\/\/drive.google.com\/file\/d\/1tgQMVjIf8zSBLJmbbViCqNHC4W1vOW22\/view?usp=sharing\"><span style=\"font-weight: 400;\" data-rich-links=\"{&quot;fple-t&quot;:&quot;Material_INS La Pineda_Angles_2023_2024.pdf&quot;,&quot;fple-u&quot;:&quot;https:\/\/drive.google.com\/file\/d\/1tgQMVjIf8zSBLJmbbViCqNHC4W1vOW22\/view?usp=sharing&quot;,&quot;fple-mt&quot;:&quot;application\/pdf&quot;,&quot;type&quot;:&quot;first-party-link&quot;}\">Material_INS La Pineda_Angles_2023_2024.pdf<\/span><\/a><\/td>\n<\/tr>\n<tr style=\"height: 80px;\">\n<td style=\"width: 6.77321%; height: 80px;\"><span style=\"font-weight: 400;\">Institut Taradell<\/span><\/td>\n<td style=\"width: 6.16438%; height: 80px;\"><span style=\"font-weight: 400;\">Taradell<\/span><\/td>\n<td style=\"width: 3.88128%; height: 80px;\"><span style=\"font-weight: 400;\">CCE<\/span><\/td>\n<td style=\"width: 6.5449%; height: 80px;\"><span style=\"font-weight: 400;\">ANGL\u00c8S<\/span><\/td>\n<td style=\"width: 7.30594%; height: 80px;\"><span style=\"font-weight: 400;\">Secund\u00e0ria<\/span><\/td>\n<td style=\"width: 13.8508%; height: 80px;\"><span style=\"font-weight: 400;\">Ethical shopping<\/span><\/td>\n<td style=\"width: 26.6362%; height: 80px;\"><a href=\"https:\/\/drive.google.com\/file\/d\/1O6tyUBvNY3qCSvIzF4VZlTSPAMU9cKAP\/view?usp=sharing\"><span style=\"font-weight: 400;\" data-rich-links=\"{&quot;fple-t&quot;:&quot;Programaci\u00f3_insTaradell_angl\u00e8s_23_24.pdf&quot;,&quot;fple-u&quot;:&quot;https:\/\/drive.google.com\/file\/d\/1O6tyUBvNY3qCSvIzF4VZlTSPAMU9cKAP\/view?usp=sharing&quot;,&quot;fple-mt&quot;:&quot;application\/pdf&quot;,&quot;type&quot;:&quot;first-party-link&quot;}\">Programaci\u00f3_insTaradell_angl\u00e8s_23_24.pdf<\/span><\/a><\/td>\n<td style=\"width: 27.4734%; height: 80px;\"><a href=\"https:\/\/drive.google.com\/file\/d\/1EVOyNlPs3bW3t5QdfdMVaDWuqyE6Tt1x\/view?usp=sharing\"><span style=\"font-weight: 400;\" data-rich-links=\"{&quot;fple-t&quot;:&quot;material_INSTaradell_angl\u00e8s_23_24.pdf&quot;,&quot;fple-u&quot;:&quot;https:\/\/drive.google.com\/file\/d\/1EVOyNlPs3bW3t5QdfdMVaDWuqyE6Tt1x\/view?usp=sharing&quot;,&quot;fple-mt&quot;:&quot;application\/pdf&quot;,&quot;type&quot;:&quot;first-party-link&quot;}\">material_INSTaradell_angl\u00e8s_23_24.pdf<\/span><\/a><\/td>\n<\/tr>\n<tr style=\"height: 103px;\">\n<td style=\"width: 6.77321%; height: 103px;\"><span style=\"font-weight: 400;\">Escola L&#8217;Olivar Vell<\/span><\/td>\n<td style=\"width: 6.16438%; height: 103px;\"><span style=\"font-weight: 400;\">Escalany\u00e0<\/span><\/td>\n<td style=\"width: 3.88128%; height: 103px;\"><span style=\"font-weight: 400;\">GIR<\/span><\/td>\n<td style=\"width: 6.5449%; height: 103px;\"><span style=\"font-weight: 400;\">ANGL\u00c8S<\/span><\/td>\n<td style=\"width: 7.30594%; height: 103px;\"><span style=\"font-weight: 400;\">Prim\u00e0ria<\/span><\/td>\n<td style=\"width: 13.8508%; height: 103px;\"><span style=\"font-weight: 400;\">Swap, not shop!<\/span><\/td>\n<td style=\"width: 26.6362%; height: 103px;\"><a href=\"https:\/\/drive.google.com\/file\/d\/1Ouu8yi2OOy6R4zERgPXvpHUrFPKN94LO\/view?usp=sharing\"><span style=\"font-weight: 400;\" data-rich-links=\"{&quot;fple-t&quot;:&quot;programaci\u00f3_ ESC OLIVAR VELL_ 2023-2024.docx.pdf&quot;,&quot;fple-u&quot;:&quot;https:\/\/drive.google.com\/file\/d\/1Ouu8yi2OOy6R4zERgPXvpHUrFPKN94LO\/view?usp=sharing&quot;,&quot;fple-mt&quot;:&quot;application\/pdf&quot;,&quot;type&quot;:&quot;first-party-link&quot;}\">programaci\u00f3_ ESC OLIVAR VELL_ 2023-2024.docx.pdf<\/span><\/a><\/td>\n<td style=\"width: 27.4734%; height: 103px;\"><a href=\"https:\/\/drive.google.com\/file\/d\/18US4ueAAhpNpjz5Q-M8BeiNf_GytseU3\/view?usp=sharing\"><span style=\"font-weight: 400;\" data-rich-links=\"{&quot;fple-t&quot;:&quot;Clothing Sustainability Breakdown.pdf&quot;,&quot;fple-u&quot;:&quot;https:\/\/drive.google.com\/file\/d\/18US4ueAAhpNpjz5Q-M8BeiNf_GytseU3\/view?usp=sharing&quot;,&quot;fple-mt&quot;:&quot;application\/pdf&quot;,&quot;type&quot;:&quot;first-party-link&quot;}\">Clothing Sustainability Breakdown.pdf<\/span><\/a><\/td>\n<\/tr>\n<tr style=\"height: 126px;\">\n<td style=\"width: 6.77321%; height: 126px;\"><span style=\"font-weight: 400;\">Escola Mare de D\u00e9u de Montserrat<\/span><\/td>\n<td style=\"width: 6.16438%; height: 126px;\"><span style=\"font-weight: 400;\">Malgrat de Mar<\/span><\/td>\n<td style=\"width: 3.88128%; height: 126px;\"><span style=\"font-weight: 400;\">MVO<\/span><\/td>\n<td style=\"width: 6.5449%; height: 126px;\"><span style=\"font-weight: 400;\">ANGL\u00c8S<\/span><\/td>\n<td style=\"width: 7.30594%; height: 126px;\"><span style=\"font-weight: 400;\">Prim\u00e0ria<\/span><\/td>\n<td style=\"width: 13.8508%; height: 126px;\"><span style=\"font-weight: 400;\">Different Cultures, Different Traditions<\/span><\/td>\n<td style=\"width: 26.6362%; height: 126px;\"><a href=\"https:\/\/drive.google.com\/file\/d\/1aFhWsuhpLy0y8XPzQ1srYOvmrDZXtRxb\/view?usp=sharing\"><span style=\"font-weight: 400;\" data-rich-links=\"{&quot;fple-t&quot;:&quot;Programacio_EscMaredeDeudeMontserrat_angles_23_24.pdf&quot;,&quot;fple-u&quot;:&quot;https:\/\/drive.google.com\/file\/d\/1aFhWsuhpLy0y8XPzQ1srYOvmrDZXtRxb\/view?usp=sharing&quot;,&quot;fple-mt&quot;:&quot;application\/pdf&quot;,&quot;type&quot;:&quot;first-party-link&quot;}\">Programacio_EscMaredeDeudeMontserrat_angles_23_24.pdf<\/span><\/a><\/td>\n<td style=\"width: 27.4734%; height: 126px;\"><a href=\"https:\/\/drive.google.com\/file\/d\/1r_NLhOxDMy6CPwznsHmDustLKr1DsIJu\/view?usp=sharing\"><span style=\"font-weight: 400;\" data-rich-links=\"{&quot;fple-t&quot;:&quot;MATERIAL_EscMaredeDeudeMontserrat_angles_23_24.pdf&quot;,&quot;fple-u&quot;:&quot;https:\/\/drive.google.com\/file\/d\/1r_NLhOxDMy6CPwznsHmDustLKr1DsIJu\/view?usp=sharing&quot;,&quot;fple-mt&quot;:&quot;application\/pdf&quot;,&quot;type&quot;:&quot;first-party-link&quot;}\">MATERIAL_EscMaredeDeudeMontserrat_angles_23_24.pdf<\/span><\/a><\/td>\n<\/tr>\n<tr style=\"height: 194px;\">\n<td style=\"width: 6.77321%; height: 194px;\"><span style=\"font-weight: 400;\">Institut Torrent dels Alous<\/span><\/td>\n<td style=\"width: 6.16438%; height: 194px;\"><span style=\"font-weight: 400;\">Rub\u00ed<\/span><\/td>\n<td style=\"width: 3.88128%; height: 194px;\"><span style=\"font-weight: 400;\">VOC<\/span><\/td>\n<td style=\"width: 6.5449%; height: 194px;\"><span style=\"font-weight: 400;\">ANGL\u00c8S<\/span><\/td>\n<td style=\"width: 7.30594%; height: 194px;\"><span style=\"font-weight: 400;\">Batxillerat<\/span><\/td>\n<td style=\"width: 13.8508%; height: 194px;\"><span style=\"font-weight: 400;\">What do you think of that? A podcast for teenagers by teenagers<\/span><\/td>\n<td style=\"width: 26.6362%; height: 194px;\"><a href=\"https:\/\/drive.google.com\/file\/d\/1kyErTbiC39WswOOgSvjQWueKgj0fCekt\/view?usp=sharing\"><span style=\"font-weight: 400;\" data-rich-links=\"{&quot;fple-t&quot;:&quot;Programaci\u00f3_INS Torrent dels Alous_Angl\u00e8s_23_24.pdf&quot;,&quot;fple-u&quot;:&quot;https:\/\/drive.google.com\/file\/d\/1kyErTbiC39WswOOgSvjQWueKgj0fCekt\/view?usp=sharing&quot;,&quot;fple-mt&quot;:&quot;application\/pdf&quot;,&quot;type&quot;:&quot;first-party-link&quot;}\">Programaci\u00f3_INS Torrent dels Alous_Angl\u00e8s_23_24.pdf<\/span><\/a><\/td>\n<td style=\"width: 27.4734%; height: 194px;\"><a href=\"https:\/\/drive.google.com\/file\/d\/1g__Jm9aWGCVsGeN9D2Ui5kTmsAxBy3sS\/view?usp=sharing\"><span style=\"font-weight: 400;\" data-rich-links=\"{&quot;fple-t&quot;:&quot;material_INS Torrent dels Alous_angles_23_24.pdf&quot;,&quot;fple-u&quot;:&quot;https:\/\/drive.google.com\/file\/d\/1g__Jm9aWGCVsGeN9D2Ui5kTmsAxBy3sS\/view?usp=sharing&quot;,&quot;fple-mt&quot;:&quot;application\/pdf&quot;,&quot;type&quot;:&quot;first-party-link&quot;}\">material_INS Torrent dels Alous_angles_23_24.pdf<\/span><\/a><\/td>\n<\/tr>\n<tr style=\"height: 261px;\">\n<td style=\"width: 6.77321%; height: 261px;\"><span style=\"font-weight: 400;\">Escola La Trama<\/span><\/td>\n<td style=\"width: 6.16438%; height: 261px;\"><span style=\"font-weight: 400;\">Sabadell<\/span><\/td>\n<td style=\"width: 3.88128%; height: 261px;\"><span style=\"font-weight: 400;\">VOC<\/span><\/td>\n<td style=\"width: 6.5449%; height: 261px;\"><span style=\"font-weight: 400;\">ANGL\u00c8S<\/span><\/td>\n<td style=\"width: 7.30594%; height: 261px;\"><span style=\"font-weight: 400;\">Prim\u00e0ria<\/span><\/td>\n<td style=\"width: 13.8508%; height: 261px;\"><span style=\"font-weight: 400;\">Introducing La Trama School to a very special visitor (Project-Ohio and Sabadell, a cultural exchange)<\/span><\/td>\n<td style=\"width: 26.6362%; height: 261px;\"><a href=\"https:\/\/drive.google.com\/file\/d\/1yl4_LJi9mzX4rKtPHUYxFAClaVlakYXP\/view?usp=sharing\"><span style=\"font-weight: 400;\" data-rich-links=\"{&quot;fple-t&quot;:&quot;Programaci\u00f3_ESC LaTrama_Angl\u00e8s_23_24.pdf&quot;,&quot;fple-u&quot;:&quot;https:\/\/drive.google.com\/file\/d\/1yl4_LJi9mzX4rKtPHUYxFAClaVlakYXP\/view?usp=sharing&quot;,&quot;fple-mt&quot;:&quot;application\/pdf&quot;,&quot;type&quot;:&quot;first-party-link&quot;}\">Programaci\u00f3_ESC LaTrama_Angl\u00e8s_23_24.pdf<\/span><\/a><\/td>\n<td style=\"width: 27.4734%; height: 261px;\"><a href=\"https:\/\/drive.google.com\/file\/d\/1gQJW3u9Hyza1MAHqCHaFBrDBqAQULNs5\/view?usp=sharing\"><span style=\"font-weight: 400;\" data-rich-links=\"{&quot;fple-t&quot;:&quot;material_escola la trama_angles_23_24.pdf.pdf&quot;,&quot;fple-u&quot;:&quot;https:\/\/drive.google.com\/file\/d\/1gQJW3u9Hyza1MAHqCHaFBrDBqAQULNs5\/view?usp=sharing&quot;,&quot;fple-mt&quot;:&quot;application\/pdf&quot;,&quot;type&quot;:&quot;first-party-link&quot;}\">material_escola la trama_angles_23_24.pdf.pdf<\/span><\/a><\/td>\n<\/tr>\n<tr style=\"height: 171px;\">\n<td style=\"width: 6.77321%; height: 171px;\"><span style=\"font-weight: 400;\">Institut Celest\u00ed Bellera<\/span><\/td>\n<td style=\"width: 6.16438%; height: 171px;\"><span style=\"font-weight: 400;\">Granollers<\/span><\/td>\n<td style=\"width: 3.88128%; height: 171px;\"><span style=\"font-weight: 400;\">MVO<\/span><\/td>\n<td style=\"width: 6.5449%; height: 171px;\"><span style=\"font-weight: 400;\">FRANC\u00c8S<\/span><\/td>\n<td style=\"width: 7.30594%; height: 171px;\"><span style=\"font-weight: 400;\">Secund\u00e0ria<\/span><\/td>\n<td style=\"width: 13.8508%; height: 171px;\"><span style=\"font-weight: 400;\">Phono-musique, d\u00e9couvrez la musique actuelle fran\u00e7aise<\/span><\/td>\n<td style=\"width: 26.6362%; height: 171px;\"><a href=\"https:\/\/drive.google.com\/file\/d\/18CSbMtA1MGPJo9xItTomiHYAYAziswB-\/view?usp=sharing\"><span style=\"font-weight: 400;\" data-rich-links=\"{&quot;fple-t&quot;:&quot;Programaci\u00f3_INS Celest\u00ed Bellera_Franc\u00e8s_23_24.pdf&quot;,&quot;fple-u&quot;:&quot;https:\/\/drive.google.com\/file\/d\/18CSbMtA1MGPJo9xItTomiHYAYAziswB-\/view?usp=sharing&quot;,&quot;fple-mt&quot;:&quot;application\/pdf&quot;,&quot;type&quot;:&quot;first-party-link&quot;}\">Programaci\u00f3_INS Celest\u00ed Bellera_Franc\u00e8s_23_24.pdf<\/span><\/a><\/td>\n<td style=\"width: 27.4734%; height: 171px;\"><\/td>\n<\/tr>\n<tr style=\"height: 103px;\">\n<td style=\"width: 6.77321%; height: 103px;\"><span style=\"font-weight: 400;\">Institut Baix Camp<\/span><\/td>\n<td style=\"width: 6.16438%; height: 103px;\"><span style=\"font-weight: 400;\">Reus<\/span><\/td>\n<td style=\"width: 3.88128%; height: 103px;\"><span style=\"font-weight: 400;\">TAR<\/span><\/td>\n<td style=\"width: 6.5449%; height: 103px;\"><span style=\"font-weight: 400;\">FRANC\u00c8S<\/span><\/td>\n<td style=\"width: 7.30594%; height: 103px;\"><span style=\"font-weight: 400;\">Secund\u00e0ria<\/span><\/td>\n<td style=\"width: 13.8508%; height: 103px;\"><span style=\"font-weight: 400;\">Mes loisirs!<\/span><\/td>\n<td style=\"width: 26.6362%; height: 103px;\"><a href=\"https:\/\/drive.google.com\/file\/d\/1D2R1BamIpzf11s7cJWTnVCygo5lEpY8c\/view?usp=sharing\"><span style=\"font-weight: 400;\" data-rich-links=\"{&quot;fple-t&quot;:&quot;SA2024INSBaixCamp.pdf&quot;,&quot;fple-u&quot;:&quot;https:\/\/drive.google.com\/file\/d\/1D2R1BamIpzf11s7cJWTnVCygo5lEpY8c\/view?usp=sharing&quot;,&quot;fple-mt&quot;:&quot;application\/pdf&quot;,&quot;type&quot;:&quot;first-party-link&quot;}\">SA2024INSBaixCamp.pdf<\/span><\/a><\/td>\n<td style=\"width: 27.4734%; height: 103px;\"><\/td>\n<\/tr>\n<tr style=\"height: 80px;\">\n<td style=\"width: 6.77321%; height: 80px;\"><span style=\"font-weight: 400;\">Institut La Candelera<\/span><\/td>\n<td style=\"width: 6.16438%; height: 80px;\"><span style=\"font-weight: 400;\">L&#8217;Ametlla de mar<\/span><\/td>\n<td style=\"width: 3.88128%; height: 80px;\"><span style=\"font-weight: 400;\">TEB<\/span><\/td>\n<td style=\"width: 6.5449%; height: 80px;\"><span style=\"font-weight: 400;\">FRANC\u00c8S<\/span><\/td>\n<td style=\"width: 7.30594%; height: 80px;\"><span style=\"font-weight: 400;\">Secund\u00e0ria<\/span><\/td>\n<td style=\"width: 13.8508%; height: 80px;\"><span style=\"font-weight: 400;\">On devient Booktubers!<\/span><\/td>\n<td style=\"width: 26.6362%; height: 80px;\"><a href=\"https:\/\/drive.google.com\/file\/d\/1qpPB5jNuZ0Bxyu9qz3s5aYj9RhM3YopO\/view?usp=sharing\"><span style=\"font-weight: 400;\" data-rich-links=\"{&quot;fple-t&quot;:&quot;4. Programacio_institutlacandelera_23_24.docx.pdf&quot;,&quot;fple-u&quot;:&quot;https:\/\/drive.google.com\/file\/d\/1qpPB5jNuZ0Bxyu9qz3s5aYj9RhM3YopO\/view?usp=sharing&quot;,&quot;fple-mt&quot;:&quot;application\/pdf&quot;,&quot;type&quot;:&quot;first-party-link&quot;}\">4. Programacio_institutlacandelera_23_24.docx.pdf<\/span><\/a><\/td>\n<td style=\"width: 27.4734%; height: 80px;\"><\/td>\n<\/tr>\n<tr style=\"height: 80px;\">\n<td style=\"width: 6.77321%; height: 80px;\"><span style=\"font-weight: 400;\">EOI Lleida<\/span><\/td>\n<td style=\"width: 6.16438%; height: 80px;\"><span style=\"font-weight: 400;\">Lleida<\/span><\/td>\n<td style=\"width: 3.88128%; height: 80px;\"><span style=\"font-weight: 400;\">LLE<\/span><\/td>\n<td style=\"width: 6.5449%; height: 80px;\"><span style=\"font-weight: 400;\">ITALI\u00c0<\/span><\/td>\n<td style=\"width: 7.30594%; height: 80px;\"><span style=\"font-weight: 400;\">EOI<\/span><\/td>\n<td style=\"width: 13.8508%; height: 80px;\"><span style=\"font-weight: 400;\">Italia da gustare<\/span><\/td>\n<td style=\"width: 26.6362%; height: 80px;\"><a href=\"https:\/\/drive.google.com\/file\/d\/1BqZlgR6KJlqVuhrPZQM9rgf8jAECbelA\/view?usp=sharing\"><span style=\"font-weight: 400;\" data-rich-links=\"{&quot;fple-t&quot;:&quot;Programaci\u00f3_EOI de Lleida_itali\u00e0_23-24.pdf.pdf&quot;,&quot;fple-u&quot;:&quot;https:\/\/drive.google.com\/file\/d\/1BqZlgR6KJlqVuhrPZQM9rgf8jAECbelA\/view?usp=sharing&quot;,&quot;fple-mt&quot;:&quot;application\/pdf&quot;,&quot;type&quot;:&quot;first-party-link&quot;}\">Programaci\u00f3_EOI de Lleida_itali\u00e0_23-24.pdf.pdf<\/span><\/a><\/td>\n<td style=\"width: 27.4734%; height: 80px;\"><a href=\"https:\/\/drive.google.com\/file\/d\/1JM8qvzkhAl-xNsZ2dK2YFKkjq0dpRXl9\/view?usp=sharing\"><span style=\"font-weight: 400;\" data-rich-links=\"{&quot;fple-t&quot;:&quot;material_EOI Lleida_itali\u00e0_23-24.pdf&quot;,&quot;fple-u&quot;:&quot;https:\/\/drive.google.com\/file\/d\/1JM8qvzkhAl-xNsZ2dK2YFKkjq0dpRXl9\/view?usp=sharing&quot;,&quot;fple-mt&quot;:&quot;application\/pdf&quot;,&quot;type&quot;:&quot;first-party-link&quot;}\">material_EOI Lleida_itali\u00e0_23-24.pdf<\/span><\/a><\/td>\n<\/tr>\n<\/tbody>\n<\/table>\n","protected":false},"excerpt":{"rendered":"<p>Nom del centre educatiu<br \/>\nMunicipi<br \/>\nST<br \/>\nIdioma<br \/>\nNivell educatiu<br \/>\nT\u00edtol de l&#8217;activitat<br \/>\nEnlla\u00e7 a l&#8217;activitat<br \/>\nEnlla\u00e7 als materials<\/p>\n<p>Institut La Pineda<br \/>\nBadalona<br \/>\nBNS<br \/>\nALEMANY<br \/>\nFormaci\u00f3 Professional<br \/>\nHeute wird gekocht<br \/>\n<a href=\"https:\/\/drive.google.com\/file\/d\/1DYbIC5_u1QkuMv3ZdWT9McZ64BtEL1Kz\/view?usp=sharing\">Programacio_INS La Pineda_Alemany_2023 2024.pdf<\/a><br \/>\n<a href=\"https:\/\/drive.google.com\/file\/d\/1q39LYKm0Qx4fBGFus9phUynqKNvLaQQa\/view?usp=sharing\">Material_INS La Pineda_Alemany_2023 2024.pdf<\/a><\/p>\n<p>Institut Sa Palomera<br \/>\nBlanes<br \/>\nGIR<br \/>\nALEMANY<br \/>\nBatxillerat<br \/>\nP\u00fcnktchen und Anton<br \/>\n<a href=\"https:\/\/drive.google.com\/file\/d\/1e4VWDEuAHnWikOb2OyWAK4Z0-CQ2aqUX\/view?usp=sharing\">programaci\u00f3_INS SA PALOMERA_ALEMANY_ 23_24.docx.pdf<\/a><\/p>\n<p>Escola Nova<br \/>\nCervell\u00f3<br \/>\nBLL<br \/>\nANGL\u00c8S<br \/>\nPrim\u00e0ria<br \/>\nThe power of the 4 R\u2019s<br \/>\n<a href=\"https:\/\/drive.google.com\/file\/d\/1cgLqryPD3_Msyx7bK7HOw2sV5aEaBe3q\/view?usp=sharing\">Programaci\u00f3_ Esc. Nova Cervell\u00f3_Angl\u00e8s_ 2023-2024.docx.pdf<\/a><br \/>\n<a href=\"https:\/\/www.loom.com\/share\/f33567b2046a4fe785e6622e6b132e69?sid=17e8f302-229c-4316-9b73-b305a90e1a28\">Video presentation<\/a>&hellip;  <a href=\"https:\/\/projectes.xtec.cat\/internacional\/auxiliars-de-conversa\/activitats-dutes-a-terme-per-auxiliars-a-centres-educatius-catalans\/exemples-activitats-curs-2023-2024\/\" title=\"Read Exemples activitats curs 2023-2024\">Llegeix m\u00e9s\u00bb<\/a><\/p>\n","protected":false},"author":1,"featured_media":0,"parent":14216,"menu_order":1,"comment_status":"closed","ping_status":"closed","template":"","meta":{"_bbp_topic_count":0,"_bbp_reply_count":0,"_bbp_total_topic_count":0,"_bbp_total_reply_count":0,"_bbp_voice_count":0,"_bbp_anonymous_reply_count":0,"_bbp_topic_count_hidden":0,"_bbp_reply_count_hidden":0,"_bbp_forum_subforum_count":0,"footnotes":""},"class_list":["post-17847","page","type-page","status-publish","hentry"],"post_mailing_queue_ids":[],"_links":{"self":[{"href":"https:\/\/projectes.xtec.cat\/internacional\/wp-json\/wp\/v2\/pages\/17847","targetHints":{"allow":["GET"]}}],"collection":[{"href":"https:\/\/projectes.xtec.cat\/internacional\/wp-json\/wp\/v2\/pages"}],"about":[{"href":"https:\/\/projectes.xtec.cat\/internacional\/wp-json\/wp\/v2\/types\/page"}],"author":[{"embeddable":true,"href":"https:\/\/projectes.xtec.cat\/internacional\/wp-json\/wp\/v2\/users\/1"}],"replies":[{"embeddable":true,"href":"https:\/\/projectes.xtec.cat\/internacional\/wp-json\/wp\/v2\/comments?post=17847"}],"version-history":[{"count":1,"href":"https:\/\/projectes.xtec.cat\/internacional\/wp-json\/wp\/v2\/pages\/17847\/revisions"}],"predecessor-version":[{"id":17849,"href":"https:\/\/projectes.xtec.cat\/internacional\/wp-json\/wp\/v2\/pages\/17847\/revisions\/17849"}],"up":[{"embeddable":true,"href":"https:\/\/projectes.xtec.cat\/internacional\/wp-json\/wp\/v2\/pages\/14216"}],"wp:attachment":[{"href":"https:\/\/projectes.xtec.cat\/internacional\/wp-json\/wp\/v2\/media?parent=17847"}],"curies":[{"name":"wp","href":"https:\/\/api.w.org\/{rel}","templated":true}]}}