{"id":608,"date":"2015-11-27T10:04:51","date_gmt":"2015-11-27T09:04:51","guid":{"rendered":"http:\/\/projectes.xtec.cat\/internacional\/?page_id=608"},"modified":"2025-12-19T08:18:13","modified_gmt":"2025-12-19T07:18:13","slug":"enllacos-dinteres","status":"publish","type":"page","link":"https:\/\/projectes.xtec.cat\/internacional\/que-es-erasmus\/enllacos-dinteres\/","title":{"rendered":"Enlla\u00e7os d&#8217;inter\u00e8s Erasmus+"},"content":{"rendered":"<p><strong><em>Servicio Espa\u00f1ol para la Internacionalizaci\u00f3n de la Educaci\u00f3n<\/em> (SEPIE):<\/strong><\/p>\n<ul>\n<li><a href=\"http:\/\/sepie.es\/educacion-escolar\/index.html\">Educaci\u00f3 escolar \u00a0<\/a><\/li>\n<li><a href=\"http:\/\/sepie.es\/educacion-adultos\/index.html\">Educaci\u00f3 de persones adultes<\/a><\/li>\n<\/ul>\n<p><a href=\"http:\/\/xtec.gencat.cat\/ca\/projectes\/plurilinguisme\/programes\/internacionals\/erasmusplus\/\"><strong>Xtec \u2013 Programa Erasmus+<\/strong><\/a><\/p>\n<p><a href=\"https:\/\/erasmus-plus.ec.europa.eu\/es\"><strong>European Comission \u2013 Erasmus+<\/strong><\/a><\/p>\n<p><a href=\"https:\/\/ec.europa.eu\/programmes\/erasmus-plus\/opportunities\/school-education-staff_en\"><strong>Guia pr\u00e0ctica per a responsables educatius<\/strong><\/a><\/p>\n<p><strong><a href=\"http:\/\/sepie.es\/comunicacion\/imagen.html\">Identitat visual i logotips Erasmus+<\/a><\/strong><\/p>\n<p><strong><a href=\"http:\/\/sepie.es\/iniciativas\/sello\/index.html\">Segell Europeu de les Lleng\u00fces<\/a><\/strong><\/p>\n<p><strong>Plataformes de gesti\u00f3 Erasmus+:<\/strong><\/p>\n<ul>\n<li><a href=\"https:\/\/ecas.ec.europa.eu\/cas\/oauth2\/authorize?loginRequestId=ECAS_LR-4332553-rWNc2nzzNa9iizGeQmOXBUVKahzjSv9eTNJgOzzNK0MwFqI1s890j3gIn5zUa9audD5EyrkGcbZFVbSpCPigGiDS-R2zIpfT8xjMRim4zQb5g7N-jVJ9qjxZYPSPRBXeIsOjFdfu8rzXsHMYSd29hNWvM4aoIpPGgVgsdiJonamJWXHobWm8t09U7CeKxPYzeKWVJL\">Plataforma M\u00f2dul del Beneficiari\u00a0\u00a0<\/a><\/li>\n<li><a href=\"https:\/\/sepie.erasmusplus.gob.es\/ulises\/\">Portal Ulises<\/a><\/li>\n<li><a href=\"https:\/\/erasmus-plus.ec.europa.eu\/projects\">Plataforma de Resultats Erasmus+<\/a><\/li>\n<\/ul>\n<p>&nbsp;<\/p>\n<p><img loading=\"lazy\" decoding=\"async\" class=\"alignnone wp-image-18403 size-full\" src=\"https:\/\/projectes.xtec.cat\/internacional\/wp-content\/uploads\/usu1767\/2025\/12\/marketing-leyenda-virtual.gif\" alt=\"\" width=\"961\" height=\"693\" \/><\/p>\n","protected":false},"excerpt":{"rendered":"<p>Servicio Espa\u00f1ol para la Internacionalizaci\u00f3n de la Educaci\u00f3n (SEPIE):<\/p>\n<ul>\n<li><a href=\"http:\/\/sepie.es\/educacion-escolar\/index.html\">Educaci\u00f3 escolar \u00a0<\/a><\/li>\n<li><a href=\"http:\/\/sepie.es\/educacion-adultos\/index.html\">Educaci\u00f3 de persones adultes<\/a><\/li>\n<\/ul>\n<p><a href=\"http:\/\/xtec.gencat.cat\/ca\/projectes\/plurilinguisme\/programes\/internacionals\/erasmusplus\/\">Xtec \u2013 Programa Erasmus+<\/a><br \/>\n<a href=\"https:\/\/erasmus-plus.ec.europa.eu\/es\">European Comission \u2013 Erasmus+<\/a><br \/>\n<a href=\"https:\/\/ec.europa.eu\/programmes\/erasmus-plus\/opportunities\/school-education-staff_en\">Guia pr\u00e0ctica per a responsables educatius<\/a><br \/>\n<a href=\"http:\/\/sepie.es\/comunicacion\/imagen.html\">Identitat visual i logotips Erasmus+<\/a><br \/>\n<a href=\"http:\/\/sepie.es\/iniciativas\/sello\/index.html\">Segell Europeu de les Lleng\u00fces<\/a><br \/>\nPlataformes de gesti\u00f3 Erasmus+:<\/p>\n<ul>\n<li><a href=\"https:\/\/ecas.ec.europa.eu\/cas\/oauth2\/authorize?loginRequestId=ECAS_LR-4332553-rWNc2nzzNa9iizGeQmOXBUVKahzjSv9eTNJgOzzNK0MwFqI1s890j3gIn5zUa9audD5EyrkGcbZFVbSpCPigGiDS-R2zIpfT8xjMRim4zQb5g7N-jVJ9qjxZYPSPRBXeIsOjFdfu8rzXsHMYSd29hNWvM4aoIpPGgVgsdiJonamJWXHobWm8t09U7CeKxPYzeKWVJL\">Plataforma M\u00f2dul&hellip;  <a href=\"https:\/\/projectes.xtec.cat\/internacional\/que-es-erasmus\/enllacos-dinteres\/\" title=\"Read Enlla\u00e7os d&#8217;inter\u00e8s Erasmus+\">Llegeix m\u00e9s\u00bb<\/a><br \/>\n","protected":false},"author":1,"featured_media":0,"parent":10478,"menu_order":6,"comment_status":"closed","ping_status":"closed","template":"page-templates\/side-menu.php","meta":{"_bbp_topic_count":0,"_bbp_reply_count":0,"_bbp_total_topic_count":0,"_bbp_total_reply_count":0,"_bbp_voice_count":0,"_bbp_anonymous_reply_count":0,"_bbp_topic_count_hidden":0,"_bbp_reply_count_hidden":0,"_bbp_forum_subforum_count":0,"footnotes":""},"class_list":["post-608","page","type-page","status-publish","hentry"],"post_mailing_queue_ids":[],"_links":{"self":[{"href":"https:\/\/projectes.xtec.cat\/internacional\/wp-json\/wp\/v2\/pages\/608","targetHints":{"allow":["GET"]}}],"collection":[{"href":"https:\/\/projectes.xtec.cat\/internacional\/wp-json\/wp\/v2\/pages"}],"about":[{"href":"https:\/\/projectes.xtec.cat\/internacional\/wp-json\/wp\/v2\/types\/page"}],"author":[{"embeddable":true,"href":"https:\/\/projectes.xtec.cat\/internacional\/wp-json\/wp\/v2\/users\/1"}],"replies":[{"embeddable":true,"href":"https:\/\/projectes.xtec.cat\/internacional\/wp-json\/wp\/v2\/comments?post=608"}],"version-history":[{"count":9,"href":"https:\/\/projectes.xtec.cat\/internacional\/wp-json\/wp\/v2\/pages\/608\/revisions"}],"predecessor-version":[{"id":18441,"href":"https:\/\/projectes.xtec.cat\/internacional\/wp-json\/wp\/v2\/pages\/608\/revisions\/18441"}],"up":[{"embeddable":true,"href":"https:\/\/projectes.xtec.cat\/internacional\/wp-json\/wp\/v2\/pages\/10478"}],"wp:attachment":[{"href":"https:\/\/projectes.xtec.cat\/internacional\/wp-json\/wp\/v2\/media?parent=608"}],"curies":[{"name":"wp","href":"https:\/\/api.w.org\/{rel}","templated":true}]}}