{"id":8249,"date":"2018-07-10T12:32:02","date_gmt":"2018-07-10T10:32:02","guid":{"rendered":"http:\/\/projectes.xtec.cat\/internacional\/?page_id=8249"},"modified":"2025-12-09T15:06:08","modified_gmt":"2025-12-09T14:06:08","slug":"faq-2","status":"publish","type":"page","link":"https:\/\/projectes.xtec.cat\/internacional\/faq-2\/","title":{"rendered":"FAQ&#8217;s Erasmus+"},"content":{"rendered":"<p data-start=\"95\" data-end=\"372\"><img loading=\"lazy\" decoding=\"async\" class=\"alignleft\" src=\"https:\/\/img.freepik.com\/premium-vector\/faqs-concept-illustration_114360-5245.jpg\" alt=\"Faqs concept illustration | Premium Vector\" width=\"332\" height=\"221\" \/><\/p>\n<section class=\"hero\" role=\"region\" aria-label=\"Introducci\u00f3 FAQ Erasmus+\">\n<div class=\"hero__content\"><\/div>\n<\/section>\n<p class=\"footer\">Aquest espai de<strong> Preguntes Freq\u00fcents (FAQ\u2019s)<\/strong> est\u00e0 pensat per ajudar els centres i serveis educatius de Catalunya en la gesti\u00f3 i implementaci\u00f3 del seu projecte Erasmus+. Hi trobar\u00e0s respostes clares i ordenades a dubtes de diferent \u00edndole.<\/p>\n<p class=\"footer\">L\u2019objectiu \u00e9s ajudar-te a interpretar la normativa, aplicar-la de forma pr\u00e0ctica i evitar incid\u00e8ncies en el desenvolupament i tancament del projecte. Si despr\u00e9s de consultar les FAQ\u2019s continuen sorgint dubtes, pots contactar amb la<strong> Unitat de Programes Internacionals<\/strong> a trav\u00e9s dels canals habituals.<\/p>\n<p>&nbsp;<\/p>\n<div class=\"flip-card\" style=\"float: left; padding-right: 5px;width:300px;height:px !important'\">\n          <div class=\"flip-card-inner\"'>\n              <div class=\"flip-card-front\">\n\t\t\t     <h3>Gesti\u00f3 econ\u00f2mica<\/h3>\n                 <img decoding=\"async\" src=\"https:\/\/projectes.xtec.cat\/cete\/wp-content\/uploads\/usu2644\/2022\/04\/idea.png\" alt=\"\" \/>\n              <\/div>\n\t\t\t  <div class=\"flip-card-back\">\n\t\t\t\t  <h3>Gesti\u00f3 econ\u00f2mica<\/h3>\n\t\t\t\t  <p>FAQ's<\/p>\n\t\t\t\t  <a class='flip-card-button' style='background-color:' target=\"_blank\" href=\"https:\/\/projectes.xtec.cat\/internacional\/categoria\/gestio-economica-projectes-erasmus\/\" rel=\"noopener noreferrer\">Saber-ne m\u00e9s...<\/a>\n\t\t\t  <\/div>\n       <\/div>\n<\/div>\n","protected":false},"excerpt":{"rendered":"<p>Aquest espai de Preguntes Freq\u00fcents (FAQ\u2019s) est\u00e0 pensat per ajudar els centres i serveis educatius de Catalunya en la gesti\u00f3 i implementaci\u00f3 del seu projecte Erasmus+. Hi trobar\u00e0s respostes clares i ordenades a dubtes de diferent \u00edndole.<br \/>\nL\u2019objectiu \u00e9s ajudar-te a interpretar la normativa, aplicar-la de&hellip;  <a href=\"https:\/\/projectes.xtec.cat\/internacional\/faq-2\/\" title=\"Read FAQ&#8217;s Erasmus+\">Llegeix m\u00e9s\u00bb<\/a><\/p>\n","protected":false},"author":2,"featured_media":0,"parent":0,"menu_order":0,"comment_status":"closed","ping_status":"closed","template":"","meta":{"_bbp_topic_count":0,"_bbp_reply_count":0,"_bbp_total_topic_count":0,"_bbp_total_reply_count":0,"_bbp_voice_count":0,"_bbp_anonymous_reply_count":0,"_bbp_topic_count_hidden":0,"_bbp_reply_count_hidden":0,"_bbp_forum_subforum_count":0,"footnotes":""},"class_list":["post-8249","page","type-page","status-publish","hentry"],"post_mailing_queue_ids":[],"_links":{"self":[{"href":"https:\/\/projectes.xtec.cat\/internacional\/wp-json\/wp\/v2\/pages\/8249","targetHints":{"allow":["GET"]}}],"collection":[{"href":"https:\/\/projectes.xtec.cat\/internacional\/wp-json\/wp\/v2\/pages"}],"about":[{"href":"https:\/\/projectes.xtec.cat\/internacional\/wp-json\/wp\/v2\/types\/page"}],"author":[{"embeddable":true,"href":"https:\/\/projectes.xtec.cat\/internacional\/wp-json\/wp\/v2\/users\/2"}],"replies":[{"embeddable":true,"href":"https:\/\/projectes.xtec.cat\/internacional\/wp-json\/wp\/v2\/comments?post=8249"}],"version-history":[{"count":6,"href":"https:\/\/projectes.xtec.cat\/internacional\/wp-json\/wp\/v2\/pages\/8249\/revisions"}],"predecessor-version":[{"id":18344,"href":"https:\/\/projectes.xtec.cat\/internacional\/wp-json\/wp\/v2\/pages\/8249\/revisions\/18344"}],"wp:attachment":[{"href":"https:\/\/projectes.xtec.cat\/internacional\/wp-json\/wp\/v2\/media?parent=8249"}],"curies":[{"name":"wp","href":"https:\/\/api.w.org\/{rel}","templated":true}]}}

<p data-start="95" data-end="372"><img loading="lazy" decoding="async" class="alignleft" src="https://img.freepik.com/premium-vector/faqs-concept-illustration_114360-5245.jpg" alt="Faqs concept illustration | Premium Vector" width="332" height="221" /></p>
<section class="hero" role="region" aria-label="Introducció FAQ Erasmus+">
<div class="hero__content"></div>
</section>
<p class="footer">Aquest espai de<strong> Preguntes Freqüents (FAQ’s)</strong> està pensat per ajudar els centres i serveis educatius de Catalunya en la gestió i implementació del seu projecte Erasmus+. Hi trobaràs respostes clares i ordenades a dubtes de diferent índole.</p>
<p class="footer">L’objectiu és ajudar-te a interpretar la normativa, aplicar-la de forma pràctica i evitar incidències en el desenvolupament i tancament del projecte. Si després de consultar les FAQ’s continuen sorgint dubtes, pots contactar amb la<strong> Unitat de Programes Internacionals</strong> a través dels canals habituals.</p>
<p>&nbsp;</p>
<div class="flip-card" style="float: left; padding-right: 5px;width:300px;height:px !important'">
          <div class="flip-card-inner"'>
              <div class="flip-card-front">
			     <h3>Gestió econòmica</h3>
                 <img decoding="async" src="https://projectes.xtec.cat/cete/wp-content/uploads/usu2644/2022/04/idea.png" alt="" />
              </div>
			  <div class="flip-card-back">
				  <h3>Gestió econòmica</h3>
				  <p>FAQ's</p>
				  <a class='flip-card-button' style='background-color:' target="_blank" href="https://projectes.xtec.cat/internacional/categoria/gestio-economica-projectes-erasmus/" rel="noopener noreferrer">Saber-ne més...</a>
			  </div>
       </div>
</div>

<p>Aquest espai de Preguntes Freqüents (FAQ’s) està pensat per ajudar els centres i serveis educatius de Catalunya en la gestió i implementació del seu projecte Erasmus+. Hi trobaràs respostes clares i ordenades a dubtes de diferent índole.<br />
L’objectiu és ajudar-te a interpretar la normativa, aplicar-la de&hellip;  <a href="https://projectes.xtec.cat/internacional/faq-2/" title="Read FAQ&#8217;s Erasmus+">Llegeix més»</a></p>
