{"id":9440,"date":"2020-05-19T13:27:35","date_gmt":"2020-05-19T11:27:35","guid":{"rendered":"http:\/\/projectes.xtec.cat\/internacional\/?page_id=9440"},"modified":"2025-08-29T12:23:41","modified_gmt":"2025-08-29T10:23:41","slug":"segells-de-qualitat","status":"publish","type":"page","link":"https:\/\/projectes.xtec.cat\/internacional\/etwinning\/reconeixements-i-premis-etwinning\/segells-de-qualitat\/","title":{"rendered":"Segells de Qualitat"},"content":{"rendered":"<h3><\/h3>\n<h3><em>Segells de Qualitat Nacional (SQN)<\/em><\/h3>\n<p><a href=\"https:\/\/projectes.xtec.cat\/internacional\/wp-content\/uploads\/usu1767\/2025\/02\/SQN-label-1.png\"><img loading=\"lazy\" decoding=\"async\" class=\"wp-image-16296 alignleft\" src=\"https:\/\/projectes.xtec.cat\/internacional\/wp-content\/uploads\/usu1767\/2025\/02\/SQN-label-1.png\" alt=\"\" width=\"106\" height=\"107\" srcset=\"https:\/\/projectes.xtec.cat\/internacional\/wp-content\/uploads\/usu1767\/2025\/02\/SQN-label-1.png 279w, https:\/\/projectes.xtec.cat\/internacional\/wp-content\/uploads\/usu1767\/2025\/02\/SQN-label-1-150x150.png 150w\" sizes=\"auto, (max-width: 106px) 100vw, 106px\" \/><\/a>Els <a href=\"https:\/\/school-education.ec.europa.eu\/en\/etwinning\/labels\/etwinning-national-quality-label\" target=\"_blank\" rel=\"noopener\"><strong>Segells de Qualitat Nacional <\/strong><\/a>(SQN) s\u00f3n un reconeixement a l\u2019esfor\u00e7 i el treball realitzat pels docents en els projectes eTwinning. Es reconeixen projectes excel\u00b7lents que han assolit cert nivell de qualitat en el seu pa\u00eds. Els SQN es poden demanar, des de l\u2019eTwinning Live, des de comen\u00e7ament fins a finals d\u2019any. En l\u2019<strong>edici\u00f3 del 2024 <\/strong>s&#8217;han obtingut<strong> 134 Segells de Qualitat Nacional a Catalunya.<\/strong><\/p>\n<p>Els SQN s\u2019atorguen a aquells projectes que acompleixen els <strong>5 criteris<\/strong> <strong>de qualitat<\/strong> que s\u2019han de tenir en compte\u00a0 per a la planificaci\u00f3, el desenvolupament i l\u2019avaluaci\u00f3 d\u2019un projecte col\u00b7laboratiu eTwinning:<\/p>\n<ol>\n<li style=\"list-style-type: none;\">\n<ol>\n<li style=\"list-style-type: none;\">\n<ol>\n<li>Innovaci\u00f3 pedag\u00f2gica i creativitat.<\/li>\n<li>Integraci\u00f3 al curr\u00edculum.<\/li>\n<li>Col\u00b7laboraci\u00f3 entre centres escolars associats.<\/li>\n<li>\u00das de la tecnologia.<\/li>\n<li>Resultat, impacte i documentaci\u00f3.<\/li>\n<\/ol>\n<\/li>\n<\/ol>\n<\/li>\n<\/ol>\n<p>La <a href=\"https:\/\/school-education.ec.europa.eu\/system\/files\/2022-11\/QL_infosheet%20%281%29.pdf\" target=\"_blank\" rel=\"noopener\">fitxa informativa<\/a> del SQN i la <a href=\"https:\/\/school-education.ec.europa.eu\/system\/files\/2022-11\/QL_checklist%20%281%29.pdf\" target=\"_blank\" rel=\"noopener\">llista de control<\/a> per poder planificar i executar el projecte est\u00e0 disponible en 29 idiomes.<\/p>\n<p>Darrerament, el procediment de la gesti\u00f3 de les sol\u00b7licituds de Segell de Qualitat Nacional ha canviat. Aquests s\u00f3n els aspectes que heu de tenir en compte a l\u2019hora de fer la sol\u00b7licitud:<\/p>\n<p>1.\u00a0<strong>Nom\u00e9s s\u2019avaluaran quatre projectes per docent<\/strong>. D\u2019aquesta manera, encara que un docent pugui participar en m\u00e9s de 4 projectes i sol\u00b7liciti el segell per a tots, nom\u00e9s es tindran en compte les quatre primeres sol\u00b7licituds.<\/p>\n<p>2.\u00a0La sol\u00b7licitud de Segell de Qualitat Nacional d\u2019un projecte es podr\u00e0\u00a0<strong>presentar \u00fanicament al curs actual en qu\u00e8 s\u2019estigui realitzant o al seg\u00fcent<\/strong>.<\/p>\n<p>3. Si es denega un Segell de Qualitat Nacional, es pot tornar a sol\u00b7licitar\u00a0<strong>en una sola segona sol\u00b7licitud.<\/strong><\/p>\n<p>4. En projectes amb diversos docents espanyols socis, les sol\u00b7licituds de Segell de Qualitat Nacional de tots aquells que ho vulguin demanar <strong>s\u2019han de presentar en el termini d\u2019un mes a partir de la primera sol\u00b7licitud realitzada.<\/strong><\/p>\n<p><strong>Els projectes que volen optar al Segell de Qualitat Europeu i que volen tenir l&#8217;opci\u00f3 de participar en la seg\u00fcent convocat\u00f2ria de Premis Europeus eTwinning, han de presentar les seves sol\u00b7licituds de Segell de Qualitat Nacional dins el termini establert a tal efecte (normalment, abans de la primera setmana de juliol).<\/strong><\/p>\n<p>&nbsp;<\/p>\n<h3><em>Segells de Qualitat Europeus (SQE)<\/em><\/h3>\n<p><a href=\"https:\/\/projectes.xtec.cat\/internacional\/wp-content\/uploads\/usu1767\/2025\/02\/SQE-label-1.png\"><img loading=\"lazy\" decoding=\"async\" class=\"wp-image-16298 alignleft\" src=\"https:\/\/projectes.xtec.cat\/internacional\/wp-content\/uploads\/usu1767\/2025\/02\/SQE-label-1.png\" alt=\"\" width=\"115\" height=\"111\" srcset=\"https:\/\/projectes.xtec.cat\/internacional\/wp-content\/uploads\/usu1767\/2025\/02\/SQE-label-1.png 816w, https:\/\/projectes.xtec.cat\/internacional\/wp-content\/uploads\/usu1767\/2025\/02\/SQE-label-1-300x289.png 300w, https:\/\/projectes.xtec.cat\/internacional\/wp-content\/uploads\/usu1767\/2025\/02\/SQE-label-1-768x741.png 768w\" sizes=\"auto, (max-width: 115px) 100vw, 115px\" \/><\/a><\/p>\n<p>Els <a href=\"https:\/\/school-education.ec.europa.eu\/en\/etwinning\/labels\/european-quality-label\" target=\"_blank\" rel=\"noopener\"><strong>Segells de Qualitat Europeus<\/strong><\/a> (SQE) es trien entre els projectes que han obtingut el Segell de Qualitat Nacional dins del termini establert i indiquen que el projecte ha assolit certs est\u00e0ndards europeus. En <strong>l\u2019edici\u00f3 del 2024<\/strong> s&#8217;han obtingut <strong>96 Segells de Qualitat Europea a Catalunya.<\/strong><\/p>\n<p>&nbsp;<\/p>\n<p>Els concedeix el Servicio Central de Apoyo (SCA) a docents que tinguin un projecte eTwinning que:<\/p>\n<ol>\n<li style=\"list-style-type: none;\">\n<ol>\n<li style=\"list-style-type: none;\">\n<ol>\n<li>Hagi estat proposat per a obtenir un SQE per almenys un Servei Nacional de Suport.<\/li>\n<li>I que compti amb dos socis que ja hagin rebut el Segell de Qualitat Nacional.<\/li>\n<\/ol>\n<\/li>\n<\/ol>\n<\/li>\n<\/ol>\n<p>Tenir el SQE \u00e9s <strong>requisit imprescindible<\/strong> per participar en la <strong>convocat\u00f2ria dels Premis Europeus eTwinning<\/strong>.<\/p>\n<p>&nbsp;<\/p>\n","protected":false},"excerpt":{"rendered":"<p>Segells de Qualitat Nacional (SQN)<br \/>\n<a href=\"https:\/\/projectes.xtec.cat\/internacional\/wp-content\/uploads\/usu1767\/2025\/02\/SQN-label-1.png\"><\/a>Els <a href=\"https:\/\/school-education.ec.europa.eu\/en\/etwinning\/labels\/etwinning-national-quality-label\" target=\"_blank\" rel=\"noopener\">Segells de Qualitat Nacional <\/a>(SQN) s\u00f3n un reconeixement a l\u2019esfor\u00e7 i el treball realitzat pels docents en els projectes eTwinning. Es reconeixen projectes excel\u00b7lents que han assolit cert nivell de qualitat en el seu pa\u00eds. Els&hellip;  <a href=\"https:\/\/projectes.xtec.cat\/internacional\/etwinning\/reconeixements-i-premis-etwinning\/segells-de-qualitat\/\" title=\"Read Segells de Qualitat\">Llegeix m\u00e9s\u00bb<\/a><\/p>\n","protected":false},"author":1,"featured_media":0,"parent":9437,"menu_order":4,"comment_status":"closed","ping_status":"closed","template":"page-templates\/side-menu.php","meta":{"_bbp_topic_count":0,"_bbp_reply_count":0,"_bbp_total_topic_count":0,"_bbp_total_reply_count":0,"_bbp_voice_count":0,"_bbp_anonymous_reply_count":0,"_bbp_topic_count_hidden":0,"_bbp_reply_count_hidden":0,"_bbp_forum_subforum_count":0,"footnotes":""},"class_list":["post-9440","page","type-page","status-publish","hentry"],"post_mailing_queue_ids":[],"_links":{"self":[{"href":"https:\/\/projectes.xtec.cat\/internacional\/wp-json\/wp\/v2\/pages\/9440","targetHints":{"allow":["GET"]}}],"collection":[{"href":"https:\/\/projectes.xtec.cat\/internacional\/wp-json\/wp\/v2\/pages"}],"about":[{"href":"https:\/\/projectes.xtec.cat\/internacional\/wp-json\/wp\/v2\/types\/page"}],"author":[{"embeddable":true,"href":"https:\/\/projectes.xtec.cat\/internacional\/wp-json\/wp\/v2\/users\/1"}],"replies":[{"embeddable":true,"href":"https:\/\/projectes.xtec.cat\/internacional\/wp-json\/wp\/v2\/comments?post=9440"}],"version-history":[{"count":9,"href":"https:\/\/projectes.xtec.cat\/internacional\/wp-json\/wp\/v2\/pages\/9440\/revisions"}],"predecessor-version":[{"id":17469,"href":"https:\/\/projectes.xtec.cat\/internacional\/wp-json\/wp\/v2\/pages\/9440\/revisions\/17469"}],"up":[{"embeddable":true,"href":"https:\/\/projectes.xtec.cat\/internacional\/wp-json\/wp\/v2\/pages\/9437"}],"wp:attachment":[{"href":"https:\/\/projectes.xtec.cat\/internacional\/wp-json\/wp\/v2\/media?parent=9440"}],"curies":[{"name":"wp","href":"https:\/\/api.w.org\/{rel}","templated":true}]}}