{"id":10241,"date":"2021-02-24T18:29:30","date_gmt":"2021-02-24T17:29:30","guid":{"rendered":"https:\/\/projectes.xtec.cat\/transformacioenxarxa\/?page_id=10241"},"modified":"2025-12-19T12:53:04","modified_gmt":"2025-12-19T11:53:04","slug":"rutina-abans-pensava-ara-penso","status":"publish","type":"page","link":"https:\/\/projectes.xtec.cat\/laboratori-millora-educativa\/rutina-abans-pensava-ara-penso\/","title":{"rendered":"Rutina Abans pensava \/ Ara penso"},"content":{"rendered":"<p><img loading=\"lazy\" decoding=\"async\" class=\"alignnone wp-image-10233\" src=\"https:\/\/projectes.xtec.cat\/transformacioenxarxa\/wp-content\/uploads\/usu1468\/2021\/02\/Captura-de-Pantalla-2021-02-24-a-les-17.54.11.png\" alt=\"\" width=\"170\" height=\"160\" srcset=\"https:\/\/projectes.xtec.cat\/laboratori-millora-educativa\/wp-content\/uploads\/usu1468\/2021\/02\/Captura-de-Pantalla-2021-02-24-a-les-17.54.11.png 448w, https:\/\/projectes.xtec.cat\/laboratori-millora-educativa\/wp-content\/uploads\/usu1468\/2021\/02\/Captura-de-Pantalla-2021-02-24-a-les-17.54.11-300x284.png 300w\" sizes=\"auto, (max-width: 170px) 100vw, 170px\" \/><\/p>\n<p><strong><span style=\"color: #800000;\">OBJECTIU:<\/span><\/strong><\/p>\n<p><span style=\"font-weight: 400;\">Connectar noves idees amb coneixements previs.<\/span><\/p>\n<p>&nbsp;<\/p>\n<p><span style=\"color: #800000;\"><strong>MOVIMENTS DE PENSAMENT<\/strong><\/span><\/p>\n<p><span style=\"font-weight: 400;\">Reflexi\u00f3 i metacognici\u00f3.<\/span><\/p>\n<p>&nbsp;<\/p>\n<p><span style=\"color: #800000;\"><strong>PROP\u00d2SIT<\/strong><\/span><\/p>\n<p><span style=\"font-weight: 400;\">Reflexionar sobre el pensament al voltant d\u2019un tema o q\u00fcesti\u00f3 i explorar com i per qu\u00e8 el pensament ha canviat. \u00c9s \u00fatil per consolidar nous aprenentatges, a mesura que el professorat identifica les seves noves comprensions, opinions i creences. En examinar i explicar com i per qu\u00e8 el seu pensament ha canviat, es desenvolupen habilitats de raonament i metacognitives.<\/span><\/p>\n<p>&nbsp;<\/p>\n<p><strong><span style=\"color: #800000;\">METODOLOGIA<\/span><\/strong><\/p>\n<p><span style=\"font-weight: 400;\">Treballarem amb un \u00fanic Jamboard on anirem aportant individualment els\u00a0 nostres pensaments. Necessitem un moderador que expliqui la rutina i moderi la posada en com\u00fa de les diferents respostes.\u00a0<\/span><\/p>\n<p><span style=\"font-weight: 400;\">Aquest moderador t\u00e9 la <\/span><b><i>t\u00e9 la missi\u00f3 de guiar la conversa, considerar totes les aportacions, generar preguntes&#8230;<\/i><\/b><\/p>\n<p>&nbsp;<\/p>\n<p><span style=\"color: #800000;\"><strong>PASSOS<\/strong><\/span><\/p>\n<ol>\n<li style=\"font-weight: 400;\" aria-level=\"1\"><b><i>Preparar-se.<\/i><\/b><span style=\"font-weight: 400;\"> Explicar el prop\u00f2sit d\u2019aquesta rutina: ajudar-los a reflexionar sobre el seu pensament, sobre el tema i a identificar com les seves idees s\u2019han desenvolupat al llarg del temps.\u00a0<\/span><\/li>\n<li style=\"font-weight: 400;\" aria-level=\"1\"><b><i>Visualitzem el v\u00eddeo.<\/i><\/b><span style=\"font-weight: 400;\">\u00a0<\/span><\/li>\n<li style=\"font-weight: 400;\" aria-level=\"1\"><b style=\"font-family: inherit; font-size: 1em;\"><i><b>Fomentar la reflexi\u00f3 individual<\/b>. <\/i><\/b>Un cop visualitzat el v\u00eddeo expliquem:<\/li>\n<\/ol>\n<ul>\n<li style=\"list-style-type: none;\">\n<ul>\n<li style=\"font-weight: 400;\" aria-level=\"1\"><span style=\"font-weight: 400;\">Abans de la visualitzaci\u00f3 del v\u00eddeo, tots ten\u00edeu idees inicials sobre el tema i sab\u00edeu de qu\u00e8 es tractava. Us deixem uns minuts perqu\u00e8 torneu mentalment al comen\u00e7ament i recordeu quin tipus d\u2019idees ten\u00edeu en aquest moment. <\/span><b>Al Jamboard <\/b><span style=\"font-weight: 400;\">manifesteu qu\u00e8 era el que vosaltres pens\u00e0veu sobre el tema, comen\u00e7ant amb les paraules: <\/span><b><i>Abans pensava\u2026<\/i><\/b><\/li>\n<li style=\"font-weight: 400;\" aria-level=\"1\">Ara volem que penseu com les vostres idees sobre el tema han canviat com a resultat del qu\u00e8 heu visualitzat i reflexionat conjuntament. Escriviu <b style=\"font-family: inherit; font-size: 1em;\">al Jamboard<\/b><span style=\"font-family: inherit; font-size: 1em;\"> unes quantes l\u00ednies que captin on est\u00e0 el vostre pensament en aquest moment, comen\u00e7ant amb la frase: <\/span><b style=\"font-family: inherit; font-size: 1em;\"><i>Ara penso\u2026<\/i><\/b><\/li>\n<\/ul>\n<\/li>\n<\/ul>\n<p>4. <strong>Compartir<\/strong> <b><i>el pensament.<\/i><\/b><span style=\"font-weight: 400;\"> Demanar al professorat i mestres que comparteixin i expliquin els seus canvis de pensament.<\/span><\/p>\n<ul>\n<li style=\"list-style-type: none;\">\n<ul>\n<li style=\"font-weight: 400;\" aria-level=\"1\"><span style=\"font-weight: 400;\">Fem les valoracions sent flexibles sobre els pensaments del grup.\u00a0<\/span><\/li>\n<li style=\"font-weight: 400;\" aria-level=\"1\"><span style=\"font-weight: 400;\">Ens donar\u00e0 idees d\u2019on estan els professors i mestres en cada moment i la seva consci\u00e8ncia sobre el tema en q\u00fcesti\u00f3. Activitat metacognitiva.<\/span><\/li>\n<\/ul>\n<\/li>\n<\/ul>\n<p>&nbsp;<\/p>\n<p>Podeu accedir a la plantilla del <a href=\"https:\/\/jamboard.google.com\/d\/1NRQ7odaFUqsQ3YAUNgM_N_hv76BsQHPWPKRWNyH6YwA\/edit?usp=sharing\" target=\"_blank\" rel=\"noopener noreferrer\">Jamboard<\/a> (\u00e9s un document en mode de lectura) i fer-vos una c\u00f2pia per treballar al centre. Tamb\u00e9 podeu utilitzar la seg\u00fcent plantilla per compartir les reflexions presencialment tot imprimint el pdf en fulls grans:<\/p>\n<p style=\"text-align: center;\"><a href=\"https:\/\/projectes.xtec.cat\/transformacioenxarxa\/wp-content\/uploads\/usu1468\/2021\/02\/Rutina-Abans-Pensava-_-Ara-Penso.pdf\" target=\"_blank\" rel=\"noopener noreferrer\"><img loading=\"lazy\" decoding=\"async\" class=\"aligncenter wp-image-10293\" src=\"https:\/\/projectes.xtec.cat\/transformacioenxarxa\/wp-content\/uploads\/usu1468\/2021\/02\/Captura-de-Pantalla-2021-02-25-a-les-14.07.52.png\" alt=\"\" width=\"573\" height=\"340\" srcset=\"https:\/\/projectes.xtec.cat\/laboratori-millora-educativa\/wp-content\/uploads\/usu1468\/2021\/02\/Captura-de-Pantalla-2021-02-25-a-les-14.07.52.png 992w, https:\/\/projectes.xtec.cat\/laboratori-millora-educativa\/wp-content\/uploads\/usu1468\/2021\/02\/Captura-de-Pantalla-2021-02-25-a-les-14.07.52-300x178.png 300w, https:\/\/projectes.xtec.cat\/laboratori-millora-educativa\/wp-content\/uploads\/usu1468\/2021\/02\/Captura-de-Pantalla-2021-02-25-a-les-14.07.52-768x455.png 768w\" sizes=\"auto, (max-width: 573px) 100vw, 573px\" \/><\/a><\/p>\n<p>&nbsp;<\/p>\n<p>Des del Laboratori de Transformaci\u00f3 Educativa ens interessa saber si s&#8217;estan treballant les rutines de pensament. \u00c9s per aix\u00f2 que si us proposeu treballar aquesta rutina us demanem que responeu el seg\u00fcent <a href=\"https:\/\/forms.gle\/reX9EhqGqX282yycA\" target=\"_blank\" rel=\"noopener noreferrer\">FORMULARI<\/a>.<\/p>\n<p>&nbsp;<\/p>\n","protected":false},"excerpt":{"rendered":"<p>OBJECTIU: Connectar noves idees amb coneixements previs. &nbsp; MOVIMENTS DE PENSAMENT Reflexi\u00f3 i metacognici\u00f3. &nbsp; PROP\u00d2SIT Reflexionar sobre el pensament al voltant d\u2019un tema o q\u00fcesti\u00f3 i explorar com i per qu\u00e8 el pensament ha canviat. \u00c9s \u00fatil per consolidar nous aprenentatges, a mesura que el professorat identifica les seves noves comprensions, opinions i creences. [&hellip;]<\/p>\n","protected":false},"author":3,"featured_media":0,"parent":0,"menu_order":0,"comment_status":"closed","ping_status":"closed","template":"","meta":{"_bbp_topic_count":0,"_bbp_reply_count":0,"_bbp_total_topic_count":0,"_bbp_total_reply_count":0,"_bbp_voice_count":0,"_bbp_anonymous_reply_count":0,"_bbp_topic_count_hidden":0,"_bbp_reply_count_hidden":0,"_bbp_forum_subforum_count":0,"site-sidebar-layout":"default","site-content-layout":"","ast-site-content-layout":"","site-content-style":"default","site-sidebar-style":"default","ast-global-header-display":"","ast-banner-title-visibility":"","ast-main-header-display":"","ast-hfb-above-header-display":"","ast-hfb-below-header-display":"","ast-hfb-mobile-header-display":"","site-post-title":"","ast-breadcrumbs-content":"","ast-featured-img":"","footer-sml-layout":"","theme-transparent-header-meta":"","adv-header-id-meta":"","stick-header-meta":"","header-above-stick-meta":"","header-main-stick-meta":"","header-below-stick-meta":"","astra-migrate-meta-layouts":"default","ast-page-background-enabled":"default","ast-page-background-meta":{"desktop":{"background-color":"var(--ast-global-color-4)","background-image":"","background-repeat":"repeat","background-position":"center center","background-size":"auto","background-attachment":"scroll","background-type":"","background-media":"","overlay-type":"","overlay-color":"","overlay-opacity":"","overlay-gradient":""},"tablet":{"background-color":"","background-image":"","background-repeat":"repeat","background-position":"center center","background-size":"auto","background-attachment":"scroll","background-type":"","background-media":"","overlay-type":"","overlay-color":"","overlay-opacity":"","overlay-gradient":""},"mobile":{"background-color":"","background-image":"","background-repeat":"repeat","background-position":"center center","background-size":"auto","background-attachment":"scroll","background-type":"","background-media":"","overlay-type":"","overlay-color":"","overlay-opacity":"","overlay-gradient":""}},"ast-content-background-meta":{"desktop":{"background-color":"var(--ast-global-color-5)","background-image":"","background-repeat":"repeat","background-position":"center center","background-size":"auto","background-attachment":"scroll","background-type":"","background-media":"","overlay-type":"","overlay-color":"","overlay-opacity":"","overlay-gradient":""},"tablet":{"background-color":"var(--ast-global-color-5)","background-image":"","background-repeat":"repeat","background-position":"center center","background-size":"auto","background-attachment":"scroll","background-type":"","background-media":"","overlay-type":"","overlay-color":"","overlay-opacity":"","overlay-gradient":""},"mobile":{"background-color":"var(--ast-global-color-5)","background-image":"","background-repeat":"repeat","background-position":"center center","background-size":"auto","background-attachment":"scroll","background-type":"","background-media":"","overlay-type":"","overlay-color":"","overlay-opacity":"","overlay-gradient":""}},"footnotes":""},"class_list":["post-10241","page","type-page","status-publish","hentry"],"post_mailing_queue_ids":[],"_links":{"self":[{"href":"https:\/\/projectes.xtec.cat\/laboratori-millora-educativa\/wp-json\/wp\/v2\/pages\/10241","targetHints":{"allow":["GET"]}}],"collection":[{"href":"https:\/\/projectes.xtec.cat\/laboratori-millora-educativa\/wp-json\/wp\/v2\/pages"}],"about":[{"href":"https:\/\/projectes.xtec.cat\/laboratori-millora-educativa\/wp-json\/wp\/v2\/types\/page"}],"author":[{"embeddable":true,"href":"https:\/\/projectes.xtec.cat\/laboratori-millora-educativa\/wp-json\/wp\/v2\/users\/3"}],"replies":[{"embeddable":true,"href":"https:\/\/projectes.xtec.cat\/laboratori-millora-educativa\/wp-json\/wp\/v2\/comments?post=10241"}],"version-history":[{"count":4,"href":"https:\/\/projectes.xtec.cat\/laboratori-millora-educativa\/wp-json\/wp\/v2\/pages\/10241\/revisions"}],"predecessor-version":[{"id":10327,"href":"https:\/\/projectes.xtec.cat\/laboratori-millora-educativa\/wp-json\/wp\/v2\/pages\/10241\/revisions\/10327"}],"wp:attachment":[{"href":"https:\/\/projectes.xtec.cat\/laboratori-millora-educativa\/wp-json\/wp\/v2\/media?parent=10241"}],"curies":[{"name":"wp","href":"https:\/\/api.w.org\/{rel}","templated":true}]}}

<p><img loading="lazy" decoding="async" class="alignnone wp-image-10233" src="https://projectes.xtec.cat/transformacioenxarxa/wp-content/uploads/usu1468/2021/02/Captura-de-Pantalla-2021-02-24-a-les-17.54.11.png" alt="" width="170" height="160" srcset="https://projectes.xtec.cat/laboratori-millora-educativa/wp-content/uploads/usu1468/2021/02/Captura-de-Pantalla-2021-02-24-a-les-17.54.11.png 448w, https://projectes.xtec.cat/laboratori-millora-educativa/wp-content/uploads/usu1468/2021/02/Captura-de-Pantalla-2021-02-24-a-les-17.54.11-300x284.png 300w" sizes="auto, (max-width: 170px) 100vw, 170px" /></p>
<p><strong><span style="color: #800000;">OBJECTIU:</span></strong></p>
<p><span style="font-weight: 400;">Connectar noves idees amb coneixements previs.</span></p>
<p>&nbsp;</p>
<p><span style="color: #800000;"><strong>MOVIMENTS DE PENSAMENT</strong></span></p>
<p><span style="font-weight: 400;">Reflexió i metacognició.</span></p>
<p>&nbsp;</p>
<p><span style="color: #800000;"><strong>PROPÒSIT</strong></span></p>
<p><span style="font-weight: 400;">Reflexionar sobre el pensament al voltant d’un tema o qüestió i explorar com i per què el pensament ha canviat. És útil per consolidar nous aprenentatges, a mesura que el professorat identifica les seves noves comprensions, opinions i creences. En examinar i explicar com i per què el seu pensament ha canviat, es desenvolupen habilitats de raonament i metacognitives.</span></p>
<p>&nbsp;</p>
<p><strong><span style="color: #800000;">METODOLOGIA</span></strong></p>
<p><span style="font-weight: 400;">Treballarem amb un únic Jamboard on anirem aportant individualment els  nostres pensaments. Necessitem un moderador que expliqui la rutina i moderi la posada en comú de les diferents respostes. </span></p>
<p><span style="font-weight: 400;">Aquest moderador té la </span><b><i>té la missió de guiar la conversa, considerar totes les aportacions, generar preguntes&#8230;</i></b></p>
<p>&nbsp;</p>
<p><span style="color: #800000;"><strong>PASSOS</strong></span></p>
<ol>
<li style="font-weight: 400;" aria-level="1"><b><i>Preparar-se.</i></b><span style="font-weight: 400;"> Explicar el propòsit d’aquesta rutina: ajudar-los a reflexionar sobre el seu pensament, sobre el tema i a identificar com les seves idees s’han desenvolupat al llarg del temps. </span></li>
<li style="font-weight: 400;" aria-level="1"><b><i>Visualitzem el vídeo.</i></b><span style="font-weight: 400;"> </span></li>
<li style="font-weight: 400;" aria-level="1"><b style="font-family: inherit; font-size: 1em;"><i><b>Fomentar la reflexió individual</b>. </i></b>Un cop visualitzat el vídeo expliquem:</li>
</ol>
<ul>
<li style="list-style-type: none;">
<ul>
<li style="font-weight: 400;" aria-level="1"><span style="font-weight: 400;">Abans de la visualització del vídeo, tots teníeu idees inicials sobre el tema i sabíeu de què es tractava. Us deixem uns minuts perquè torneu mentalment al començament i recordeu quin tipus d’idees teníeu en aquest moment. </span><b>Al Jamboard </b><span style="font-weight: 400;">manifesteu què era el que vosaltres pensàveu sobre el tema, començant amb les paraules: </span><b><i>Abans pensava…</i></b></li>
<li style="font-weight: 400;" aria-level="1">Ara volem que penseu com les vostres idees sobre el tema han canviat com a resultat del què heu visualitzat i reflexionat conjuntament. Escriviu <b style="font-family: inherit; font-size: 1em;">al Jamboard</b><span style="font-family: inherit; font-size: 1em;"> unes quantes línies que captin on està el vostre pensament en aquest moment, començant amb la frase: </span><b style="font-family: inherit; font-size: 1em;"><i>Ara penso…</i></b></li>
</ul>
</li>
</ul>
<p>4. <strong>Compartir</strong> <b><i>el pensament.</i></b><span style="font-weight: 400;"> Demanar al professorat i mestres que comparteixin i expliquin els seus canvis de pensament.</span></p>
<ul>
<li style="list-style-type: none;">
<ul>
<li style="font-weight: 400;" aria-level="1"><span style="font-weight: 400;">Fem les valoracions sent flexibles sobre els pensaments del grup. </span></li>
<li style="font-weight: 400;" aria-level="1"><span style="font-weight: 400;">Ens donarà idees d’on estan els professors i mestres en cada moment i la seva consciència sobre el tema en qüestió. Activitat metacognitiva.</span></li>
</ul>
</li>
</ul>
<p>&nbsp;</p>
<p>Podeu accedir a la plantilla del <a href="https://jamboard.google.com/d/1NRQ7odaFUqsQ3YAUNgM_N_hv76BsQHPWPKRWNyH6YwA/edit?usp=sharing" target="_blank" rel="noopener noreferrer">Jamboard</a> (és un document en mode de lectura) i fer-vos una còpia per treballar al centre. També podeu utilitzar la següent plantilla per compartir les reflexions presencialment tot imprimint el pdf en fulls grans:</p>
<p style="text-align: center;"><a href="https://projectes.xtec.cat/transformacioenxarxa/wp-content/uploads/usu1468/2021/02/Rutina-Abans-Pensava-_-Ara-Penso.pdf" target="_blank" rel="noopener noreferrer"><img loading="lazy" decoding="async" class="aligncenter wp-image-10293" src="https://projectes.xtec.cat/transformacioenxarxa/wp-content/uploads/usu1468/2021/02/Captura-de-Pantalla-2021-02-25-a-les-14.07.52.png" alt="" width="573" height="340" srcset="https://projectes.xtec.cat/laboratori-millora-educativa/wp-content/uploads/usu1468/2021/02/Captura-de-Pantalla-2021-02-25-a-les-14.07.52.png 992w, https://projectes.xtec.cat/laboratori-millora-educativa/wp-content/uploads/usu1468/2021/02/Captura-de-Pantalla-2021-02-25-a-les-14.07.52-300x178.png 300w, https://projectes.xtec.cat/laboratori-millora-educativa/wp-content/uploads/usu1468/2021/02/Captura-de-Pantalla-2021-02-25-a-les-14.07.52-768x455.png 768w" sizes="auto, (max-width: 573px) 100vw, 573px" /></a></p>
<p>&nbsp;</p>
<p>Des del Laboratori de Transformació Educativa ens interessa saber si s&#8217;estan treballant les rutines de pensament. És per això que si us proposeu treballar aquesta rutina us demanem que responeu el següent <a href="https://forms.gle/reX9EhqGqX282yycA" target="_blank" rel="noopener noreferrer">FORMULARI</a>.</p>
<p>&nbsp;</p>

<p>OBJECTIU: Connectar noves idees amb coneixements previs. &nbsp; MOVIMENTS DE PENSAMENT Reflexió i metacognició. &nbsp; PROPÒSIT Reflexionar sobre el pensament al voltant d’un tema o qüestió i explorar com i per què el pensament ha canviat. És útil per consolidar nous aprenentatges, a mesura que el professorat identifica les seves noves comprensions, opinions i creences. [&hellip;]</p>
