{"id":8635,"date":"2020-03-21T08:31:16","date_gmt":"2020-03-21T07:31:16","guid":{"rendered":"https:\/\/projectes.xtec.cat\/transformacioenxarxa\/?page_id=8635"},"modified":"2025-12-05T11:17:46","modified_gmt":"2025-12-05T10:17:46","slug":"contacte","status":"publish","type":"page","link":"https:\/\/projectes.xtec.cat\/laboratori-millora-educativa\/pagines-dinici\/pagina-dinici-buida\/contacte\/","title":{"rendered":"Com compartir recursos amb el Laboratori d\u2019Educaci\u00f3"},"content":{"rendered":"<section aria-labelledby=\"titol-laboratori\">Pots compartir informaci\u00f3 i enlla\u00e7os d&#8217;acc\u00e9s lliure que creguis que poden ser d&#8217;inter\u00e8s mitjan\u00e7ant un correu electr\u00f2nic a<a href=\"mailto:laboratori.educacio@gencat.cat\"> laboratori.educacio@gencat.cat<\/a>.<\/p>\n<hr aria-hidden=\"true\" \/>\n<h4>Requisits per a la proposta de continguts<\/h4>\n<ol>\n<li style=\"list-style-type: none;\">\n<ol>\n<li><strong>Respecte a la normativa vigent en mat\u00e8ria de protecci\u00f3 de dades<\/strong>.<br \/>\n\u00c9s imprescindible garantir la privacitat i la seguretat de la informaci\u00f3 personal, d\u2019acord amb el Reglament General de Protecci\u00f3 de Dades (RGPD) i la legislaci\u00f3 aplicable.<br \/>\nPots consultar m\u00e9s informaci\u00f3 sobre el RGPD <a href=\"https:\/\/apdcat.gencat.cat\/ca\/drets_i_obligacions\/rgpd\/textos_normatius\/\">aqu\u00ed<\/a><\/li>\n<li><strong>Llic\u00e8ncia Creative Commons<\/strong>.<br \/>\nEls continguts proposats han d\u2019estar sota una llic\u00e8ncia Creative Commons que permeti la seva<br \/>\ndifusi\u00f3 i reutilitzaci\u00f3 de manera legal i oberta, indicant clarament el tipus de llic\u00e8ncia.<br \/>\nPots consultar m\u00e9s informaci\u00f3 sobre les Llic\u00e8ncies Creative Commons <a href=\"https:\/\/xtec.gencat.cat\/ca\/centres\/propintel_dretauto\/llicencies_cc\/\">aqu\u00ed<\/a><\/li>\n<\/ol>\n<\/li>\n<\/ol>\n<p>Amb aquestes mesures assegurem un entorn segur, transparent i respectu\u00f3s.<\/p>\n<hr aria-hidden=\"true\" \/>\n<h4>Qu\u00e8 cal incloure al cos del correu?<\/h4>\n<p><strong>Dades de qui proposa un nou recurs<\/strong> \u00a0<em>(Nom\u00e9s per a contacte; no es publiquen)<\/em><\/p>\n<ul>\n<li>Nom i cognoms<\/li>\n<li>Correu electr\u00f2nic XTEC<\/li>\n<li>Centre de treball<\/li>\n<\/ul>\n<p><strong>Dades del recurs<\/strong><\/p>\n<ul>\n<li><strong>T\u00edtol<\/strong>: el t\u00edtol original del recurs enlla\u00e7at. Si no en t\u00e9, proposa\u2019n un que sigui sint\u00e8tic.<\/li>\n<li><strong>Autoria<\/strong>: persona o instituci\u00f3 a la qual se li reconeix l&#8217;autoria del recurs enlla\u00e7at.<\/li>\n<li><strong>Descripci\u00f3<\/strong>: m\u00e0xim 30 paraules.<\/li>\n<li><strong>Imatge<\/strong>: afegeix l\u2019URL completa de la imatge que ha d\u2019encap\u00e7alar el recurs (format .png o .jpg, mida 600\u00d7450 px, pes m\u00e0xim 400 KB).<\/li>\n<li><strong>Enlla\u00e7<\/strong>: afegeix l\u2019URL completa del recurs perqu\u00e8 l\u2019usuari hi pugui accedir.<br \/>\nSi el recurs es troba en webs diverses, \u00e9s important fer l\u2019enlla\u00e7 al lloc que porti directament a la font i a l\u2019autoria originals.<\/li>\n<\/ul>\n<h4>Incid\u00e8ncies<\/h4>\n<p>Si trobes algun enlla\u00e7 trencat o vols denunciar algun contingut inapropiat,fes-nos-ho saber a mailto:laboratori.educacio@gencat.catlaboratori.educacio@gencat.cat.<\/p>\n<\/section>\n","protected":false},"excerpt":{"rendered":"<p>Pots compartir informaci\u00f3 i enlla\u00e7os d&#8217;acc\u00e9s lliure que creguis que poden ser d&#8217;inter\u00e8s mitjan\u00e7ant un correu electr\u00f2nic a laboratori.educacio@gencat.cat. Requisits per a la proposta de continguts Respecte a la normativa vigent en mat\u00e8ria de protecci\u00f3 de dades. \u00c9s imprescindible garantir la privacitat i la seguretat de la informaci\u00f3 personal, d\u2019acord amb el Reglament General de [&hellip;]<\/p>\n","protected":false},"author":3,"featured_media":0,"parent":9,"menu_order":0,"comment_status":"closed","ping_status":"closed","template":"","meta":{"_bbp_topic_count":0,"_bbp_reply_count":0,"_bbp_total_topic_count":0,"_bbp_total_reply_count":0,"_bbp_voice_count":0,"_bbp_anonymous_reply_count":0,"_bbp_topic_count_hidden":0,"_bbp_reply_count_hidden":0,"_bbp_forum_subforum_count":0,"site-sidebar-layout":"default","site-content-layout":"","ast-site-content-layout":"default","site-content-style":"default","site-sidebar-style":"default","ast-global-header-display":"","ast-banner-title-visibility":"","ast-main-header-display":"","ast-hfb-above-header-display":"","ast-hfb-below-header-display":"","ast-hfb-mobile-header-display":"","site-post-title":"","ast-breadcrumbs-content":"","ast-featured-img":"","footer-sml-layout":"","theme-transparent-header-meta":"default","adv-header-id-meta":"","stick-header-meta":"","header-above-stick-meta":"","header-main-stick-meta":"","header-below-stick-meta":"","astra-migrate-meta-layouts":"set","ast-page-background-enabled":"default","ast-page-background-meta":{"desktop":{"background-color":"var(--ast-global-color-4)","background-image":"","background-repeat":"repeat","background-position":"center center","background-size":"auto","background-attachment":"scroll","background-type":"","background-media":"","overlay-type":"","overlay-color":"","overlay-opacity":"","overlay-gradient":""},"tablet":{"background-color":"","background-image":"","background-repeat":"repeat","background-position":"center center","background-size":"auto","background-attachment":"scroll","background-type":"","background-media":"","overlay-type":"","overlay-color":"","overlay-opacity":"","overlay-gradient":""},"mobile":{"background-color":"","background-image":"","background-repeat":"repeat","background-position":"center center","background-size":"auto","background-attachment":"scroll","background-type":"","background-media":"","overlay-type":"","overlay-color":"","overlay-opacity":"","overlay-gradient":""}},"ast-content-background-meta":{"desktop":{"background-color":"var(--ast-global-color-5)","background-image":"","background-repeat":"repeat","background-position":"center center","background-size":"auto","background-attachment":"scroll","background-type":"","background-media":"","overlay-type":"","overlay-color":"","overlay-opacity":"","overlay-gradient":""},"tablet":{"background-color":"var(--ast-global-color-5)","background-image":"","background-repeat":"repeat","background-position":"center center","background-size":"auto","background-attachment":"scroll","background-type":"","background-media":"","overlay-type":"","overlay-color":"","overlay-opacity":"","overlay-gradient":""},"mobile":{"background-color":"var(--ast-global-color-5)","background-image":"","background-repeat":"repeat","background-position":"center center","background-size":"auto","background-attachment":"scroll","background-type":"","background-media":"","overlay-type":"","overlay-color":"","overlay-opacity":"","overlay-gradient":""}},"footnotes":""},"class_list":["post-8635","page","type-page","status-publish","hentry"],"post_mailing_queue_ids":[],"_links":{"self":[{"href":"https:\/\/projectes.xtec.cat\/laboratori-millora-educativa\/wp-json\/wp\/v2\/pages\/8635","targetHints":{"allow":["GET"]}}],"collection":[{"href":"https:\/\/projectes.xtec.cat\/laboratori-millora-educativa\/wp-json\/wp\/v2\/pages"}],"about":[{"href":"https:\/\/projectes.xtec.cat\/laboratori-millora-educativa\/wp-json\/wp\/v2\/types\/page"}],"author":[{"embeddable":true,"href":"https:\/\/projectes.xtec.cat\/laboratori-millora-educativa\/wp-json\/wp\/v2\/users\/3"}],"replies":[{"embeddable":true,"href":"https:\/\/projectes.xtec.cat\/laboratori-millora-educativa\/wp-json\/wp\/v2\/comments?post=8635"}],"version-history":[{"count":7,"href":"https:\/\/projectes.xtec.cat\/laboratori-millora-educativa\/wp-json\/wp\/v2\/pages\/8635\/revisions"}],"predecessor-version":[{"id":13786,"href":"https:\/\/projectes.xtec.cat\/laboratori-millora-educativa\/wp-json\/wp\/v2\/pages\/8635\/revisions\/13786"}],"up":[{"embeddable":true,"href":"https:\/\/projectes.xtec.cat\/laboratori-millora-educativa\/wp-json\/wp\/v2\/pages\/9"}],"wp:attachment":[{"href":"https:\/\/projectes.xtec.cat\/laboratori-millora-educativa\/wp-json\/wp\/v2\/media?parent=8635"}],"curies":[{"name":"wp","href":"https:\/\/api.w.org\/{rel}","templated":true}]}}