{"id":9580,"date":"2025-05-05T14:12:47","date_gmt":"2025-05-05T12:12:47","guid":{"rendered":"https:\/\/projectes.xtec.cat\/lic-cce\/?page_id=9580"},"modified":"2025-06-18T12:13:51","modified_gmt":"2025-06-18T10:13:51","slug":"usos-linguistics","status":"publish","type":"page","link":"https:\/\/projectes.xtec.cat\/lic-cce\/usos-linguistics\/","title":{"rendered":"Usos ling\u00fc\u00edstics"},"content":{"rendered":"\n<p>El foment de l\u2019\u00fas del <strong>catal\u00e0 com a llengua vehicular<\/strong> i d\u2019aprenentatge a l\u2019escola \u00e9s una <strong>prioritat estrat\u00e8gica<\/strong> del Departament d\u2019Educaci\u00f3 i Formaci\u00f3 professional de la Generalitat de Catalunya.  Al mateix temps,  l&#8217;objectiu \u00e9s permetre que tot l\u2019alumnat assoleixi una s\u00f2lida compet\u00e8ncia comunicativa en catal\u00e0, aran\u00e8s (a l\u2019Aran), castell\u00e0 i almenys en una llengua estrangera.<\/p>\n\n\n\n<p>Una de les actuacions previstes en el desplegament del Pla de promoci\u00f3 de l\u2019\u00fas de la llengua catalana als centres educatius \u00e9s el taller de sensibilitzaci\u00f3 ULAE  \u201cEls usos ling\u00fc\u00edstics en l\u2019\u00e0mbit educatiu\u201d, que es duu a terme, des del curs  2021-2022. Es tracta d&#8217; un taller de sensibilitzaci\u00f3 pel professorat, que t\u00e9 com a objectiu proporcionar eines per millorar la gesti\u00f3 de la diversitat ling\u00fc\u00edstica en els centres educatius i incentivar l\u2019aprenentatge i l\u2019\u00fas del catal\u00e0 a l\u2019escola com un valor d\u2019enriquiment compartit.<\/p>\n\n\n\n<p><\/p>\n\n\n\n<p><\/p>\n\n\n\n<ul class=\"wp-block-list\">\n<li><\/li>\n<\/ul>\n\n\n\n<p><\/p>\n","protected":false},"excerpt":{"rendered":"<p>El foment de l\u2019\u00fas del catal\u00e0 com a llengua vehicular i d\u2019aprenentatge a l\u2019escola \u00e9s una prioritat estrat\u00e8gica del Departament d\u2019Educaci\u00f3 i Formaci\u00f3 professional de la Generalitat de Catalunya. Al mateix temps, l&#8217;objectiu \u00e9s permetre que tot l\u2019alumnat assoleixi una s\u00f2lida compet\u00e8ncia comunicativa en catal\u00e0, aran\u00e8s (a l\u2019Aran), castell\u00e0 i almenys en una llengua estrangera. [&hellip;]<\/p>\n","protected":false},"author":1,"featured_media":0,"parent":0,"menu_order":0,"comment_status":"closed","ping_status":"close","template":"","meta":{"_bbp_topic_count":0,"_bbp_reply_count":0,"_bbp_total_topic_count":0,"_bbp_total_reply_count":0,"_bbp_voice_count":0,"_bbp_anonymous_reply_count":0,"_bbp_topic_count_hidden":0,"_bbp_reply_count_hidden":0,"_bbp_forum_subforum_count":0,"site-sidebar-layout":"default","site-content-layout":"","ast-site-content-layout":"default","site-content-style":"default","site-sidebar-style":"default","ast-global-header-display":"","ast-banner-title-visibility":"","ast-main-header-display":"","ast-hfb-above-header-display":"","ast-hfb-below-header-display":"","ast-hfb-mobile-header-display":"","site-post-title":"","ast-breadcrumbs-content":"","ast-featured-img":"","footer-sml-layout":"","theme-transparent-header-meta":"","adv-header-id-meta":"","stick-header-meta":"","header-above-stick-meta":"","header-main-stick-meta":"","header-below-stick-meta":"","astra-migrate-meta-layouts":"set","ast-page-background-enabled":"default","ast-page-background-meta":{"desktop":{"background-color":"var(--ast-global-color-4)","background-image":"","background-repeat":"repeat","background-position":"center center","background-size":"auto","background-attachment":"scroll","background-type":"","background-media":"","overlay-type":"","overlay-color":"","overlay-opacity":"","overlay-gradient":""},"tablet":{"background-color":"","background-image":"","background-repeat":"repeat","background-position":"center center","background-size":"auto","background-attachment":"scroll","background-type":"","background-media":"","overlay-type":"","overlay-color":"","overlay-opacity":"","overlay-gradient":""},"mobile":{"background-color":"","background-image":"","background-repeat":"repeat","background-position":"center center","background-size":"auto","background-attachment":"scroll","background-type":"","background-media":"","overlay-type":"","overlay-color":"","overlay-opacity":"","overlay-gradient":""}},"ast-content-background-meta":{"desktop":{"background-color":"var(--ast-global-color-5)","background-image":"","background-repeat":"repeat","background-position":"center center","background-size":"auto","background-attachment":"scroll","background-type":"","background-media":"","overlay-type":"","overlay-color":"","overlay-opacity":"","overlay-gradient":""},"tablet":{"background-color":"var(--ast-global-color-5)","background-image":"","background-repeat":"repeat","background-position":"center center","background-size":"auto","background-attachment":"scroll","background-type":"","background-media":"","overlay-type":"","overlay-color":"","overlay-opacity":"","overlay-gradient":""},"mobile":{"background-color":"var(--ast-global-color-5)","background-image":"","background-repeat":"repeat","background-position":"center center","background-size":"auto","background-attachment":"scroll","background-type":"","background-media":"","overlay-type":"","overlay-color":"","overlay-opacity":"","overlay-gradient":""}},"footnotes":""},"class_list":["post-9580","page","type-page","status-publish","hentry"],"post_mailing_queue_ids":[],"_links":{"self":[{"href":"https:\/\/projectes.xtec.cat\/lic-cce\/wp-json\/wp\/v2\/pages\/9580","targetHints":{"allow":["GET"]}}],"collection":[{"href":"https:\/\/projectes.xtec.cat\/lic-cce\/wp-json\/wp\/v2\/pages"}],"about":[{"href":"https:\/\/projectes.xtec.cat\/lic-cce\/wp-json\/wp\/v2\/types\/page"}],"author":[{"embeddable":true,"href":"https:\/\/projectes.xtec.cat\/lic-cce\/wp-json\/wp\/v2\/users\/1"}],"replies":[{"embeddable":true,"href":"https:\/\/projectes.xtec.cat\/lic-cce\/wp-json\/wp\/v2\/comments?post=9580"}],"version-history":[{"count":3,"href":"https:\/\/projectes.xtec.cat\/lic-cce\/wp-json\/wp\/v2\/pages\/9580\/revisions"}],"predecessor-version":[{"id":9707,"href":"https:\/\/projectes.xtec.cat\/lic-cce\/wp-json\/wp\/v2\/pages\/9580\/revisions\/9707"}],"wp:attachment":[{"href":"https:\/\/projectes.xtec.cat\/lic-cce\/wp-json\/wp\/v2\/media?parent=9580"}],"curies":[{"name":"wp","href":"https:\/\/api.w.org\/{rel}","templated":true}]}}