{"id":8608,"date":"2025-07-01T13:25:07","date_gmt":"2025-07-01T11:25:07","guid":{"rendered":"https:\/\/projectes.xtec.cat\/matcompetents\/?page_id=8608"},"modified":"2025-07-01T13:34:55","modified_gmt":"2025-07-01T11:34:55","slug":"cubets-encaixables","status":"publish","type":"page","link":"https:\/\/projectes.xtec.cat\/matcompetents\/cubets-encaixables\/","title":{"rendered":"Cubets encaixables"},"content":{"rendered":"\n\n\n<figure class=\"wp-block-table is-style-regular has-medium-font-size\"><table class=\"has-fixed-layout\"><tbody><tr><td><img loading=\"lazy\" decoding=\"async\" width=\"150\" height=\"139\" class=\"wp-image-8609\" style=\"width: 150px;\" src=\"https:\/\/projectes.xtec.cat\/matcompetents\/wp-content\/uploads\/usu3465\/2025\/07\/cubets.png\" alt=\"\" srcset=\"https:\/\/projectes.xtec.cat\/matcompetents\/wp-content\/uploads\/usu3465\/2025\/07\/cubets.png 313w, https:\/\/projectes.xtec.cat\/matcompetents\/wp-content\/uploads\/usu3465\/2025\/07\/cubets-300x278.png 300w\" sizes=\"auto, (max-width: 150px) 100vw, 150px\" \/>    <strong>CUBETS ENCAIXABLES<\/strong><\/td><td>Els cubets encaixables s\u00f3n un material manipulatiu molt polivalent que ens permet treballar un ampli espectre de continguts matem\u00e0tics (geometria, estad\u00edstica, numeraci\u00f3, etc.). S\u00f3n cubs de colors diferents de 2 cm d&#8217;aresta que es poden unir per un encaix<\/td><\/tr><\/tbody><\/table><\/figure>\n\n\n\n<figure class=\"wp-block-table\"><table class=\"has-fixed-layout\"><tbody><tr><td><strong>INFANTIL<\/strong><\/td><td><\/td><td><\/td><\/tr><tr><td><strong>PRIM\u00c0RIA<\/strong><\/td><td><a href=\"https:\/\/drive.google.com\/file\/d\/1jBw8dkPjjyIkH5ZPnntUwkzV1MY4K1ra\/view?usp=drive_link\">Cubs de tres colors<\/a><br><a href=\"https:\/\/drive.google.com\/file\/d\/1CCMCAYy6tyQZBn1ZY2PKatFeeTofTUNl\/view?usp=drive_link\">Torres amagades<\/a><br><a href=\"https:\/\/drive.google.com\/file\/d\/10W7vnovqdUR_nRQQWlaKDQRjsov2rrad\/view?usp=drive_link\">Els punts de vista<\/a><\/td><td><a href=\"https:\/\/sites.google.com\/xtec.cat\/cesire-matematiques-campanyes\/laboratori-de-matem%C3%A0tiques\/cubets-encaixables-combinem\">Propostes CREAMAT amb cubets encaixables<\/a><br><a href=\"https:\/\/redols.caib.es\/c07500191\/wp-content\/uploads\/sites\/252\/2024\/09\/policubs_ep.pdf\">Propostes de CENTMAT<\/a><\/td><\/tr><tr><td><strong>SECUND\u00c0RIA<\/strong><\/td><td><a href=\"https:\/\/drive.google.com\/file\/d\/1kxjgu2FX-2Lk1DHH43Yjy4mMFL-wp4XQ\/view?usp=drive_link\">Cares exposades de cuboides<\/a><br><a href=\"https:\/\/drive.google.com\/file\/d\/1r2H5Cxc6beLrgf2cgnQ-TdkypVXZGWRV\/view?usp=drive_link\">Cubs<\/a><\/td><td><a href=\"https:\/\/sites.google.com\/xtec.cat\/cesire-matematiques-campanyes\/laboratori-de-matem%C3%A0tiques\/cubets-encaixables-combinem\">Propostes CREAMAT amb cubets encaixables<\/a><br><a href=\"https:\/\/puntsingular.wordpress.com\/2014\/09\/14\/demostracions-amb-policubs\/\">Demonstracions amb policubs<\/a>-El punt singular<\/td><\/tr><\/tbody><\/table><\/figure>\n\n\n\n<p class=\"has-text-align-right\"><a href=\"https:\/\/projectes.xtec.cat\/matcompetents\/materials-2\/\" data-type=\"page\" data-id=\"8445\"><img loading=\"lazy\" decoding=\"async\" width=\"150\" height=\"70\" class=\"wp-image-8613\" style=\"width: 150px;\" src=\"https:\/\/projectes.xtec.cat\/matcompetents\/wp-content\/uploads\/usu3465\/2025\/07\/tornar-a-materials.png\" alt=\"\"><\/a><\/p>\n\n\n\n<p><\/p>\n","protected":false},"excerpt":{"rendered":"<p>CUBETS ENCAIXABLES Els cubets encaixables s\u00f3n un material manipulatiu molt polivalent que ens permet treballar un ampli espectre de continguts [&hellip;]<\/p>\n","protected":false},"author":1,"featured_media":0,"parent":0,"menu_order":0,"comment_status":"closed","ping_status":"close","template":"","meta":{"site-sidebar-layout":"no-sidebar","site-content-layout":"","ast-site-content-layout":"default","site-content-style":"unboxed","site-sidebar-style":"default","ast-global-header-display":"","ast-banner-title-visibility":"","ast-main-header-display":"","ast-hfb-above-header-display":"","ast-hfb-below-header-display":"","ast-hfb-mobile-header-display":"","site-post-title":"","ast-breadcrumbs-content":"","ast-featured-img":"","footer-sml-layout":"","theme-transparent-header-meta":"","adv-header-id-meta":"","stick-header-meta":"","header-above-stick-meta":"","header-main-stick-meta":"","header-below-stick-meta":"","astra-migrate-meta-layouts":"set","ast-page-background-enabled":"default","ast-page-background-meta":{"desktop":{"background-color":"var(--ast-global-color-4)","background-image":"","background-repeat":"repeat","background-position":"center center","background-size":"auto","background-attachment":"scroll","background-type":"","background-media":"","overlay-type":"","overlay-color":"","overlay-opacity":"","overlay-gradient":""},"tablet":{"background-color":"","background-image":"","background-repeat":"repeat","background-position":"center center","background-size":"auto","background-attachment":"scroll","background-type":"","background-media":"","overlay-type":"","overlay-color":"","overlay-opacity":"","overlay-gradient":""},"mobile":{"background-color":"","background-image":"","background-repeat":"repeat","background-position":"center center","background-size":"auto","background-attachment":"scroll","background-type":"","background-media":"","overlay-type":"","overlay-color":"","overlay-opacity":"","overlay-gradient":""}},"ast-content-background-meta":{"desktop":{"background-color":"var(--ast-global-color-5)","background-image":"","background-repeat":"repeat","background-position":"center center","background-size":"auto","background-attachment":"scroll","background-type":"","background-media":"","overlay-type":"","overlay-color":"","overlay-opacity":"","overlay-gradient":""},"tablet":{"background-color":"var(--ast-global-color-5)","background-image":"","background-repeat":"repeat","background-position":"center center","background-size":"auto","background-attachment":"scroll","background-type":"","background-media":"","overlay-type":"","overlay-color":"","overlay-opacity":"","overlay-gradient":""},"mobile":{"background-color":"var(--ast-global-color-5)","background-image":"","background-repeat":"repeat","background-position":"center center","background-size":"auto","background-attachment":"scroll","background-type":"","background-media":"","overlay-type":"","overlay-color":"","overlay-opacity":"","overlay-gradient":""}},"footnotes":""},"class_list":["post-8608","page","type-page","status-publish","hentry"],"post_mailing_queue_ids":[],"_links":{"self":[{"href":"https:\/\/projectes.xtec.cat\/matcompetents\/wp-json\/wp\/v2\/pages\/8608","targetHints":{"allow":["GET"]}}],"collection":[{"href":"https:\/\/projectes.xtec.cat\/matcompetents\/wp-json\/wp\/v2\/pages"}],"about":[{"href":"https:\/\/projectes.xtec.cat\/matcompetents\/wp-json\/wp\/v2\/types\/page"}],"author":[{"embeddable":true,"href":"https:\/\/projectes.xtec.cat\/matcompetents\/wp-json\/wp\/v2\/users\/1"}],"replies":[{"embeddable":true,"href":"https:\/\/projectes.xtec.cat\/matcompetents\/wp-json\/wp\/v2\/comments?post=8608"}],"version-history":[{"count":5,"href":"https:\/\/projectes.xtec.cat\/matcompetents\/wp-json\/wp\/v2\/pages\/8608\/revisions"}],"predecessor-version":[{"id":8616,"href":"https:\/\/projectes.xtec.cat\/matcompetents\/wp-json\/wp\/v2\/pages\/8608\/revisions\/8616"}],"wp:attachment":[{"href":"https:\/\/projectes.xtec.cat\/matcompetents\/wp-json\/wp\/v2\/media?parent=8608"}],"curies":[{"name":"wp","href":"https:\/\/api.w.org\/{rel}","templated":true}]}}