{"id":10784,"date":"2023-04-26T13:32:45","date_gmt":"2023-04-26T11:32:45","guid":{"rendered":"https:\/\/projectes.xtec.cat\/memoriaieducacio\/?page_id=10784"},"modified":"2023-06-22T20:20:27","modified_gmt":"2023-06-22T18:20:27","slug":"insterraroja-rukeli","status":"publish","type":"page","link":"https:\/\/projectes.xtec.cat\/memoriaieducacio\/activitats\/activitats-de-centres\/insterraroja-rukeli\/","title":{"rendered":"Ins Terra Roja. Rukeli"},"content":{"rendered":"<h3>Johann W. Trollmann, Rukeli.\u00a0 Reivindicaci\u00f3 de la mem\u00f2ria del poble roman\u00ed<\/h3>\n<table style=\"border-collapse: collapse; width: 100%;\">\n<tbody>\n<tr>\n<td style=\"width: 50%; border-color: #000000;\">\n<h5 style=\"text-align: justify;\"><span style=\"color: #000000;\">A l&#8217;Institut Terra Roja de Santa Coloma de Gramenet, durant el curs 2017-2018, els alumnes de 4t A han participat en el projecte Testimonis a l&#8217;aula i han tractat la hist\u00f2ria d&#8217;en Johann W. Trollmann, Rukeli. L&#8217;inter\u00e8s dels alumnes ha promogut a la direcci\u00f3 del centre la plantada d&#8217;un arbre a l&#8217;entrada de l&#8217;institut, com a s\u00edmbol permanent que recoll\u00eds els valors i la figura d&#8217;en Rukeli com a resistent del poble roman\u00ed contra el nazisme. En Seo Cizmic, de l&#8217;associaci\u00f3 Romano Kher, ha presentat la hist\u00f2ria d&#8217;en Rukeli i la professora Sebastiana Bote ha coordinat la feina de l&#8217;alumnat.<\/span><\/h5>\n<p>&nbsp;<\/p>\n<h5 style=\"text-align: justify; padding-left: 80px;\"><em><b>Johann Wilhelm Trollmann<\/b>\u00a0(Gifhorn,\u00a027 de desembre\u00a0de\u00a01907\u00a0&#8211;\u00a0Camp de concentraci\u00f3 de Wittenberge,\u00a0maig 1944), tamb\u00e9 conegut pel sobrenom de \u00ab<b>Rukeli<\/b>\u00bb, va ser un boxejador alemany d&#8217;\u00e8tnia sinti. A la segona meitat de la d\u00e8cada dels 1920 va comen\u00e7ar la seva carrera i r\u00e0pidament va assolir la fama, convertint-se en una icona de l&#8217;Alemanya de l&#8217;\u00e8poca. La perseccuci\u00f3 nazi cap al poble gitano l&#8217;afect\u00e0 directament i li va impossibilitar mantenir-se com a campi\u00f3 de boxa i , despr\u00e9s del \u00a0desembre de 1942, amb la firma del Decret d&#8217;Auschwitz per part de Himmler, va ser enviat al camp de concentraci\u00f3 de Neuengamme. Es creu que el 1944 mor\u00ed despr\u00e9s de guanyar un combat al camp de concentraci\u00f3, on un kapo el va apallissar fins a assassinar-lo.<\/em><\/h5>\n<p>&nbsp;<\/p>\n<h5><a href=\"https:\/\/projectes.xtec.cat\/memoriaieducacio\/wp-content\/uploads\/usu2168\/2023\/05\/placa2023_842x597.jpg\">Placa commemorativa de l&#8217;acte final celebrat el 28 de maig de 2018<img loading=\"lazy\" decoding=\"async\" class=\"wp-image-10880 aligncenter\" src=\"https:\/\/projectes.xtec.cat\/memoriaieducacio\/wp-content\/uploads\/usu2168\/2023\/05\/placa2023_842x597.jpg\" alt=\"\" width=\"523\" height=\"371\" srcset=\"https:\/\/projectes.xtec.cat\/memoriaieducacio\/wp-content\/uploads\/usu2168\/2023\/05\/placa2023_842x597.jpg 842w, https:\/\/projectes.xtec.cat\/memoriaieducacio\/wp-content\/uploads\/usu2168\/2023\/05\/placa2023_842x597-300x213.jpg 300w, https:\/\/projectes.xtec.cat\/memoriaieducacio\/wp-content\/uploads\/usu2168\/2023\/05\/placa2023_842x597-768x545.jpg 768w\" sizes=\"auto, (max-width: 523px) 100vw, 523px\" \/><\/a><\/h5>\n<p>&nbsp;<\/td>\n<td style=\"width: 50%;\"><a href=\"https:\/\/projectes.xtec.cat\/memoriaieducacio\/wp-content\/uploads\/usu2168\/2023\/04\/Foto-enviada-per-JOAN-MIQUEL-ALBERT-TARRAG.jpg\"><img loading=\"lazy\" decoding=\"async\" class=\"wp-image-10789 aligncenter\" src=\"https:\/\/projectes.xtec.cat\/memoriaieducacio\/wp-content\/uploads\/usu2168\/2023\/04\/Foto-enviada-per-JOAN-MIQUEL-ALBERT-TARRAG-724x1024.jpg\" alt=\"\" width=\"541\" height=\"765\" srcset=\"https:\/\/projectes.xtec.cat\/memoriaieducacio\/wp-content\/uploads\/usu2168\/2023\/04\/Foto-enviada-per-JOAN-MIQUEL-ALBERT-TARRAG-724x1024.jpg 724w, https:\/\/projectes.xtec.cat\/memoriaieducacio\/wp-content\/uploads\/usu2168\/2023\/04\/Foto-enviada-per-JOAN-MIQUEL-ALBERT-TARRAG-212x300.jpg 212w, https:\/\/projectes.xtec.cat\/memoriaieducacio\/wp-content\/uploads\/usu2168\/2023\/04\/Foto-enviada-per-JOAN-MIQUEL-ALBERT-TARRAG-768x1086.jpg 768w, https:\/\/projectes.xtec.cat\/memoriaieducacio\/wp-content\/uploads\/usu2168\/2023\/04\/Foto-enviada-per-JOAN-MIQUEL-ALBERT-TARRAG-1086x1536.jpg 1086w, https:\/\/projectes.xtec.cat\/memoriaieducacio\/wp-content\/uploads\/usu2168\/2023\/04\/Foto-enviada-per-JOAN-MIQUEL-ALBERT-TARRAG.jpg 1131w\" sizes=\"auto, (max-width: 541px) 100vw, 541px\" \/><\/a><\/td>\n<\/tr>\n<tr>\n<td style=\"width: 100%; border-color: #000000;\" colspan=\"2\">\n<h3 style=\"text-align: justify;\"><span style=\"color: #000000;\">Materials<\/span><\/h3>\n<table style=\"border-collapse: collapse; width: 100%;\">\n<tbody>\n<tr>\n<td style=\"width: 33.3333%;\">\n<h6>Presentaci\u00f3 de l&#8217;activitat<\/h6>\n<p><a href=\"https:\/\/projectes.xtec.cat\/memoriaieducacio\/wp-content\/uploads\/usu2168\/2023\/05\/Rukeli-presentacio\u0301-1_compressed.pdf\"><img loading=\"lazy\" decoding=\"async\" class=\"alignleft size-full wp-image-10856\" src=\"https:\/\/projectes.xtec.cat\/memoriaieducacio\/wp-content\/uploads\/usu2168\/2023\/05\/portadapresetnaciorukeli_600x400.jpg\" alt=\"\" width=\"600\" height=\"400\" srcset=\"https:\/\/projectes.xtec.cat\/memoriaieducacio\/wp-content\/uploads\/usu2168\/2023\/05\/portadapresetnaciorukeli_600x400.jpg 600w, https:\/\/projectes.xtec.cat\/memoriaieducacio\/wp-content\/uploads\/usu2168\/2023\/05\/portadapresetnaciorukeli_600x400-300x200.jpg 300w\" sizes=\"auto, (max-width: 600px) 100vw, 600px\" \/><\/a><\/td>\n<td style=\"width: 33.3333%;\">\n<h6>Video realitzat pel alumnes<\/h6>\n<p><a href=\"https:\/\/drive.google.com\/file\/d\/1q9KcGo7-CiT6qkn_cZBW8Sgw_vF3TQX0\/view?usp=share_link\"><img loading=\"lazy\" decoding=\"async\" class=\"alignleft size-full wp-image-10853\" src=\"https:\/\/projectes.xtec.cat\/memoriaieducacio\/wp-content\/uploads\/usu2168\/2023\/05\/portadavideo_600x369.jpg\" alt=\"\" width=\"600\" height=\"369\" srcset=\"https:\/\/projectes.xtec.cat\/memoriaieducacio\/wp-content\/uploads\/usu2168\/2023\/05\/portadavideo_600x369.jpg 600w, https:\/\/projectes.xtec.cat\/memoriaieducacio\/wp-content\/uploads\/usu2168\/2023\/05\/portadavideo_600x369-300x185.jpg 300w\" sizes=\"auto, (max-width: 600px) 100vw, 600px\" \/><\/a><\/td>\n<td style=\"width: 33.3333%;\">\n<h6>Imatges de l&#8217;acte<\/h6>\n<p><a href=\"https:\/\/projectes.xtec.cat\/memoriaieducacio\/imatges-de-lacte-rukeli\/\"><img loading=\"lazy\" decoding=\"async\" class=\"alignleft size-full wp-image-10869\" src=\"https:\/\/projectes.xtec.cat\/memoriaieducacio\/wp-content\/uploads\/usu2168\/2023\/05\/portadaimatges_600x400.jpg\" alt=\"\" width=\"600\" height=\"400\" srcset=\"https:\/\/projectes.xtec.cat\/memoriaieducacio\/wp-content\/uploads\/usu2168\/2023\/05\/portadaimatges_600x400.jpg 600w, https:\/\/projectes.xtec.cat\/memoriaieducacio\/wp-content\/uploads\/usu2168\/2023\/05\/portadaimatges_600x400-300x200.jpg 300w\" sizes=\"auto, (max-width: 600px) 100vw, 600px\" \/><\/a><\/td>\n<\/tr>\n<\/tbody>\n<\/table>\n<\/td>\n<\/tr>\n<\/tbody>\n<\/table>\n","protected":false},"excerpt":{"rendered":"<p>Johann W. Trollmann, Rukeli.\u00a0 Reivindicaci\u00f3 de la mem\u00f2ria del poble roman\u00ed<\/p>\n<p>A l&#8217;Institut Terra Roja de Santa Coloma de Gramenet, durant el curs 2017-2018, els alumnes de 4t A han participat en el projecte Testimonis a l&#8217;aula i han tractat la hist\u00f2ria d&#8217;en Johann W. Trollmann,&hellip;  <a href=\"https:\/\/projectes.xtec.cat\/memoriaieducacio\/activitats\/activitats-de-centres\/insterraroja-rukeli\/\" title=\"Read Ins Terra Roja. Rukeli\">Llegeix m\u00e9s\u00bb<\/a><\/p>\n","protected":false},"author":3,"featured_media":0,"parent":10875,"menu_order":0,"comment_status":"closed","ping_status":"closed","template":"page-templates\/side-menu.php","meta":{"_bbp_topic_count":0,"_bbp_reply_count":0,"_bbp_total_topic_count":0,"_bbp_total_reply_count":0,"_bbp_voice_count":0,"_bbp_anonymous_reply_count":0,"_bbp_topic_count_hidden":0,"_bbp_reply_count_hidden":0,"_bbp_forum_subforum_count":0,"footnotes":""},"class_list":["post-10784","page","type-page","status-publish","hentry"],"post_mailing_queue_ids":[],"_links":{"self":[{"href":"https:\/\/projectes.xtec.cat\/memoriaieducacio\/wp-json\/wp\/v2\/pages\/10784","targetHints":{"allow":["GET"]}}],"collection":[{"href":"https:\/\/projectes.xtec.cat\/memoriaieducacio\/wp-json\/wp\/v2\/pages"}],"about":[{"href":"https:\/\/projectes.xtec.cat\/memoriaieducacio\/wp-json\/wp\/v2\/types\/page"}],"author":[{"embeddable":true,"href":"https:\/\/projectes.xtec.cat\/memoriaieducacio\/wp-json\/wp\/v2\/users\/3"}],"replies":[{"embeddable":true,"href":"https:\/\/projectes.xtec.cat\/memoriaieducacio\/wp-json\/wp\/v2\/comments?post=10784"}],"version-history":[{"count":3,"href":"https:\/\/projectes.xtec.cat\/memoriaieducacio\/wp-json\/wp\/v2\/pages\/10784\/revisions"}],"predecessor-version":[{"id":11013,"href":"https:\/\/projectes.xtec.cat\/memoriaieducacio\/wp-json\/wp\/v2\/pages\/10784\/revisions\/11013"}],"up":[{"embeddable":true,"href":"https:\/\/projectes.xtec.cat\/memoriaieducacio\/wp-json\/wp\/v2\/pages\/10875"}],"wp:attachment":[{"href":"https:\/\/projectes.xtec.cat\/memoriaieducacio\/wp-json\/wp\/v2\/media?parent=10784"}],"curies":[{"name":"wp","href":"https:\/\/api.w.org\/{rel}","templated":true}]}}