{"id":12115,"date":"2024-12-20T10:32:55","date_gmt":"2024-12-20T09:32:55","guid":{"rendered":"https:\/\/projectes.xtec.cat\/memoriaieducacio\/?page_id=12115"},"modified":"2025-01-26T19:22:42","modified_gmt":"2025-01-26T18:22:42","slug":"jacint-cortes-institut-les-planes","status":"publish","type":"page","link":"https:\/\/projectes.xtec.cat\/memoriaieducacio\/activitats\/dia-internacional-victimes-de-lholocaust\/2025-b\/jacint-cortes-institut-les-planes\/","title":{"rendered":"Jacint Cort\u00e9s (Institut Les Planes)"},"content":{"rendered":"<table style=\"border-collapse: collapse; width: 100%;\">\n<tbody>\n<tr>\n<td style=\"width: 31.4817%;\"><strong>Cita<\/strong><\/p>\n<h6><span style=\"font-weight: 400;\">\u201cSin la astuta actuaci\u00f3n del almeriense \u2014seg\u00fan corroboraron sus camaradas supervivientes, incluido el propio Boix\u2014 esas fotograf\u00edas no hubieran dado la vuelta al mundo y todo el sufrimiento infinito de miles de presos habr\u00eda quedado difuminado (&#8230;).\u201d<\/span><\/h6>\n<p><span style=\"font-weight: 400;\">Escrit per:<\/span><\/p>\n<h6><span style=\"font-weight: 400;\">Manuel Le\u00f3n, periodista de <\/span><i><span style=\"font-weight: 400;\">La Opini\u00f3n de Almer\u00eda,<\/span><\/i><span style=\"font-weight: 400;\"> al seu article \u201c<\/span><a href=\"https:\/\/www.laopiniondealmeria.com\/2018\/11\/jacinto-cortes-el-guardian-de-mauthausen.html\"><span style=\"font-weight: 400;\">Jacinto Cort\u00e9s, el guardi\u00e1n de Mauthausen<\/span><\/a><span style=\"font-weight: 400;\">\u201d<\/span><\/h6>\n<p><a href=\"https:\/\/projectes.xtec.cat\/memoriaieducacio\/wp-content\/uploads\/usu2168\/2024\/12\/Jacint-Cortes-imatge_535x535.jpg\"><img loading=\"lazy\" decoding=\"async\" class=\"wp-image-12116 aligncenter\" src=\"https:\/\/projectes.xtec.cat\/memoriaieducacio\/wp-content\/uploads\/usu2168\/2024\/12\/Jacint-Cortes-imatge_535x535.jpg\" alt=\"\" width=\"421\" height=\"421\" srcset=\"https:\/\/projectes.xtec.cat\/memoriaieducacio\/wp-content\/uploads\/usu2168\/2024\/12\/Jacint-Cortes-imatge_535x535.jpg 535w, https:\/\/projectes.xtec.cat\/memoriaieducacio\/wp-content\/uploads\/usu2168\/2024\/12\/Jacint-Cortes-imatge_535x535-300x300.jpg 300w, https:\/\/projectes.xtec.cat\/memoriaieducacio\/wp-content\/uploads\/usu2168\/2024\/12\/Jacint-Cortes-imatge_535x535-150x150.jpg 150w\" sizes=\"auto, (max-width: 421px) 100vw, 421px\" \/><\/a><\/p>\n<p>&nbsp;<\/p>\n<p>&nbsp;<\/p>\n<p>&nbsp;<\/p>\n<p>&nbsp;<\/p>\n<p>&nbsp;<\/p>\n<p>&nbsp;<\/p>\n<p>&nbsp;<\/td>\n<td style=\"width: 68.5183%;\"><strong>Narraci\u00f3<\/strong><\/p>\n<h4 style=\"text-align: center;\">Jacint Cort\u00e9s<\/h4>\n<h6 style=\"text-align: center;\"><\/h6>\n<p><span style=\"font-weight: 400;\"><a href=\"https:\/\/projectes.xtec.cat\/memoriaieducacio\/wp-content\/uploads\/usu2168\/2024\/12\/jacintcortes2_350x200.jpg\"><img loading=\"lazy\" decoding=\"async\" class=\"size-full wp-image-12119 alignright\" src=\"https:\/\/projectes.xtec.cat\/memoriaieducacio\/wp-content\/uploads\/usu2168\/2024\/12\/jacintcortes2_350x200.jpg\" alt=\"\" width=\"350\" height=\"200\" srcset=\"https:\/\/projectes.xtec.cat\/memoriaieducacio\/wp-content\/uploads\/usu2168\/2024\/12\/jacintcortes2_350x200.jpg 350w, https:\/\/projectes.xtec.cat\/memoriaieducacio\/wp-content\/uploads\/usu2168\/2024\/12\/jacintcortes2_350x200-300x171.jpg 300w\" sizes=\"auto, (max-width: 350px) 100vw, 350px\" \/><\/a><\/span><\/p>\n<p><span style=\"font-weight: 400;\">Aqu\u00ed, un altre dia gris al camp. Un altre dia de records, llunyans i c\u00e0lids\u2026 Com em reconforta pensar en el mar i en les tardes d\u2019estiu del meu poble! Qui pogu\u00e9s ser a Pechina gaudint dels amics i de la fam\u00edlia! Mare\u2026 on deus ser?<\/span><\/p>\n<p><span style=\"font-weight: 400;\">Per\u00f2 quan el fred em toca els ossos, torno aqu\u00ed, a Mauthausen, un lloc on ens obliguen a treballar dia i nit, poca gent sap el que passa a l\u2019interior d\u2019un camp de concentraci\u00f3! Quines barbaritats que es produeixen! Sort d\u2019en Boix, que, d\u2019amagat, va fent les seves fotografies. Vull tapar-me els ulls, per\u00f2 no puc fer-ho amb l\u2019\u00e0nima.\u00a0<\/span><\/p>\n<p><span style=\"font-weight: 400;\">Tinc la sort que els meus companys i jo som considerats presos de confian\u00e7a. Aix\u00f2 vol dir que podem sortir d\u2019aquest infern; sota vigil\u00e0ncia, \u00e9s clar. Deixem els murs, per\u00f2 anem a treballar (a llocs diferents, la major part de les vegades, a la pedrera). Estem explotats, per\u00f2 almenys podem respirar fora de les parets opressores, un miratge de llibertat. Per\u00f2 no tot \u00e9s foscor, vull pensar. L\u2019Anna Pointner i les seves filles ens ofereixen la seva ajuda cada vegada que passem prop de casa seva, ens donen el que poden, un somriure, un plat de menjar\u2026 L\u2019Anna ens veu com el que som: joves, adolescents que s\u2019han trobat enmig d\u2019una guerra sense ra\u00f3, innocents que no entenen el m\u00f3n que els ha tocat viure.<\/span><\/p>\n<p><span style=\"font-weight: 400;\">He sentit que els aliats potser arriben aviat, ens alliberaran. Per\u00f2 ens preocupa que es perdin els negatius del Francesc. Pensar\u00e9 com, per\u00f2 crec que la senyora Pointner ens podr\u00e0 ajudar: el que hem viscut a Mauthausen no es pot oblidar, si no ensenyem les fotografies al m\u00f3n, la barb\u00e0rie desapareixer\u00e0. Aquesta massacre no es pot tornar a repetir! Haurem de pensar alguna cosa\u2026<\/span><\/p>\n<p><span style=\"font-weight: 400;\">Jacint Cort\u00e9s, encarregat de portar el menjar als presos que treballaven a la pedrera, va anar amagant els negatius que li donava Francesc Boix en un forat. En saber que amb l\u2019arribada dels aliats aquell material podria perillar, va envalentir-se i va entregar aquell paquet a la senyora Pointner. Ella el va amagar fins que els espanyols el van recuperar.<\/span><\/p>\n<p><span style=\"font-weight: 400;\">Aquests negatius van ser una prova imprescindible per poder jutjar els comandants nazis al judici de Nuremberg, l\u2019any 1946.<\/span><\/p>\n<p><span style=\"font-weight: 400;\">Sense valents\/es no hi ha hist\u00f2ria!<\/span><\/p>\n<p><span style=\"font-weight: 400;\">\u00a0<\/span><\/td>\n<\/tr>\n<\/tbody>\n<\/table>\n<p><strong>Fitxa<\/strong><\/p>\n<p><i><span style=\"font-weight: 400;\">Pechina (Almeria) 30-01-1923, Perpiny\u00e0 (Fran\u00e7a) <\/span><\/i><i><span style=\"font-weight: 400;\">22-09-2003<\/span><\/i><\/p>\n<p><strong>Quina acci\u00f3?\u00a0<\/strong><\/p>\n<p><span style=\"font-weight: 400;\">Va amagar, juntament amb els seus companys del Kommando Poschacher, els negatius de les fotografies que va fer en Francesc Boix del camp de concentraci\u00f3 de Mauthausen. El que van fer va ser molt m\u00e9s que salvar unes fotografies; la seva acci\u00f3 va permetre preservar i protegir la veritat aportant proves fidedignes als judicis de Nuremberg.<\/span><\/p>\n<p><span style=\"font-weight: 400;\"><strong>On va passar?<\/strong>\u00a0<\/span><\/p>\n<p><span style=\"font-weight: 400;\">Camp de concentraci\u00f3 de Mauthausen (\u00c0ustria).<\/span><\/p>\n<p><span style=\"font-weight: 400;\"><strong>Qui la va protagonitzar?<\/strong>\u00a0<\/span><\/p>\n<p><span style=\"font-weight: 400;\">Francesc Boix, Jacint Cort\u00e9s i el Kommando Poschacher.<\/span><\/p>\n<p><strong>A qui va afectar?\u00a0<\/strong><\/p>\n<p><span style=\"font-weight: 400;\">Per l\u2019abast i la import\u00e0ncia de la seva acci\u00f3, va afectar tota la humanitat.<\/span><\/p>\n<p><span style=\"font-weight: 400;\"><strong>Quan va passar? En quin context pol\u00edtic-social?<\/strong>\u00a0<\/span><\/p>\n<p><span style=\"font-weight: 400;\">Entre el <\/span><span style=\"font-weight: 400;\">24 d\u2019agost de 1940 (data d\u2019entrada a Mauthausen) i l\u201911 d\u2019octubre de 1944 (segons consta al Banc de la Mem\u00f2ria Democr\u00e0tica).<\/span><\/p>\n<p><span style=\"font-weight: 400;\"><strong>Per qu\u00e8?<\/strong>\u00a0<\/span><\/p>\n<p><span style=\"font-weight: 400;\">Per deixar const\u00e0ncia del tracte que rebien els presos als camps de concentraci\u00f3 nazis i denunciar-lo. Per no permetre l\u2019oblit, per no repetir la hist\u00f2ria.<\/span><\/p>\n<p><strong>Qu\u00e8 en penseu d\u2019aquesta acci\u00f3?\u00a0<\/strong><\/p>\n<p><span style=\"font-weight: 400;\">L\u2019acci\u00f3 d\u2019en Jacint\u00a0 Cort\u00e9s i dels seus companys va representar ser un acte de valentia i comprom\u00eds cap a la societat (present i futura); protegir els negatius com a patrimoni hist\u00f2ric va contribuir a desvelar els horrors comesos pels nazis, a descobrir l\u2019Holocaust, a posar nom i cara als botxins i perpetradors d\u2019aquella barb\u00e0rie.<\/span><\/p>\n<p><span style=\"font-weight: 400;\">La seva acci\u00f3 es mostra com a\u00a0 testimoni de la resist\u00e8ncia grupal i de la responsabilitat individual; tamb\u00e9, en la lluita contra la injust\u00edcia i el comprom\u00eds amb la veritat.<\/span><\/p>\n","protected":false},"excerpt":{"rendered":"<p>Cita<br \/>\n\u201cSin la astuta actuaci\u00f3n del almeriense \u2014seg\u00fan corroboraron sus camaradas supervivientes, incluido el propio Boix\u2014 esas fotograf\u00edas no hubieran dado la vuelta al mundo y todo el sufrimiento infinito de miles de presos habr\u00eda quedado difuminado (&#8230;).\u201d<br \/>\nEscrit per:<br \/>\nManuel Le\u00f3n, periodista de La Opini\u00f3n de Almer\u00eda,&hellip;  <a href=\"https:\/\/projectes.xtec.cat\/memoriaieducacio\/activitats\/dia-internacional-victimes-de-lholocaust\/2025-b\/jacint-cortes-institut-les-planes\/\" title=\"Read Jacint Cort\u00e9s (Institut Les Planes)\">Llegeix m\u00e9s\u00bb<\/a><\/p>\n","protected":false},"author":3,"featured_media":0,"parent":11942,"menu_order":0,"comment_status":"closed","ping_status":"closed","template":"page-templates\/side-menu.php","meta":{"_bbp_topic_count":0,"_bbp_reply_count":0,"_bbp_total_topic_count":0,"_bbp_total_reply_count":0,"_bbp_voice_count":0,"_bbp_anonymous_reply_count":0,"_bbp_topic_count_hidden":0,"_bbp_reply_count_hidden":0,"_bbp_forum_subforum_count":0,"footnotes":""},"class_list":["post-12115","page","type-page","status-publish","hentry"],"post_mailing_queue_ids":[],"_links":{"self":[{"href":"https:\/\/projectes.xtec.cat\/memoriaieducacio\/wp-json\/wp\/v2\/pages\/12115","targetHints":{"allow":["GET"]}}],"collection":[{"href":"https:\/\/projectes.xtec.cat\/memoriaieducacio\/wp-json\/wp\/v2\/pages"}],"about":[{"href":"https:\/\/projectes.xtec.cat\/memoriaieducacio\/wp-json\/wp\/v2\/types\/page"}],"author":[{"embeddable":true,"href":"https:\/\/projectes.xtec.cat\/memoriaieducacio\/wp-json\/wp\/v2\/users\/3"}],"replies":[{"embeddable":true,"href":"https:\/\/projectes.xtec.cat\/memoriaieducacio\/wp-json\/wp\/v2\/comments?post=12115"}],"version-history":[{"count":6,"href":"https:\/\/projectes.xtec.cat\/memoriaieducacio\/wp-json\/wp\/v2\/pages\/12115\/revisions"}],"predecessor-version":[{"id":12935,"href":"https:\/\/projectes.xtec.cat\/memoriaieducacio\/wp-json\/wp\/v2\/pages\/12115\/revisions\/12935"}],"up":[{"embeddable":true,"href":"https:\/\/projectes.xtec.cat\/memoriaieducacio\/wp-json\/wp\/v2\/pages\/11942"}],"wp:attachment":[{"href":"https:\/\/projectes.xtec.cat\/memoriaieducacio\/wp-json\/wp\/v2\/media?parent=12115"}],"curies":[{"name":"wp","href":"https:\/\/api.w.org\/{rel}","templated":true}]}}