{"id":12129,"date":"2024-12-20T13:05:13","date_gmt":"2024-12-20T12:05:13","guid":{"rendered":"https:\/\/projectes.xtec.cat\/memoriaieducacio\/?page_id=12129"},"modified":"2025-01-15T08:50:26","modified_gmt":"2025-01-15T07:50:26","slug":"joan-tarrago-i-balcells-institut-marti-lhuma","status":"publish","type":"page","link":"https:\/\/projectes.xtec.cat\/memoriaieducacio\/activitats\/dia-internacional-victimes-de-lholocaust\/2025-b\/joan-tarrago-i-balcells-institut-marti-lhuma\/","title":{"rendered":"Joan Tarrag\u00f3 i Balcells (Institut Mart\u00ed l&#8217;Hum\u00e0)"},"content":{"rendered":"<table style=\"border-collapse: collapse; width: 100%;\">\n<tbody>\n<tr>\n<td style=\"width: 31.3357%;\"><strong>Cita<\/strong><\/p>\n<h6><\/h6>\n<h6><span style=\"font-weight: 400;\">&#8220;Llegir era con\u00e8ixer un moment de llibertat enmig de l\u2019infern&#8221;<\/span><\/h6>\n<p>&nbsp;<\/p>\n<p><a href=\"https:\/\/projectes.xtec.cat\/memoriaieducacio\/wp-content\/uploads\/usu2168\/2024\/12\/JoanTarragobiblioteca_191x102.jpg\"><img loading=\"lazy\" decoding=\"async\" class=\"size-full wp-image-12133 aligncenter\" src=\"https:\/\/projectes.xtec.cat\/memoriaieducacio\/wp-content\/uploads\/usu2168\/2024\/12\/JoanTarragobiblioteca_191x102.jpg\" alt=\"\" width=\"191\" height=\"102\" \/><\/a><\/p>\n<p>&nbsp;<\/p>\n<p><a href=\"https:\/\/projectes.xtec.cat\/memoriaieducacio\/wp-content\/uploads\/usu2168\/2024\/12\/HERETAR_MAUTHAUSEN_FOTO_535x356.jpg\"><img loading=\"lazy\" decoding=\"async\" class=\"size-full wp-image-12134 aligncenter\" src=\"https:\/\/projectes.xtec.cat\/memoriaieducacio\/wp-content\/uploads\/usu2168\/2024\/12\/HERETAR_MAUTHAUSEN_FOTO_535x356.jpg\" alt=\"\" width=\"535\" height=\"356\" srcset=\"https:\/\/projectes.xtec.cat\/memoriaieducacio\/wp-content\/uploads\/usu2168\/2024\/12\/HERETAR_MAUTHAUSEN_FOTO_535x356.jpg 535w, https:\/\/projectes.xtec.cat\/memoriaieducacio\/wp-content\/uploads\/usu2168\/2024\/12\/HERETAR_MAUTHAUSEN_FOTO_535x356-300x200.jpg 300w\" sizes=\"auto, (max-width: 535px) 100vw, 535px\" \/><\/a><\/p>\n<p>&nbsp;<\/p>\n<p>&nbsp;<\/p>\n<p>&nbsp;<\/p>\n<p>&nbsp;<\/p>\n<p>&nbsp;<\/p>\n<p>&nbsp;<\/p>\n<p>&nbsp;<\/p>\n<p>&nbsp;<\/p>\n<p>&nbsp;<\/p>\n<p>&nbsp;<\/p>\n<p>&nbsp;<\/p>\n<p>&nbsp;<\/p>\n<p>&nbsp;<\/p>\n<p>&nbsp;<\/p>\n<p>&nbsp;<\/p>\n<p>&nbsp;<\/td>\n<td style=\"width: 68.6643%;\"><strong>Narraci\u00f3<\/strong><\/p>\n<h4 style=\"text-align: center;\">Joan Tarrag\u00f3 i Balcells<\/h4>\n<p><span style=\"font-weight: 400;\">Em dic Joan Tarrag\u00f3 i vaig n\u00e9ixer el 1914, al Vilosell, les Garrigues. Em vaig casar a Vilaverd, a la Conca de Barber\u00e0, amb la meva esposa, Rosa Esteve. No he portat una vida tranquil\u00b7la. A 10 anys vaig haver de treballar de <\/span><i><span style=\"font-weight: 400;\">botones<\/span><\/i><span style=\"font-weight: 400;\"> en un hotel de Tarragona, on tota la fam\u00edlia s\u2019havia traslladat per culpa de la mis\u00e8ria del poble.<\/span><\/p>\n<p><span style=\"font-weight: 400;\">El 19 de juliol del 1936 em va canviar la vida. Jo era a Tarragona quan va tenir lloc el cop d\u2019estat que donaria pas a la Guerra Civil espanyola. Aquell mateix any es va crear el Partit Socialista Unificat de Catalunya (PSUC) a partir de la fusi\u00f3 de quatre partits marxistes, del qual vaig ser membre. Com a membre de l\u2019ex\u00e8rcit republic\u00e0 vaig participar en la batalla de Belchite.<\/span><\/p>\n<p><span style=\"font-weight: 400;\">Despr\u00e9s de la retirada del 1939, l\u2019Estat franc\u00e8s em va tancar al camp de S\u00e8tfonts. A l\u2019inici de la Segona Guerra Mundial, em vaig allistar a l\u2019ex\u00e8rcit franc\u00e8s. Els nazis em van capturar a \u00c9pinal, un poblet de Fran\u00e7a. Van deportar-me al camp de concentraci\u00f3 de Mauthausen el 23 de gener del\u00a01941, amb el n\u00famero d&#8217;ingr\u00e9s 4355.\u00a0<\/span><\/p>\n<p><span style=\"font-weight: 400;\">Amb els companys comunistes, vam organitzar una xarxa de resist\u00e8ncia dins del camp de concentraci\u00f3. Un home sol no podia fer res. Quan vaig treballar a la cuina de les SS, vaig robar menjar i medicines que els companys repartien en un esperit de solidaritat. Hi ha altres exemples d\u2019accions de republicans espanyols. Tornant al que vaig poder fer, vaig\u00a0fundar una biblioteca clandestina amagada al barrac\u00f3 13. Amb els companys vam arribar a amagar fins a 200\u00a0llibres, una cosa de la qual\u00a0estic molt orgull\u00f3s, ja que llegir era con\u00e8ixer un moment de llibertat\u00a0enmig de l\u2019infern.\u00a0<\/span><\/p>\n<p><span style=\"font-weight: 400;\">Despr\u00e9s de l\u2019alliberament del camp, el 5 de maig del\u00a01945,\u00a0vam anar a Fran\u00e7a, pa\u00eds d\u2019acollida, ja que no pod\u00edem tornar a Espanya.\u00a0L\u2019agost del\u00a01946, la meva dona va passar la frontera amb Fran\u00e7a de manera clandestina, la frontera estava tancada i, a partir d\u2019aquella data, ja vam viure sempre junts exiliats a Fran\u00e7a i vam tenir dos fills, en Llibert i en Joan Ramon.<\/span><\/p>\n<p><span style=\"font-weight: 400;\">Com a reconeixement\u00a0per haver sigut un exiliat republic\u00e0 catal\u00e0 que va sobreviure al nazisme, el 2019 es va batejar la biblioteca del Vilosell, el meu poble, amb el nom de La Clandestina.\u00a0<\/span><\/p>\n<p><span style=\"font-weight: 400;\">Vaig morir el 16 de juliol del 1979 a Briva.<\/span><\/p>\n<p><a href=\"https:\/\/projectes.xtec.cat\/memoriaieducacio\/wp-content\/uploads\/usu2168\/2024\/12\/Joan_Tarrago_234x350.jpg\"><img loading=\"lazy\" decoding=\"async\" class=\"size-full wp-image-12131 aligncenter\" src=\"https:\/\/projectes.xtec.cat\/memoriaieducacio\/wp-content\/uploads\/usu2168\/2024\/12\/Joan_Tarrago_234x350.jpg\" alt=\"\" width=\"234\" height=\"350\" srcset=\"https:\/\/projectes.xtec.cat\/memoriaieducacio\/wp-content\/uploads\/usu2168\/2024\/12\/Joan_Tarrago_234x350.jpg 234w, https:\/\/projectes.xtec.cat\/memoriaieducacio\/wp-content\/uploads\/usu2168\/2024\/12\/Joan_Tarrago_234x350-201x300.jpg 201w\" sizes=\"auto, (max-width: 234px) 100vw, 234px\" \/><\/a><\/p>\n<p>&nbsp;<\/p>\n<p>&nbsp;<\/td>\n<\/tr>\n<\/tbody>\n<\/table>\n","protected":false},"excerpt":{"rendered":"<p>Cita<\/p>\n<p>&#8220;Llegir era con\u00e8ixer un moment de llibertat enmig de l\u2019infern&#8221;<br \/>\n&nbsp;<br \/>\n<a href=\"https:\/\/projectes.xtec.cat\/memoriaieducacio\/wp-content\/uploads\/usu2168\/2024\/12\/JoanTarragobiblioteca_191x102.jpg\"><\/a><br \/>\n&nbsp;<br \/>\n<a href=\"https:\/\/projectes.xtec.cat\/memoriaieducacio\/wp-content\/uploads\/usu2168\/2024\/12\/HERETAR_MAUTHAUSEN_FOTO_535x356.jpg\"><\/a><br \/>\n&nbsp;<br \/>\n&nbsp;<br \/>\n&nbsp;<br \/>\n&nbsp;<br \/>\n&nbsp;<br \/>\n&nbsp;<br \/>\n&nbsp;<br \/>\n&nbsp;<br \/>\n&nbsp;<br \/>\n&nbsp;<br \/>\n&nbsp;<br \/>\n&nbsp;<br \/>\n&nbsp;<br \/>\n&nbsp;<br \/>\n&nbsp;<br \/>\n&nbsp;<br \/>\nNarraci\u00f3<br \/>\nJoan Tarrag\u00f3 i Balcells<br \/>\nEm dic Joan Tarrag\u00f3 i vaig n\u00e9ixer el 1914, al Vilosell, les Garrigues. Em vaig casar a Vilaverd, a la Conca de Barber\u00e0, amb la meva esposa, Rosa Esteve. No he&hellip;  <a href=\"https:\/\/projectes.xtec.cat\/memoriaieducacio\/activitats\/dia-internacional-victimes-de-lholocaust\/2025-b\/joan-tarrago-i-balcells-institut-marti-lhuma\/\" title=\"Read Joan Tarrag\u00f3 i Balcells (Institut Mart\u00ed l&#8217;Hum\u00e0)\">Llegeix m\u00e9s\u00bb<\/a><\/p>\n","protected":false},"author":3,"featured_media":0,"parent":11942,"menu_order":0,"comment_status":"closed","ping_status":"closed","template":"page-templates\/side-menu.php","meta":{"_bbp_topic_count":0,"_bbp_reply_count":0,"_bbp_total_topic_count":0,"_bbp_total_reply_count":0,"_bbp_voice_count":0,"_bbp_anonymous_reply_count":0,"_bbp_topic_count_hidden":0,"_bbp_reply_count_hidden":0,"_bbp_forum_subforum_count":0,"footnotes":""},"class_list":["post-12129","page","type-page","status-publish","hentry"],"post_mailing_queue_ids":[],"_links":{"self":[{"href":"https:\/\/projectes.xtec.cat\/memoriaieducacio\/wp-json\/wp\/v2\/pages\/12129","targetHints":{"allow":["GET"]}}],"collection":[{"href":"https:\/\/projectes.xtec.cat\/memoriaieducacio\/wp-json\/wp\/v2\/pages"}],"about":[{"href":"https:\/\/projectes.xtec.cat\/memoriaieducacio\/wp-json\/wp\/v2\/types\/page"}],"author":[{"embeddable":true,"href":"https:\/\/projectes.xtec.cat\/memoriaieducacio\/wp-json\/wp\/v2\/users\/3"}],"replies":[{"embeddable":true,"href":"https:\/\/projectes.xtec.cat\/memoriaieducacio\/wp-json\/wp\/v2\/comments?post=12129"}],"version-history":[{"count":6,"href":"https:\/\/projectes.xtec.cat\/memoriaieducacio\/wp-json\/wp\/v2\/pages\/12129\/revisions"}],"predecessor-version":[{"id":12663,"href":"https:\/\/projectes.xtec.cat\/memoriaieducacio\/wp-json\/wp\/v2\/pages\/12129\/revisions\/12663"}],"up":[{"embeddable":true,"href":"https:\/\/projectes.xtec.cat\/memoriaieducacio\/wp-json\/wp\/v2\/pages\/11942"}],"wp:attachment":[{"href":"https:\/\/projectes.xtec.cat\/memoriaieducacio\/wp-json\/wp\/v2\/media?parent=12129"}],"curies":[{"name":"wp","href":"https:\/\/api.w.org\/{rel}","templated":true}]}}