{"id":12138,"date":"2024-12-20T13:31:50","date_gmt":"2024-12-20T12:31:50","guid":{"rendered":"https:\/\/projectes.xtec.cat\/memoriaieducacio\/?page_id=12138"},"modified":"2025-01-15T10:27:49","modified_gmt":"2025-01-15T09:27:49","slug":"joaquim-amat-i-piniella-institut-gerbert-daurillarc","status":"publish","type":"page","link":"https:\/\/projectes.xtec.cat\/memoriaieducacio\/activitats\/dia-internacional-victimes-de-lholocaust\/2025-b\/joaquim-amat-i-piniella-institut-gerbert-daurillarc\/","title":{"rendered":"Joaquim Amat-Piniella (Institut Gerbert d&#8217;Aurillac)"},"content":{"rendered":"<table style=\"border-collapse: collapse; width: 100%;\">\n<tbody>\n<tr>\n<td style=\"width: 31.3941%;\"><strong>Cita<\/strong><\/p>\n<h6><\/h6>\n<h6>&#8220;Hem passat quatre anys entre bandits, en un clima d&#8217;egoisme desenfrenat, amb l&#8217;amena\u00e7a constant de la mort, i ens hem sabut conservar homes&#8221;<\/h6>\n<p>&nbsp;<\/p>\n<p><i><span style=\"font-weight: 400;\">K. L. Reich<\/span><\/i><span style=\"font-weight: 400;\"> (Joaquim Amat-Piniella)<\/span><\/p>\n<p>&nbsp;<\/p>\n<p><a href=\"https:\/\/projectes.xtec.cat\/memoriaieducacio\/wp-content\/uploads\/usu2168\/2024\/12\/Maquina-descriure_535x401.jpg\"><img loading=\"lazy\" decoding=\"async\" class=\"size-full wp-image-12139 aligncenter\" src=\"https:\/\/projectes.xtec.cat\/memoriaieducacio\/wp-content\/uploads\/usu2168\/2024\/12\/Maquina-descriure_535x401.jpg\" alt=\"\" width=\"535\" height=\"401\" srcset=\"https:\/\/projectes.xtec.cat\/memoriaieducacio\/wp-content\/uploads\/usu2168\/2024\/12\/Maquina-descriure_535x401.jpg 535w, https:\/\/projectes.xtec.cat\/memoriaieducacio\/wp-content\/uploads\/usu2168\/2024\/12\/Maquina-descriure_535x401-300x225.jpg 300w, https:\/\/projectes.xtec.cat\/memoriaieducacio\/wp-content\/uploads\/usu2168\/2024\/12\/Maquina-descriure_535x401-200x150.jpg 200w\" sizes=\"auto, (max-width: 535px) 100vw, 535px\" \/><\/a><\/p>\n<p>&nbsp;<\/p>\n<p>&nbsp;<\/p>\n<p>&nbsp;<\/p>\n<p>&nbsp;<\/p>\n<p>&nbsp;<\/p>\n<p>&nbsp;<\/p>\n<p>&nbsp;<\/p>\n<p>&nbsp;<\/p>\n<p>&nbsp;<\/p>\n<p>&nbsp;<\/p>\n<p>&nbsp;<\/p>\n<p>&nbsp;<\/td>\n<td style=\"width: 68.6059%;\"><strong>Narraci\u00f3<\/strong><\/p>\n<h4 style=\"text-align: center;\">Joaquim Amat-Piniella<\/h4>\n<p><span style=\"font-weight: 400;\">Recordo perfectament el dia que vaig entrar al camp de concentraci\u00f3 de Mauthausen. \u00c9rem un gran grup de republicans espanyols que hav\u00edem fugit despr\u00e9s de perdre la Guerra Civil. Al principi, ens van capturar els alemanys a Fran\u00e7a, i m\u00e9s tard ens van enviar cap aqu\u00ed. No sab\u00edem qu\u00e8 ens esperava, per\u00f2 l\u2019escena en arribar va ser impactant: soldats cridant, presoners amb mirades buides i fets molt forts que no oblidar\u00e9 mai.<\/span><\/p>\n<p><span style=\"font-weight: 400;\">Ens van fer passar per un proc\u00e9s humiliant. Ens van rapar el cap, ens van treure la roba i ens van donar uns uniformes de ratlles de presoners. All\u00e0 dins no \u00e9rem persones; \u00e9rem m\u00e0 d\u2019obra esclava, \u00fatil nom\u00e9s per treballar fins a l\u2019esgotament.<\/span><\/p>\n<p><span style=\"font-weight: 400;\">Ens feien carregar pedres enormes a les pedreres i construir estructures sota la mirada dels vigilants, que no dubtaven a pegar-nos si no obe\u00edem o si un company desistia a causa del cansament. La fam i el fred eren constants, i molts no van aguantar gaire temps.<\/span><\/p>\n<p><span style=\"font-weight: 400;\">Durant els anys al camp, vaig presenciar i viure horrors que mai oblidar\u00e9. Per\u00f2 tamb\u00e9 vaig ser testimoni de moments de solidaritat. Hi havia companys que compartien el poc que tenien i que s\u2019arriscaven per ajudar els altres. En aquells gestos hi trob\u00e0vem una mica d\u2019esperan\u00e7a, una prova que encara conserv\u00e0vem la nostra humanitat. Aquesta humanitat va ser la que em va mantenir viu, la que em va fer prometre a mi mateix que, si aconseguia escapar-me d\u2019aquell infern, explicaria al m\u00f3n el que havia passat.<\/span><\/p>\n<p><span style=\"font-weight: 400;\">Quan el camp va ser alliberat pels aliats, el maig del 1945, no vaig poder tornar immediatament a casa. Espanya continuava sota el r\u00e8gim de Franco, i per a alg\u00fa com jo, republic\u00e0 i exiliat, era impensable tornar. Em vaig quedar a Fran\u00e7a, on vaig intentar recuperar-me tant f\u00edsicament com mentalment de tot el que havia viscut. Vaig comen\u00e7ar a escriure <\/span><i><span style=\"font-weight: 400;\">K.\u00a0L. Reich<\/span><\/i><span style=\"font-weight: 400;\">, una novel\u00b7la que reflecteix aquells anys de patiment. Escriure em permetia complir la promesa que m\u2019havia fet: donar veu als meus companys morts i explicar al m\u00f3n tot el que havia passat en aquell infern.<\/span><\/p>\n<p><span style=\"font-weight: 400;\">Anys m\u00e9s tard vaig poder tornar a Espanya, conscient que la meva lluita no havia acabat. <\/span><i><span style=\"font-weight: 400;\">K. L. Reich<\/span><\/i><span style=\"font-weight: 400;\"> no nom\u00e9s era el meu testimoni, sin\u00f3 tamb\u00e9 el dels que no van sobreviure. Per aix\u00f2 mai vaig deixar d\u2019explicar-ho. Escriure no va ser f\u00e0cil. Cada paraula em feia reviure aquell dolor, per\u00f2 sabia que era la meva responsabilitat. La literatura era la meva arma per combatre l\u2019oblit, perqu\u00e8 el que vam viure mai m\u00e9s es repet\u00eds. Avui, encara crec que recordar i explicar \u00e9s el millor homenatge que puc fer a aquells que no ho poden fer per si mateixos.<\/span><\/p>\n<p><a href=\"https:\/\/projectes.xtec.cat\/memoriaieducacio\/wp-content\/uploads\/usu2168\/2024\/12\/JoaquimAmatPiniella_676x238.jpg\"><img loading=\"lazy\" decoding=\"async\" class=\"alignleft size-full wp-image-12140\" src=\"https:\/\/projectes.xtec.cat\/memoriaieducacio\/wp-content\/uploads\/usu2168\/2024\/12\/JoaquimAmatPiniella_676x238.jpg\" alt=\"\" width=\"676\" height=\"238\" srcset=\"https:\/\/projectes.xtec.cat\/memoriaieducacio\/wp-content\/uploads\/usu2168\/2024\/12\/JoaquimAmatPiniella_676x238.jpg 676w, https:\/\/projectes.xtec.cat\/memoriaieducacio\/wp-content\/uploads\/usu2168\/2024\/12\/JoaquimAmatPiniella_676x238-300x106.jpg 300w\" sizes=\"auto, (max-width: 676px) 100vw, 676px\" \/><\/a><\/td>\n<\/tr>\n<\/tbody>\n<\/table>\n<p>&nbsp;<\/p>\n","protected":false},"excerpt":{"rendered":"<p>Cita<\/p>\n<p>&#8220;Hem passat quatre anys entre bandits, en un clima d&#8217;egoisme desenfrenat, amb l&#8217;amena\u00e7a constant de la mort, i ens hem sabut conservar homes&#8221;<br \/>\n&nbsp;<br \/>\nK. L. Reich (Joaquim Amat-Piniella)<br \/>\n&nbsp;<br \/>\n<a href=\"https:\/\/projectes.xtec.cat\/memoriaieducacio\/wp-content\/uploads\/usu2168\/2024\/12\/Maquina-descriure_535x401.jpg\"><\/a><br \/>\n&nbsp;<br \/>\n&nbsp;<br \/>\n&nbsp;<br \/>\n&nbsp;<br \/>\n&nbsp;<br \/>\n&nbsp;<br \/>\n&nbsp;<br \/>\n&nbsp;<br \/>\n&nbsp;<br \/>\n&nbsp;<br \/>\n&nbsp;<br \/>\n&nbsp;<br \/>\nNarraci\u00f3<br \/>\nJoaquim Amat-Piniella<br \/>\nRecordo perfectament el dia que vaig entrar al camp de concentraci\u00f3 de Mauthausen. \u00c9rem un gran grup&hellip;  <a href=\"https:\/\/projectes.xtec.cat\/memoriaieducacio\/activitats\/dia-internacional-victimes-de-lholocaust\/2025-b\/joaquim-amat-i-piniella-institut-gerbert-daurillarc\/\" title=\"Read Joaquim Amat-Piniella (Institut Gerbert d&#8217;Aurillac)\">Llegeix m\u00e9s\u00bb<\/a><\/p>\n","protected":false},"author":3,"featured_media":0,"parent":11942,"menu_order":0,"comment_status":"closed","ping_status":"closed","template":"page-templates\/side-menu.php","meta":{"_bbp_topic_count":0,"_bbp_reply_count":0,"_bbp_total_topic_count":0,"_bbp_total_reply_count":0,"_bbp_voice_count":0,"_bbp_anonymous_reply_count":0,"_bbp_topic_count_hidden":0,"_bbp_reply_count_hidden":0,"_bbp_forum_subforum_count":0,"footnotes":""},"class_list":["post-12138","page","type-page","status-publish","hentry"],"post_mailing_queue_ids":[],"_links":{"self":[{"href":"https:\/\/projectes.xtec.cat\/memoriaieducacio\/wp-json\/wp\/v2\/pages\/12138","targetHints":{"allow":["GET"]}}],"collection":[{"href":"https:\/\/projectes.xtec.cat\/memoriaieducacio\/wp-json\/wp\/v2\/pages"}],"about":[{"href":"https:\/\/projectes.xtec.cat\/memoriaieducacio\/wp-json\/wp\/v2\/types\/page"}],"author":[{"embeddable":true,"href":"https:\/\/projectes.xtec.cat\/memoriaieducacio\/wp-json\/wp\/v2\/users\/3"}],"replies":[{"embeddable":true,"href":"https:\/\/projectes.xtec.cat\/memoriaieducacio\/wp-json\/wp\/v2\/comments?post=12138"}],"version-history":[{"count":6,"href":"https:\/\/projectes.xtec.cat\/memoriaieducacio\/wp-json\/wp\/v2\/pages\/12138\/revisions"}],"predecessor-version":[{"id":12708,"href":"https:\/\/projectes.xtec.cat\/memoriaieducacio\/wp-json\/wp\/v2\/pages\/12138\/revisions\/12708"}],"up":[{"embeddable":true,"href":"https:\/\/projectes.xtec.cat\/memoriaieducacio\/wp-json\/wp\/v2\/pages\/11942"}],"wp:attachment":[{"href":"https:\/\/projectes.xtec.cat\/memoriaieducacio\/wp-json\/wp\/v2\/media?parent=12138"}],"curies":[{"name":"wp","href":"https:\/\/api.w.org\/{rel}","templated":true}]}}

<table style="border-collapse: collapse; width: 100%;">
<tbody>
<tr>
<td style="width: 31.3941%;"><strong>Cita</strong></p>
<h6></h6>
<h6>&#8220;Hem passat quatre anys entre bandits, en un clima d&#8217;egoisme desenfrenat, amb l&#8217;amenaça constant de la mort, i ens hem sabut conservar homes&#8221;</h6>
<p>&nbsp;</p>
<p><i><span style="font-weight: 400;">K. L. Reich</span></i><span style="font-weight: 400;"> (Joaquim Amat-Piniella)</span></p>
<p>&nbsp;</p>
<p><a href="https://projectes.xtec.cat/memoriaieducacio/wp-content/uploads/usu2168/2024/12/Maquina-descriure_535x401.jpg"><img loading="lazy" decoding="async" class="size-full wp-image-12139 aligncenter" src="https://projectes.xtec.cat/memoriaieducacio/wp-content/uploads/usu2168/2024/12/Maquina-descriure_535x401.jpg" alt="" width="535" height="401" srcset="https://projectes.xtec.cat/memoriaieducacio/wp-content/uploads/usu2168/2024/12/Maquina-descriure_535x401.jpg 535w, https://projectes.xtec.cat/memoriaieducacio/wp-content/uploads/usu2168/2024/12/Maquina-descriure_535x401-300x225.jpg 300w, https://projectes.xtec.cat/memoriaieducacio/wp-content/uploads/usu2168/2024/12/Maquina-descriure_535x401-200x150.jpg 200w" sizes="auto, (max-width: 535px) 100vw, 535px" /></a></p>
<p>&nbsp;</p>
<p>&nbsp;</p>
<p>&nbsp;</p>
<p>&nbsp;</p>
<p>&nbsp;</p>
<p>&nbsp;</p>
<p>&nbsp;</p>
<p>&nbsp;</p>
<p>&nbsp;</p>
<p>&nbsp;</p>
<p>&nbsp;</p>
<p>&nbsp;</td>
<td style="width: 68.6059%;"><strong>Narració</strong></p>
<h4 style="text-align: center;">Joaquim Amat-Piniella</h4>
<p><span style="font-weight: 400;">Recordo perfectament el dia que vaig entrar al camp de concentració de Mauthausen. Érem un gran grup de republicans espanyols que havíem fugit després de perdre la Guerra Civil. Al principi, ens van capturar els alemanys a França, i més tard ens van enviar cap aquí. No sabíem què ens esperava, però l’escena en arribar va ser impactant: soldats cridant, presoners amb mirades buides i fets molt forts que no oblidaré mai.</span></p>
<p><span style="font-weight: 400;">Ens van fer passar per un procés humiliant. Ens van rapar el cap, ens van treure la roba i ens van donar uns uniformes de ratlles de presoners. Allà dins no érem persones; érem mà d’obra esclava, útil només per treballar fins a l’esgotament.</span></p>
<p><span style="font-weight: 400;">Ens feien carregar pedres enormes a les pedreres i construir estructures sota la mirada dels vigilants, que no dubtaven a pegar-nos si no obeíem o si un company desistia a causa del cansament. La fam i el fred eren constants, i molts no van aguantar gaire temps.</span></p>
<p><span style="font-weight: 400;">Durant els anys al camp, vaig presenciar i viure horrors que mai oblidaré. Però també vaig ser testimoni de moments de solidaritat. Hi havia companys que compartien el poc que tenien i que s’arriscaven per ajudar els altres. En aquells gestos hi trobàvem una mica d’esperança, una prova que encara conservàvem la nostra humanitat. Aquesta humanitat va ser la que em va mantenir viu, la que em va fer prometre a mi mateix que, si aconseguia escapar-me d’aquell infern, explicaria al món el que havia passat.</span></p>
<p><span style="font-weight: 400;">Quan el camp va ser alliberat pels aliats, el maig del 1945, no vaig poder tornar immediatament a casa. Espanya continuava sota el règim de Franco, i per a algú com jo, republicà i exiliat, era impensable tornar. Em vaig quedar a França, on vaig intentar recuperar-me tant físicament com mentalment de tot el que havia viscut. Vaig començar a escriure </span><i><span style="font-weight: 400;">K. L. Reich</span></i><span style="font-weight: 400;">, una novel·la que reflecteix aquells anys de patiment. Escriure em permetia complir la promesa que m’havia fet: donar veu als meus companys morts i explicar al món tot el que havia passat en aquell infern.</span></p>
<p><span style="font-weight: 400;">Anys més tard vaig poder tornar a Espanya, conscient que la meva lluita no havia acabat. </span><i><span style="font-weight: 400;">K. L. Reich</span></i><span style="font-weight: 400;"> no només era el meu testimoni, sinó també el dels que no van sobreviure. Per això mai vaig deixar d’explicar-ho. Escriure no va ser fàcil. Cada paraula em feia reviure aquell dolor, però sabia que era la meva responsabilitat. La literatura era la meva arma per combatre l’oblit, perquè el que vam viure mai més es repetís. Avui, encara crec que recordar i explicar és el millor homenatge que puc fer a aquells que no ho poden fer per si mateixos.</span></p>
<p><a href="https://projectes.xtec.cat/memoriaieducacio/wp-content/uploads/usu2168/2024/12/JoaquimAmatPiniella_676x238.jpg"><img loading="lazy" decoding="async" class="alignleft size-full wp-image-12140" src="https://projectes.xtec.cat/memoriaieducacio/wp-content/uploads/usu2168/2024/12/JoaquimAmatPiniella_676x238.jpg" alt="" width="676" height="238" srcset="https://projectes.xtec.cat/memoriaieducacio/wp-content/uploads/usu2168/2024/12/JoaquimAmatPiniella_676x238.jpg 676w, https://projectes.xtec.cat/memoriaieducacio/wp-content/uploads/usu2168/2024/12/JoaquimAmatPiniella_676x238-300x106.jpg 300w" sizes="auto, (max-width: 676px) 100vw, 676px" /></a></td>
</tr>
</tbody>
</table>
<p>&nbsp;</p>

<p>Cita</p>
<p>&#8220;Hem passat quatre anys entre bandits, en un clima d&#8217;egoisme desenfrenat, amb l&#8217;amenaça constant de la mort, i ens hem sabut conservar homes&#8221;<br />
&nbsp;<br />
K. L. Reich (Joaquim Amat-Piniella)<br />
&nbsp;<br />
<a href="https://projectes.xtec.cat/memoriaieducacio/wp-content/uploads/usu2168/2024/12/Maquina-descriure_535x401.jpg"></a><br />
&nbsp;<br />
&nbsp;<br />
&nbsp;<br />
&nbsp;<br />
&nbsp;<br />
&nbsp;<br />
&nbsp;<br />
&nbsp;<br />
&nbsp;<br />
&nbsp;<br />
&nbsp;<br />
&nbsp;<br />
Narració<br />
Joaquim Amat-Piniella<br />
Recordo perfectament el dia que vaig entrar al camp de concentració de Mauthausen. Érem un gran grup&hellip;  <a href="https://projectes.xtec.cat/memoriaieducacio/activitats/dia-internacional-victimes-de-lholocaust/2025-b/joaquim-amat-i-piniella-institut-gerbert-daurillarc/" title="Read Joaquim Amat-Piniella (Institut Gerbert d&#8217;Aurillac)">Llegeix més»</a></p>
