{"id":12220,"date":"2024-12-23T10:27:36","date_gmt":"2024-12-23T09:27:36","guid":{"rendered":"https:\/\/projectes.xtec.cat\/memoriaieducacio\/?page_id=12220"},"modified":"2025-01-15T10:09:16","modified_gmt":"2025-01-15T09:09:16","slug":"neus-catala-institut-ramon-turro-i-darder","status":"publish","type":"page","link":"https:\/\/projectes.xtec.cat\/memoriaieducacio\/activitats\/dia-internacional-victimes-de-lholocaust\/2025-b\/neus-catala-institut-ramon-turro-i-darder\/","title":{"rendered":"Neus Catal\u00e0 i Pallej\u00e0 (Institut Ramon Turr\u00f3 i Darder)"},"content":{"rendered":"<table style=\"border-collapse: collapse; width: 100%;\">\n<tbody>\n<tr>\n<td style=\"width: 30.112%;\"><strong>Cita<\/strong><\/p>\n<h6 style=\"text-align: left;\">\u201cJo no soc cap hero\u00efna, nom\u00e9s he fet el que havia de fer.\u201d<\/h6>\n<h6 style=\"text-align: left;\">\u201cRecuperar la mem\u00f2ria \u00e9s recuperar la democr\u00e0cia\u201d.<\/h6>\n<p>&nbsp;<\/p>\n<p><a href=\"https:\/\/projectes.xtec.cat\/memoriaieducacio\/wp-content\/uploads\/usu2168\/2024\/12\/Neus-Carala_535x342.jpg\"><img loading=\"lazy\" decoding=\"async\" class=\"alignleft size-full wp-image-12222\" src=\"https:\/\/projectes.xtec.cat\/memoriaieducacio\/wp-content\/uploads\/usu2168\/2024\/12\/Neus-Carala_535x342.jpg\" alt=\"\" width=\"535\" height=\"342\" srcset=\"https:\/\/projectes.xtec.cat\/memoriaieducacio\/wp-content\/uploads\/usu2168\/2024\/12\/Neus-Carala_535x342.jpg 535w, https:\/\/projectes.xtec.cat\/memoriaieducacio\/wp-content\/uploads\/usu2168\/2024\/12\/Neus-Carala_535x342-300x192.jpg 300w\" sizes=\"auto, (max-width: 535px) 100vw, 535px\" \/><\/a><\/p>\n<p>&nbsp;<\/p>\n<p>&nbsp;<\/p>\n<p>&nbsp;<\/p>\n<p>&nbsp;<\/p>\n<p>&nbsp;<\/p>\n<p>&nbsp;<\/p>\n<p>&nbsp;<\/p>\n<p>&nbsp;<\/p>\n<p>&nbsp;<\/p>\n<p>&nbsp;<\/p>\n<p>&nbsp;<\/p>\n<p>&nbsp;<\/p>\n<p>&nbsp;<\/p>\n<p>&nbsp;<\/p>\n<p>&nbsp;<\/p>\n<p>&nbsp;<\/p>\n<p>&nbsp;<\/td>\n<td style=\"width: 69.888%;\"><strong>Narraci\u00f3<\/strong><\/p>\n<h4 style=\"text-align: center;\">Neus Catal\u00e0 i Pallej\u00e0 (1915-2019)<\/h4>\n<p>&nbsp;<\/p>\n<p><a href=\"https:\/\/projectes.xtec.cat\/memoriaieducacio\/wp-content\/uploads\/usu2168\/2024\/12\/Neus-Catala_216x274.jpg\"><img loading=\"lazy\" decoding=\"async\" class=\"size-full wp-image-12224 alignright\" src=\"https:\/\/projectes.xtec.cat\/memoriaieducacio\/wp-content\/uploads\/usu2168\/2024\/12\/Neus-Catala_216x274.jpg\" alt=\"\" width=\"216\" height=\"274\" \/><\/a><\/p>\n<p><span style=\"font-weight: 400;\">Soc Neus Catal\u00e0, vaig lluitar contra el nazisme i us explicar\u00e9 la meva hist\u00f2ria. Vaig n\u00e9ixer el 6 d\u2019octubre del 1915 als Guiamets, Catalunya. Des de jove, he intentat lluitar pels drets humans i la llibertat, i vaig formar part de les Joventuts Socialistes Unificades de Catalunya durant la Guerra Civil espanyola. El 1939 vaig ajudar a travessar la frontera 182\u00a0infants orfes de la col\u00f2nia Negr\u00edn de Premi\u00e0 de Dalt, als quals cuidava.<\/span><\/p>\n<p><span style=\"font-weight: 400;\">M\u00e9s tard, a Fran\u00e7a, va comen\u00e7ar la meva aventura, quan em vaig unir a la Resist\u00e8ncia contra el nazisme, l\u2019any 1943. En aquell moment, Europa estava amena\u00e7ada pel nazisme i el feixisme i es trobava immersa en la Segona Guerra Mundial. La poblaci\u00f3 rebel era perseguida per la Gestapo, la policia secreta alemanya del moment.<\/span><\/p>\n<p><span style=\"font-weight: 400;\">La meva feina es resumia a centralitzar la recepci\u00f3 i transmissi\u00f3 de missatges, armes i documentaci\u00f3 i allotjar refugiats pol\u00edtics. Encara que tenia por, la lluita era el m\u00e9s important. Havia de c\u00f3rrer el risc, perqu\u00e8 la recompensa de la llibertat ho mereixia.<\/span><\/p>\n<p><span style=\"font-weight: 400;\">Els problemes van comen\u00e7ar l\u2019any 1943, quan un apotecari, \u00e9s a dir, un farmac\u00e8utic de l\u2019\u00e8poca, em va enxampar i denunciar a les autoritats nazis. Per culpa d\u2019aix\u00f2, el meu marit i jo vam ser torturats i reclosos a Llemotges.<\/span><\/p>\n<p><span style=\"font-weight: 400;\">M\u00e9s tard, el 1944, vaig ser deportada a Ravensbr\u00fcck. Era un camp de concentraci\u00f3 exclusiu per a dones situat prop de F\u00fcrstenberg, Alemanya, on vaig coincidir amb moltes dones catalanes. El terror cobria els meus dies. Pensava que era el final. All\u00e0, vaig ser obligada a treballar en la ind\u00fastria d\u2019armament, i vaig formar part del \u201ccomando de les gandules\u201d, un grup de dones que manipul\u00e0vem les bales perqu\u00e8 no servissin.<\/span><\/p>\n<p><span style=\"font-weight: 400;\">Per sort, un any despr\u00e9s, vaig ser alliberada. A Fran\u00e7a, vaig continuar amb la meva lluita contra el franquisme, militant entre els comunistes de Catalunya. La meva vida ha estat una lluita constant per la llibertat, i, tot i que ha sigut dura, ha valgut la pena.<\/span><\/p>\n<p><span style=\"font-weight: 400;\">Neus Catal\u00e0 va morir el 2019 al poble on va n\u00e9ixer.<\/span><\/p>\n<p>&nbsp;<\/p>\n<p><a href=\"https:\/\/projectes.xtec.cat\/memoriaieducacio\/wp-content\/uploads\/usu2168\/2024\/12\/Neus-Catala-jove_386x213.jpg\"><img loading=\"lazy\" decoding=\"async\" class=\"size-full wp-image-12231 aligncenter\" src=\"https:\/\/projectes.xtec.cat\/memoriaieducacio\/wp-content\/uploads\/usu2168\/2024\/12\/Neus-Catala-jove_386x213.jpg\" alt=\"\" width=\"386\" height=\"213\" srcset=\"https:\/\/projectes.xtec.cat\/memoriaieducacio\/wp-content\/uploads\/usu2168\/2024\/12\/Neus-Catala-jove_386x213.jpg 386w, https:\/\/projectes.xtec.cat\/memoriaieducacio\/wp-content\/uploads\/usu2168\/2024\/12\/Neus-Catala-jove_386x213-300x166.jpg 300w\" sizes=\"auto, (max-width: 386px) 100vw, 386px\" \/><\/a><\/td>\n<\/tr>\n<\/tbody>\n<\/table>\n<p><strong>Fitxa<\/strong><\/p>\n<p><strong>Quina acci\u00f3?<\/strong><\/p>\n<p><span style=\"font-weight: 400;\">Es va implicar en les Joventuts Socialistes Unificades de Catalunya, i m\u00e9s tard, a Fran\u00e7a, es va incorporar a la resist\u00e8ncia contra el nazisme. A m\u00e9s, va travessar la frontera amb 182\u00a0infants orfes de la col\u00f2nia Negr\u00edn de Premi\u00e0 de Dalt que estaven sota la seva cura, el\u00a01939.<\/span><\/p>\n<p><strong>On va passar?<\/strong><\/p>\n<p><span style=\"font-weight: 400;\">A Fran\u00e7a.<\/span><\/p>\n<p><strong>Qui la va protagonitzar?<\/strong><\/p>\n<p>Neus Catal\u00e0 i Pallej\u00e0.<\/p>\n<p><strong>A qui va afectar?<\/strong><\/p>\n<p><span style=\"font-weight: 400;\">El seu entorn, \u00e9s a dir, la seva fam\u00edlia i companys, que van patir les conseq\u00fc\u00e8ncies de la seva situaci\u00f3.<\/span><\/p>\n<p><strong>Quan va passar? En quin context pol\u00edtic-social?<\/strong><\/p>\n<p><span style=\"font-weight: 400;\">Es va incorporar a la resist\u00e8ncia contra el nazisme l\u2019any 1943, de la qual va formar part fins al 1944, quan va ser deportada a Fran\u00e7a. En aquell moment, Europa estava amena\u00e7ada pel nazisme i el feixisme i es trobava immersa en la Segona Guerra Mundial. La poblaci\u00f3 rebel era perseguida per la Gestapo, la policia secreta alemanya del moment.<\/span><\/p>\n<p><strong>Per qu\u00e8?<\/strong><\/p>\n<p><span style=\"font-weight: 400;\">Aquest acte va estar motivat pels seus principis socialistes i llibertaris.<\/span><\/p>\n<p><strong>Qu\u00e8 en penseu d\u2019aquesta acci\u00f3?<\/strong><\/p>\n<p><span style=\"font-weight: 400;\">Opinem que \u00e9s una acci\u00f3 molt valenta i noble. La seva contribuci\u00f3 a la lluita va ajudar a millorar la situaci\u00f3 d\u2019Europa, i aix\u00f2 se li ha d\u2019agrair. L\u2019hem escollit perqu\u00e8 hi ha un mural seu al nostre poble, i vol\u00edem con\u00e8ixer la seva hist\u00f2ria.<\/span><\/p>\n","protected":false},"excerpt":{"rendered":"<p>Cita<br \/>\n\u201cJo no soc cap hero\u00efna, nom\u00e9s he fet el que havia de fer.\u201d<br \/>\n\u201cRecuperar la mem\u00f2ria \u00e9s recuperar la democr\u00e0cia\u201d.<br \/>\n&nbsp;<br \/>\n<a href=\"https:\/\/projectes.xtec.cat\/memoriaieducacio\/wp-content\/uploads\/usu2168\/2024\/12\/Neus-Carala_535x342.jpg\"><\/a><br \/>\n&nbsp;<br \/>\n&nbsp;<br \/>\n&nbsp;<br \/>\n&nbsp;<br \/>\n&nbsp;<br \/>\n&nbsp;<br \/>\n&nbsp;<br \/>\n&nbsp;<br \/>\n&nbsp;<br \/>\n&nbsp;<br \/>\n&nbsp;<br \/>\n&nbsp;<br \/>\n&nbsp;<br \/>\n&nbsp;<br \/>\n&nbsp;<br \/>\n&nbsp;<br \/>\n&nbsp;<br \/>\nNarraci\u00f3<br \/>\nNeus Catal\u00e0 i Pallej\u00e0 (1915-2019)<br \/>\n&nbsp;<br \/>\n<a href=\"https:\/\/projectes.xtec.cat\/memoriaieducacio\/wp-content\/uploads\/usu2168\/2024\/12\/Neus-Catala_216x274.jpg\"><\/a><br \/>\nSoc Neus Catal\u00e0, vaig lluitar contra el nazisme i us explicar\u00e9 la meva hist\u00f2ria. Vaig n\u00e9ixer el 6 d\u2019octubre del 1915&hellip;  <a href=\"https:\/\/projectes.xtec.cat\/memoriaieducacio\/activitats\/dia-internacional-victimes-de-lholocaust\/2025-b\/neus-catala-institut-ramon-turro-i-darder\/\" title=\"Read Neus Catal\u00e0 i Pallej\u00e0 (Institut Ramon Turr\u00f3 i Darder)\">Llegeix m\u00e9s\u00bb<\/a><\/p>\n","protected":false},"author":3,"featured_media":0,"parent":11942,"menu_order":0,"comment_status":"closed","ping_status":"closed","template":"page-templates\/side-menu.php","meta":{"_bbp_topic_count":0,"_bbp_reply_count":0,"_bbp_total_topic_count":0,"_bbp_total_reply_count":0,"_bbp_voice_count":0,"_bbp_anonymous_reply_count":0,"_bbp_topic_count_hidden":0,"_bbp_reply_count_hidden":0,"_bbp_forum_subforum_count":0,"footnotes":""},"class_list":["post-12220","page","type-page","status-publish","hentry"],"post_mailing_queue_ids":[],"_links":{"self":[{"href":"https:\/\/projectes.xtec.cat\/memoriaieducacio\/wp-json\/wp\/v2\/pages\/12220","targetHints":{"allow":["GET"]}}],"collection":[{"href":"https:\/\/projectes.xtec.cat\/memoriaieducacio\/wp-json\/wp\/v2\/pages"}],"about":[{"href":"https:\/\/projectes.xtec.cat\/memoriaieducacio\/wp-json\/wp\/v2\/types\/page"}],"author":[{"embeddable":true,"href":"https:\/\/projectes.xtec.cat\/memoriaieducacio\/wp-json\/wp\/v2\/users\/3"}],"replies":[{"embeddable":true,"href":"https:\/\/projectes.xtec.cat\/memoriaieducacio\/wp-json\/wp\/v2\/comments?post=12220"}],"version-history":[{"count":7,"href":"https:\/\/projectes.xtec.cat\/memoriaieducacio\/wp-json\/wp\/v2\/pages\/12220\/revisions"}],"predecessor-version":[{"id":12695,"href":"https:\/\/projectes.xtec.cat\/memoriaieducacio\/wp-json\/wp\/v2\/pages\/12220\/revisions\/12695"}],"up":[{"embeddable":true,"href":"https:\/\/projectes.xtec.cat\/memoriaieducacio\/wp-json\/wp\/v2\/pages\/11942"}],"wp:attachment":[{"href":"https:\/\/projectes.xtec.cat\/memoriaieducacio\/wp-json\/wp\/v2\/media?parent=12220"}],"curies":[{"name":"wp","href":"https:\/\/api.w.org\/{rel}","templated":true}]}}