{"id":12439,"date":"2024-12-27T17:33:18","date_gmt":"2024-12-27T16:33:18","guid":{"rendered":"https:\/\/projectes.xtec.cat\/memoriaieducacio\/?page_id=12439"},"modified":"2025-01-26T19:41:12","modified_gmt":"2025-01-26T18:41:12","slug":"angel-sanz-briz-institut-merce-rodoreda","status":"publish","type":"page","link":"https:\/\/projectes.xtec.cat\/memoriaieducacio\/activitats\/dia-internacional-victimes-de-lholocaust\/2025-b\/angel-sanz-briz-institut-merce-rodoreda\/","title":{"rendered":"\u00c1ngel Sanz-Briz (Institut Merc\u00e8 Rodoreda)"},"content":{"rendered":"<table style=\"border-collapse: collapse; width: 100%;\">\n<tbody>\n<tr>\n<td style=\"width: 32.423%;\">\n<p style=\"text-align: left;\"><strong>Cita<\/strong><\/p>\n<h6 style=\"text-align: left;\">&#8220;Salvar una vida \u00e9s m\u00e9s valu\u00f3s que totes les medalles del m\u00f3n.<span style=\"font-weight: 400;\">&#8220;<\/span><\/h6>\n<p>&nbsp;<\/p>\n<p>\u00c1ngel Sanz-Briz va arriscar-ho tot per salvar milers de jueus i va demostrar que la humanitat i el coratge poden v\u00e8ncer fins i tot la crueltat m\u00e9s extrema.<\/p>\n<p>&nbsp;<\/p>\n<p>&nbsp;<\/p>\n<p>&nbsp;<\/p>\n<p>&nbsp;<\/p>\n<p>&nbsp;<\/p>\n<p>&nbsp;<\/p>\n<p>&nbsp;<\/p>\n<p>&nbsp;<\/p>\n<p>&nbsp;<\/p>\n<p>&nbsp;<\/p>\n<p>&nbsp;<\/p>\n<p>&nbsp;<\/p>\n<p>&nbsp;<\/p>\n<p>&nbsp;<\/p>\n<p>&nbsp;<\/td>\n<td style=\"width: 67.577%;\"><strong>Narraci\u00f3<\/strong><\/p>\n<h4 style=\"text-align: center;\">\u00c1ngel Sanz-Briz<\/h4>\n<p>El document tremolava a les meves mans. Era un simple tros de paper, per\u00f2 per a mi representava la vida. Feia setmanes que em mantenia amagat amb la meva fam\u00edlia, escoltant les patrulles nazis pels carrers i tement que ens descobrissin. Aleshores vaig sentir parlar de l\u2019\u00c1ngel Sanz-Briz, que protegia els jueus a Budapest. Al principi vaig pensar que era nom\u00e9s un rumor, per\u00f2 despr\u00e9s vaig adonar-me que no ho era&#8230;<\/p>\n<p>L\u2019\u00c1ngel Sanz-Briz no feia preguntes sobre la nostra ascend\u00e8ncia. Encara que la llei espanyola nom\u00e9s proteg\u00eds sefardites, ell utilitzava aquesta excusa per salvar tots els jueus que podia. \u201cAqu\u00ed esteu sota la protecci\u00f3 d\u2019Espanya\u201d, ens deia amb calma. Ens va portar a un dels molts apartaments que havia llogat per refugiar-nos. Viv\u00edem amuntegats, m\u00e9s de cinquanta persones compartint un espai petit. Feia molt de fred i ten\u00edem molta gana, per\u00f2 sab\u00edem que a fora ens esperava un futur pitjor. De tant en tant sent\u00edem rumors de deportacions massives a Auschwitz. L\u2019horror era inhum\u00e0. Sanz-Briz venia sovint, ens portava not\u00edcies i ens animava: \u201cAguanteu, la guerra s\u2019est\u00e0 acabant.\u201d. Falsificava documents, negociava amb funcionaris i pagava suborns per mantenir-nos segurs. Jo no podia entendre com s\u2019atrevia a desafiar els nazis i els feixistes hongaresos de la Creu Fletxada, per\u00f2 sabia que sense ell no ser\u00edem aqu\u00ed.<\/p>\n<p>Un dia vaig veure patrulles nazis al carrer. Un soldat va mirar cap a l\u2019edifici on est\u00e0vem refugiats una part dels jueus i, r\u00e0pidament i amb por, vaig tancar els ulls i vaig resar perqu\u00e8 no ens trobessin. Quan els vaig tornar a obrir, per sort, ja havien marxat. Aquella nit no vaig dormir, per\u00f2 l\u2019endem\u00e0 l\u2019\u00c1ngel Sanz-Briz va tornar.<\/p>\n<p>Ell ens va salvar. Gr\u00e0cies a la seva valentia vam sobreviure la meva fam\u00edlia i jo. No nom\u00e9s ens va donar una oportunitat de viure, sin\u00f3 tamb\u00e9 una lli\u00e7\u00f3 de coratge i d\u2019humanitat que mai no oblidar\u00e9. \u00c1ngel Sanz-Briz va ser l\u2019\u00e0ngel que Budapest necessitava.<\/p>\n<p><a href=\"https:\/\/projectes.xtec.cat\/memoriaieducacio\/wp-content\/uploads\/usu2168\/2025\/01\/angelbriz_535x254.jpg\"><img loading=\"lazy\" decoding=\"async\" class=\"size-full wp-image-12760 aligncenter\" src=\"https:\/\/projectes.xtec.cat\/memoriaieducacio\/wp-content\/uploads\/usu2168\/2025\/01\/angelbriz_535x254.jpg\" alt=\"\" width=\"535\" height=\"254\" srcset=\"https:\/\/projectes.xtec.cat\/memoriaieducacio\/wp-content\/uploads\/usu2168\/2025\/01\/angelbriz_535x254.jpg 535w, https:\/\/projectes.xtec.cat\/memoriaieducacio\/wp-content\/uploads\/usu2168\/2025\/01\/angelbriz_535x254-300x142.jpg 300w\" sizes=\"auto, (max-width: 535px) 100vw, 535px\" \/><\/a><\/td>\n<\/tr>\n<\/tbody>\n<\/table>\n<p><strong>Fitxa<\/strong> (petita investigaci\u00f3 hist\u00f2rica)<\/p>\n<p>\u00c1ngel Sanz-Briz, conegut com l\u2019\u00e0ngel de Budapest, va ser un diplom\u00e0tic espanyol que va salvar milers de jueus hongaresos durant l\u2019Holocaust. Tot va succeir principalment a Budapest (Hongria), durant l\u2019ocupaci\u00f3 nazi del pa\u00eds, l\u2019any 1944. \u00c1ngel Sanz-Briz era un diplom\u00e0tic espanyol que, tot i les limitacions imposades pel r\u00e8gim franquista, va actuar per iniciativa pr\u00f2pia. Tamb\u00e9 va treballar amb altres diplom\u00e0tics, com ara Raoul Wallenberg. Les seves accions van beneficiar principalment els jueus hongaresos que eren deportats als camps de concentraci\u00f3 i d\u2019extermini com, per exemple, Auschwitz. A trav\u00e9s de l\u2019emissi\u00f3 de documents de protecci\u00f3, va salvar aproximadament 5.000 persones.<\/p>\n<p>L\u2019acci\u00f3 va tenir lloc l\u2019any 1944, durant la Segona Guerra Mundial, quan Hongria estava ocupada pels nazis. En aquell moment les deportacions massives de jueus estaven en ple apogeu, i el govern hongar\u00e8s col\u00b7laborava amb les pol\u00edtiques antisemites d\u2019Alemanya.<\/p>\n<p>\u00c1ngel Sanz-Briz estava motivat per una profunda indignaci\u00f3 davant la persecuci\u00f3 i l\u2019extermini sistem\u00e0tic dels jueus. Va utilitzar una llei espanyola de 1924, ja obsoleta, que concedia la nacionalitat espanyola als descendents dels jueus sefardites, i la va reinterpretar per protegir totes les persones jueves que va poder. Va emetre documents falsos i va organitzar refugis per salvar vides, sovint arriscant la seva pr\u00f2pia seguretat. L\u2019acci\u00f3 d\u2019\u00c1ngel Sanz-Briz \u00e9s un exemple de coratge i d\u2019humanitat, en un moment de gran crueltat. Va salvar milers de jueus hongaresos arriscant la seva vida i va demostrar que una sola persona pot marcar la difer\u00e8ncia. Si no hi hagu\u00e9s intervingut, aquestes persones haurien estat deportades als camps nazis, i la seva hist\u00f2ria s\u2019hauria perdut.<\/p>\n<p>He escollit l\u2019\u00c1ngel Sanz-Briz perqu\u00e8 la seva acci\u00f3 defensa els drets humans, que s\u00f3n imprescindibles i importants per poder viure b\u00e9.<\/p>\n","protected":false},"excerpt":{"rendered":"<p>Cita<br \/>\n&#8220;Salvar una vida \u00e9s m\u00e9s valu\u00f3s que totes les medalles del m\u00f3n.&#8220;<br \/>\n&nbsp;<br \/>\n\u00c1ngel Sanz-Briz va arriscar-ho tot per salvar milers de jueus i va demostrar que la humanitat i el coratge poden v\u00e8ncer fins i tot la crueltat m\u00e9s extrema.<br \/>\n&nbsp;<br \/>\n&nbsp;<br \/>\n&nbsp;<br \/>\n&nbsp;<br \/>\n&nbsp;<br \/>\n&nbsp;<br \/>\n&nbsp;<br \/>\n&nbsp;<br \/>\n&nbsp;<br \/>\n&nbsp;<br \/>\n&nbsp;<br \/>\n&nbsp;<br \/>\n&nbsp;<br \/>\n&nbsp;<br \/>\n&nbsp;<br \/>\nNarraci\u00f3<br \/>\n\u00c1ngel Sanz-Briz<br \/>\nEl document tremolava a les meves&hellip;  <a href=\"https:\/\/projectes.xtec.cat\/memoriaieducacio\/activitats\/dia-internacional-victimes-de-lholocaust\/2025-b\/angel-sanz-briz-institut-merce-rodoreda\/\" title=\"Read \u00c1ngel Sanz-Briz (Institut Merc\u00e8 Rodoreda)\">Llegeix m\u00e9s\u00bb<\/a><\/p>\n","protected":false},"author":3,"featured_media":0,"parent":11942,"menu_order":0,"comment_status":"closed","ping_status":"closed","template":"page-templates\/side-menu.php","meta":{"_bbp_topic_count":0,"_bbp_reply_count":0,"_bbp_total_topic_count":0,"_bbp_total_reply_count":0,"_bbp_voice_count":0,"_bbp_anonymous_reply_count":0,"_bbp_topic_count_hidden":0,"_bbp_reply_count_hidden":0,"_bbp_forum_subforum_count":0,"footnotes":""},"class_list":["post-12439","page","type-page","status-publish","hentry"],"post_mailing_queue_ids":[],"_links":{"self":[{"href":"https:\/\/projectes.xtec.cat\/memoriaieducacio\/wp-json\/wp\/v2\/pages\/12439","targetHints":{"allow":["GET"]}}],"collection":[{"href":"https:\/\/projectes.xtec.cat\/memoriaieducacio\/wp-json\/wp\/v2\/pages"}],"about":[{"href":"https:\/\/projectes.xtec.cat\/memoriaieducacio\/wp-json\/wp\/v2\/types\/page"}],"author":[{"embeddable":true,"href":"https:\/\/projectes.xtec.cat\/memoriaieducacio\/wp-json\/wp\/v2\/users\/3"}],"replies":[{"embeddable":true,"href":"https:\/\/projectes.xtec.cat\/memoriaieducacio\/wp-json\/wp\/v2\/comments?post=12439"}],"version-history":[{"count":6,"href":"https:\/\/projectes.xtec.cat\/memoriaieducacio\/wp-json\/wp\/v2\/pages\/12439\/revisions"}],"predecessor-version":[{"id":12943,"href":"https:\/\/projectes.xtec.cat\/memoriaieducacio\/wp-json\/wp\/v2\/pages\/12439\/revisions\/12943"}],"up":[{"embeddable":true,"href":"https:\/\/projectes.xtec.cat\/memoriaieducacio\/wp-json\/wp\/v2\/pages\/11942"}],"wp:attachment":[{"href":"https:\/\/projectes.xtec.cat\/memoriaieducacio\/wp-json\/wp\/v2\/media?parent=12439"}],"curies":[{"name":"wp","href":"https:\/\/api.w.org\/{rel}","templated":true}]}}