{"id":13685,"date":"2025-11-18T20:26:00","date_gmt":"2025-11-18T19:26:00","guid":{"rendered":"https:\/\/projectes.xtec.cat\/memoriaieducacio\/?page_id=13685"},"modified":"2025-11-28T13:32:12","modified_gmt":"2025-11-28T12:32:12","slug":"acte-amb-estudiants-lleidetans-amb-motiu-de-lany-conxita-grange","status":"publish","type":"page","link":"https:\/\/projectes.xtec.cat\/memoriaieducacio\/activitats\/acte-amb-estudiants-lleidetans-amb-motiu-de-lany-conxita-grange\/","title":{"rendered":"Projecte educatiu Any Conxita Grang\u00e9"},"content":{"rendered":"<p><a href=\"https:\/\/projectes.xtec.cat\/memoriaieducacio\/wp-content\/uploads\/usu2168\/2025\/11\/logo_100_conxita_grange_700x280.jpg\"><img loading=\"lazy\" decoding=\"async\" class=\"size-full wp-image-13686 aligncenter\" src=\"https:\/\/projectes.xtec.cat\/memoriaieducacio\/wp-content\/uploads\/usu2168\/2025\/11\/logo_100_conxita_grange_700x280.jpg\" alt=\"\" width=\"700\" height=\"280\" srcset=\"https:\/\/projectes.xtec.cat\/memoriaieducacio\/wp-content\/uploads\/usu2168\/2025\/11\/logo_100_conxita_grange_700x280.jpg 700w, https:\/\/projectes.xtec.cat\/memoriaieducacio\/wp-content\/uploads\/usu2168\/2025\/11\/logo_100_conxita_grange_700x280-300x120.jpg 300w\" sizes=\"auto, (max-width: 700px) 100vw, 700px\" \/><\/a><\/p>\n<p><span style=\"font-weight: 400;\">En el marc de les commemoracions de l\u2019Any Conxita Grang\u00e9, que el Govern de la Generalitat i el Memorial Democr\u00e0tic celebren durant tot el 2025 per commemorar el centenari del naixement de la resistent antifeixista i supervivent dels camps de concentraci\u00f3 nazis, els instituts de Tremp, la Pobla de Segur, el Pont de Suert, Sort i el Col\u00b7legi Maria Immaculada de Tremp han dut a terme un projecte educatiu sobre les dones deportades dels Pallars i la Ribagor\u00e7a.<\/span><\/p>\n<p><span style=\"font-weight: 400;\">Els alumnes d\u2019aquests centres d\u2019educaci\u00f3 secund\u00e0ria del Pirineu han assistit a confer\u00e8ncies amb historiadors especialistes en deportaci\u00f3 i\/o familiars de Conxita Grang\u00e9, han participat activament en un acte d\u2019homenatge multitudinari al Museu Hidroel\u00e8ctric de Capdella i han realitzat treballs audiovisuals i art\u00edstics sobre la hist\u00f2ria de vida i la mem\u00f2ria de la resistent pallaresa.<\/span><\/p>\n<p><span style=\"font-weight: 400;\">A continuaci\u00f3 podeu visualitzar els v\u00eddeos que els alumnes d\u2019aquests centres van enregistrar i que van ser presentats en l\u2019acte d\u2019homenatge del 10 de novembre de 2025. En aquests treballs es mostra el recorregut vital i el comprom\u00eds de Conxita Grang\u00e9 en la lluita contra el feixisme, alhora que es reflexiona sobre per qu\u00e8 cal recordar-la avui en dia.<\/span><\/p>\n<table style=\"border-collapse: collapse; width: 100%;\">\n<tbody>\n<tr>\n<td style=\"width: 33.3333%;\">\n<h4 style=\"text-align: center;\"><b>Qui era Conxita Grang\u00e9?<\/b><\/h4>\n<p><a href=\"https:\/\/drive.google.com\/file\/d\/1_USGb0Y7dmvMtHgpo0-7SHwnie3MZxmh\/view?usp=sharing\"><img loading=\"lazy\" decoding=\"async\" class=\" wp-image-13694 aligncenter\" src=\"https:\/\/projectes.xtec.cat\/memoriaieducacio\/wp-content\/uploads\/usu2168\/2025\/11\/InsPontsdeSuert.jpg\" alt=\"\" width=\"374\" height=\"265\" srcset=\"https:\/\/projectes.xtec.cat\/memoriaieducacio\/wp-content\/uploads\/usu2168\/2025\/11\/InsPontsdeSuert.jpg 450w, https:\/\/projectes.xtec.cat\/memoriaieducacio\/wp-content\/uploads\/usu2168\/2025\/11\/InsPontsdeSuert-300x213.jpg 300w\" sizes=\"auto, (max-width: 374px) 100vw, 374px\" \/><\/a><\/p>\n<h5 style=\"text-align: center;\"><span style=\"font-weight: 400;\">Institut El Pont de Suert<\/span><\/h5>\n<\/td>\n<td style=\"width: 33.3333%;\">\n<h4 style=\"text-align: center;\"><b>Qu\u00e8 li va passar?<\/b><\/h4>\n<p><a href=\"https:\/\/drive.google.com\/file\/d\/1M0lHt8CyNY-8No6vzDJPfej8fiW0XWNA\/view?usp=sharing\"><img loading=\"lazy\" decoding=\"async\" class=\" wp-image-13697 aligncenter\" src=\"https:\/\/projectes.xtec.cat\/memoriaieducacio\/wp-content\/uploads\/usu2168\/2025\/11\/Immaculada_450x319.jpg\" alt=\"\" width=\"375\" height=\"266\" srcset=\"https:\/\/projectes.xtec.cat\/memoriaieducacio\/wp-content\/uploads\/usu2168\/2025\/11\/Immaculada_450x319.jpg 450w, https:\/\/projectes.xtec.cat\/memoriaieducacio\/wp-content\/uploads\/usu2168\/2025\/11\/Immaculada_450x319-300x213.jpg 300w\" sizes=\"auto, (max-width: 375px) 100vw, 375px\" \/><\/a><\/p>\n<h5 style=\"text-align: center;\"><span style=\"font-weight: 400;\">Col\u00b7legi Maria Immaculada de Tremp<\/span><\/h5>\n<\/td>\n<td style=\"width: 33.3333%;\">\n<h4 style=\"text-align: center;\"><b>Per qu\u00e8 la recordem?<\/b><\/h4>\n<p><a href=\"https:\/\/drive.google.com\/file\/d\/1pGzlTBMRuYOqm7zq0a5wrYvagHwF0X4Y\/view?usp=sharing\"><img loading=\"lazy\" decoding=\"async\" class=\"wp-image-13701 aligncenter\" src=\"https:\/\/projectes.xtec.cat\/memoriaieducacio\/wp-content\/uploads\/usu2168\/2025\/11\/InstitutdeTremp_450x319.jpg\" alt=\"\" width=\"377\" height=\"267\" srcset=\"https:\/\/projectes.xtec.cat\/memoriaieducacio\/wp-content\/uploads\/usu2168\/2025\/11\/InstitutdeTremp_450x319.jpg 450w, https:\/\/projectes.xtec.cat\/memoriaieducacio\/wp-content\/uploads\/usu2168\/2025\/11\/InstitutdeTremp_450x319-300x213.jpg 300w\" sizes=\"auto, (max-width: 377px) 100vw, 377px\" \/><\/a><\/p>\n<h5 style=\"text-align: center;\"><span style=\"font-weight: 400;\">Institut de Tremp<\/span><\/h5>\n<\/td>\n<\/tr>\n<tr>\n<td style=\"width: 33.3333%;\">\n<h6><b>\u00a0<\/b><\/h6>\n<\/td>\n<td style=\"width: 33.3333%;\">\n<h6><b> <a href=\"https:\/\/drive.google.com\/file\/d\/1ANwMMFZNPxkXCUAGucF8YROnt-84p_87\/view?usp=sharing\"><img loading=\"lazy\" decoding=\"async\" class=\" wp-image-13704 aligncenter\" src=\"https:\/\/projectes.xtec.cat\/memoriaieducacio\/wp-content\/uploads\/usu2168\/2025\/11\/InsLaPobladeSegur_450x319.jpg\" alt=\"\" width=\"375\" height=\"266\" srcset=\"https:\/\/projectes.xtec.cat\/memoriaieducacio\/wp-content\/uploads\/usu2168\/2025\/11\/InsLaPobladeSegur_450x319.jpg 450w, https:\/\/projectes.xtec.cat\/memoriaieducacio\/wp-content\/uploads\/usu2168\/2025\/11\/InsLaPobladeSegur_450x319-300x213.jpg 300w\" sizes=\"auto, (max-width: 375px) 100vw, 375px\" \/><\/a><\/b><\/h6>\n<h5 style=\"text-align: center;\"><span style=\"font-weight: 400;\">Institut de La Pobla de Segur<\/span><\/h5>\n<\/td>\n<td style=\"width: 33.3333%;\">\n<h6><b>\u00a0<\/b><\/h6>\n<\/td>\n<\/tr>\n<tr>\n<td style=\"width: 33.3333%;\">\n<h6><b>\u00a0<\/b><\/h6>\n<\/td>\n<td style=\"width: 33.3333%;\">\n<h6><b> <a href=\"https:\/\/drive.google.com\/file\/d\/1Nsp5__wBlG6rYIYed9VsI6ROV_J-qp-t\/view?usp=sharing\"><img loading=\"lazy\" decoding=\"async\" class=\"wp-image-13706 aligncenter\" src=\"https:\/\/projectes.xtec.cat\/memoriaieducacio\/wp-content\/uploads\/usu2168\/2025\/11\/InsHugRogerIII_450x319.jpg\" alt=\"\" width=\"375\" height=\"266\" srcset=\"https:\/\/projectes.xtec.cat\/memoriaieducacio\/wp-content\/uploads\/usu2168\/2025\/11\/InsHugRogerIII_450x319.jpg 450w, https:\/\/projectes.xtec.cat\/memoriaieducacio\/wp-content\/uploads\/usu2168\/2025\/11\/InsHugRogerIII_450x319-300x213.jpg 300w\" sizes=\"auto, (max-width: 375px) 100vw, 375px\" \/><\/a><\/b><\/h6>\n<h5 style=\"text-align: center;\"><span style=\"font-weight: 400;\">Institut Hug Roger III de Sort<\/span><\/h5>\n<h6><\/h6>\n<\/td>\n<td style=\"width: 33.3333%;\">\n<h6><b>\u00a0<\/b><\/h6>\n<\/td>\n<\/tr>\n<\/tbody>\n<\/table>\n<p><span style=\"font-weight: 400;\">Aquesta iniciativa ha estat dinamitzada per la xarxa de docents adherits als\u00a0<\/span><a href=\"https:\/\/memoria.gencat.cat\/ca\/educacio\/grups-demd\/index.html\"><span style=\"font-weight: 400;\">grups DEMD<\/span><\/a><span style=\"font-weight: 400;\">\u00a0(Grup de treball de Departament d\u2019Educaci\u00f3 i Formaci\u00f3 Professional i el Memorial Democr\u00e0tic), amb la voluntat de sensibilitzar l\u2019alumnat sobre la import\u00e0ncia de la mem\u00f2ria democr\u00e0tica i de promoure una educaci\u00f3 basada en els valors de la llibertat, la just\u00edcia i el respecte als drets humans.<\/span><\/p>\n<p><b>Conxita Grang\u00e9, la darrera catalana supervivent dels camps nazis<\/b><\/p>\n<p><span style=\"font-weight: 400;\">Conxita Grang\u00e9 Beleta va n\u00e9ixer a Espui, el 6 d\u2019agost de 1925, en una fam\u00edlia de vuit germans. Poc temps despr\u00e9s, va anar a viure amb els seus oncles, Jaume Beleta i Elvira Ibarz, i la seva cosina Maria Castell\u00f3 a Tolosa de Llenguadoc. Durant la Guerra Civil (1936-1939) la fam\u00edlia es va traslladar a Catalunya per lluitar al costat de la Rep\u00fablica.<\/span><\/p>\n<p><span style=\"font-weight: 400;\">Acabada la guerra, la fam\u00edlia Beleta va tornar a Fran\u00e7a i va lluitar amb la resist\u00e8ncia contra als nazis. Conxita Grang\u00e9, Elvira Ibarz i Maria Castell\u00f3 feien d\u2019enlla\u00e7 amb els guerrillers que combatien contra els nazis col\u00b7laborant amb les xarxes de resist\u00e8ncia.<\/span><\/p>\n<p><span style=\"font-weight: 400;\">Les tres dones van ser detingudes a Peny, al departament franc\u00e8s de l\u2019Arieja, el 24 de maig de 1944. Lliurades a la Gestapo, foren empresonades i torturades a Foix i a Tolosa de Llenguadoc, des d\u2019on van ser deportades a Alemanya. Van travessar Fran\u00e7a de sud a nord, a bord d\u2019un tren amb m\u00e9s de 700 detinguts, sota els bombardejos aliats i els atacs dels maquis. Despr\u00e9s de dos mesos de recorregut, el 2 de setembre van ser internades al camp de concentraci\u00f3 de dones de Ravensbr\u00fcck (Alemanya).<\/span><\/p>\n<p><span style=\"font-weight: 400;\">Abans de l\u2019alliberament, quan el camp fou bombardejat per l\u2019aviaci\u00f3 aliada, van estar setmanes caminant en una marxa de la mort, fins que aconseguiren trobar les tropes aliades i, m\u00e9s tard, retornar a Fran\u00e7a. Conxita Grang\u00e9 es va establir a Tolosa de Llenguadoc i es va casar amb Josep Ramos Bosch, republic\u00e0 exiliat catal\u00e0 i guerriller antifeixista a la resist\u00e8ncia contra el nazisme a Fran\u00e7a.<\/span><\/p>\n<p><span style=\"font-weight: 400;\">Va rebre destacades condecoracions de la Rep\u00fablica francesa, com la Legi\u00f3 d\u2019Honor i la Medalla de la Resist\u00e8ncia. Va dedicar els darrers anys de la seva vida a explicar la seva experi\u00e8ncia als escolars, a advertir sobre les monstruositats que van significar el nazisme i el feixisme, i a mantenir viva la mem\u00f2ria de les dones deportades.<\/span><\/p>\n<p><span style=\"font-weight: 400;\">Despr\u00e9s de la mort de Neus Catal\u00e0, Grang\u00e9 es va convertir en la darrera supervivent catalana dels camps de concentraci\u00f3 nazis. Va morir el 27 d\u2019agost de 2019 a l\u2019edat de 94 anys.<\/span><\/p>\n<p><a href=\"https:\/\/projectes.xtec.cat\/memoriaieducacio\/wp-content\/uploads\/usu2168\/2025\/11\/logoinstitucional_900x100.jpg\"><img loading=\"lazy\" decoding=\"async\" class=\"size-full wp-image-13711 aligncenter\" src=\"https:\/\/projectes.xtec.cat\/memoriaieducacio\/wp-content\/uploads\/usu2168\/2025\/11\/logoinstitucional_900x100.jpg\" alt=\"\" width=\"900\" height=\"100\" srcset=\"https:\/\/projectes.xtec.cat\/memoriaieducacio\/wp-content\/uploads\/usu2168\/2025\/11\/logoinstitucional_900x100.jpg 900w, https:\/\/projectes.xtec.cat\/memoriaieducacio\/wp-content\/uploads\/usu2168\/2025\/11\/logoinstitucional_900x100-300x33.jpg 300w, https:\/\/projectes.xtec.cat\/memoriaieducacio\/wp-content\/uploads\/usu2168\/2025\/11\/logoinstitucional_900x100-768x85.jpg 768w\" sizes=\"auto, (max-width: 900px) 100vw, 900px\" \/><\/a><\/p>\n<p>&nbsp;<\/p>\n<p>&nbsp;<\/p>\n","protected":false},"excerpt":{"rendered":"<p><a href=\"https:\/\/projectes.xtec.cat\/memoriaieducacio\/wp-content\/uploads\/usu2168\/2025\/11\/logo_100_conxita_grange_700x280.jpg\"><\/a><br \/>\nEn el marc de les commemoracions de l\u2019Any Conxita Grang\u00e9, que el Govern de la Generalitat i el Memorial Democr\u00e0tic celebren durant tot el 2025 per commemorar el centenari del naixement de la resistent antifeixista i supervivent dels camps de concentraci\u00f3 nazis, els instituts&hellip;  <a href=\"https:\/\/projectes.xtec.cat\/memoriaieducacio\/activitats\/acte-amb-estudiants-lleidetans-amb-motiu-de-lany-conxita-grange\/\" title=\"Read Projecte educatiu Any Conxita Grang\u00e9\">Llegeix m\u00e9s\u00bb<\/a><\/p>\n","protected":false},"author":3,"featured_media":0,"parent":8565,"menu_order":95,"comment_status":"closed","ping_status":"closed","template":"page-templates\/side-menu.php","meta":{"_bbp_topic_count":0,"_bbp_reply_count":0,"_bbp_total_topic_count":0,"_bbp_total_reply_count":0,"_bbp_voice_count":0,"_bbp_anonymous_reply_count":0,"_bbp_topic_count_hidden":0,"_bbp_reply_count_hidden":0,"_bbp_forum_subforum_count":0,"footnotes":""},"class_list":["post-13685","page","type-page","status-publish","hentry"],"post_mailing_queue_ids":[],"_links":{"self":[{"href":"https:\/\/projectes.xtec.cat\/memoriaieducacio\/wp-json\/wp\/v2\/pages\/13685","targetHints":{"allow":["GET"]}}],"collection":[{"href":"https:\/\/projectes.xtec.cat\/memoriaieducacio\/wp-json\/wp\/v2\/pages"}],"about":[{"href":"https:\/\/projectes.xtec.cat\/memoriaieducacio\/wp-json\/wp\/v2\/types\/page"}],"author":[{"embeddable":true,"href":"https:\/\/projectes.xtec.cat\/memoriaieducacio\/wp-json\/wp\/v2\/users\/3"}],"replies":[{"embeddable":true,"href":"https:\/\/projectes.xtec.cat\/memoriaieducacio\/wp-json\/wp\/v2\/comments?post=13685"}],"version-history":[{"count":7,"href":"https:\/\/projectes.xtec.cat\/memoriaieducacio\/wp-json\/wp\/v2\/pages\/13685\/revisions"}],"predecessor-version":[{"id":13725,"href":"https:\/\/projectes.xtec.cat\/memoriaieducacio\/wp-json\/wp\/v2\/pages\/13685\/revisions\/13725"}],"up":[{"embeddable":true,"href":"https:\/\/projectes.xtec.cat\/memoriaieducacio\/wp-json\/wp\/v2\/pages\/8565"}],"wp:attachment":[{"href":"https:\/\/projectes.xtec.cat\/memoriaieducacio\/wp-json\/wp\/v2\/media?parent=13685"}],"curies":[{"name":"wp","href":"https:\/\/api.w.org\/{rel}","templated":true}]}}