{"id":14165,"date":"2026-09-03T18:00:35","date_gmt":"2026-09-03T16:00:35","guid":{"rendered":"https:\/\/projectes.xtec.cat\/memoriaieducacio\/?page_id=14165"},"modified":"2026-09-04T17:36:36","modified_gmt":"2026-09-04T15:36:36","slug":"oferta-formativa-grups-demd-2026-2027","status":"publish","type":"page","link":"https:\/\/projectes.xtec.cat\/memoriaieducacio\/el-projecte\/oferta-formativa-grups-demd-2026-2027\/","title":{"rendered":"Oferta formativa grups DEMD 2026-2027"},"content":{"rendered":"<p>INSCRIPCI\u00d3 DE DOCENTS ALS GRUPS I SEMINARIS DE MEM\u00d2RIA DEMD<\/p>\n<p style=\"padding-left: 280px;\"><strong>&#8211; Cliqueu sobre codi i nom de l&#8217;activitat de cada grup per accedir al cercador d&#8217;activitats. Poseu el codi de l&#8217;activitat\u00a0 per obtenir informaci\u00f3 del grup i per fer la inscripci\u00f3 quan comenci el per\u00edode d&#8217;inscripci\u00f3<\/strong><\/p>\n<p style=\"padding-left: 280px;\"><strong>&#8211; La inscripci\u00f3\u00a0 estar\u00e0 activa a partir del 4 de setembre i fins al 20 de setembre<\/strong><\/p>\n<hr \/>\n<p><strong>Grup de treball general<\/strong>:\u00a0 \u00a0 \u00a0 \u00a0 \u00a0 \u00a0 \u00a0 <span style=\"color: #993300;\"><strong>GRUP DEMD (Exili, Deportaci\u00f3 i Holocaust)<\/strong><\/span><\/p>\n<p style=\"padding-left: 240px;\"><em><strong>Codi i nom de l&#8217;activitat<\/strong><\/em>:\u00a0 \u00a0 \u00a0 \u00a0 \u00a0 \u00a0 \u00a0 \u00a0 \u00a0 <a href=\"https:\/\/xtec.gencat.cat\/ca\/formacio\/info-general\/cercador-activitats\/\">9005110557\u00a0Grup de treball DEMD (Exili, Deportaci\u00f3 i Holocaust)<\/a><\/p>\n<p style=\"padding-left: 240px;\"><em><strong>\u00c0mbit:<\/strong><\/em> Per als docents de centres de qualsevol lloc de Catalunya que no tingui un grup de mem\u00f2ria proper de la xarxa DEMD.<\/p>\n<h5><\/h5>\n<hr \/>\n<p><strong>Xarxa territorial de grups de mem\u00f2ria DEMD<\/strong>:<\/p>\n<table style=\"border-collapse: collapse; width: 100%;\">\n<tbody>\n<tr>\n<td style=\"width: 50%;\">&nbsp;<\/p>\n<p style=\"padding-left: 80px;\"><span style=\"color: #993300;\"><strong>Exili, Deportaci\u00f3 i Holocaust (Alt Empord\u00e0)<\/strong><\/span><\/p>\n<p style=\"padding-left: 80px; text-align: left;\"><em><strong>Codi i nom de l&#8217;activitat<\/strong><\/em>:<\/p>\n<p style=\"padding-left: 80px; text-align: left;\"><a href=\"https:\/\/xtec.gencat.cat\/ca\/formacio\/info-general\/cercador-activitats\/\">5011371501 Exili, Deportaci\u00f3 i Holocaust (Alt Empord\u00e0) (XII)<\/a><\/p>\n<p style=\"padding-left: 80px; text-align: left;\"><em><strong>\u00c0mbit:<\/strong><\/em> Centres de l&#8217;Alt Empord\u00e0<\/p>\n<p>&nbsp;<\/p>\n<p>&nbsp;<\/td>\n<td style=\"width: 50%;\">\n<p style=\"padding-left: 120px;\"><span style=\"color: #993300;\"><strong>Grup DEMD Lleida<\/strong><\/span><\/p>\n<p style=\"padding-left: 120px;\"><em><strong>Codi i nom de l&#8217;activitat<\/strong><\/em>:<\/p>\n<p style=\"padding-left: 120px;\"><a href=\"https:\/\/xtec.gencat.cat\/ca\/formacio\/info-general\/cercador-activitats\/\">6092041609 DEMD &#8211; Lleida Exili, deportaci\u00f3, Holocaust<\/a><\/p>\n<p style=\"padding-left: 120px;\"><em><strong>\u00c0mbit:<\/strong><\/em> Centres de Lleida i comarques properes<\/p>\n<p>&nbsp;<\/td>\n<\/tr>\n<tr>\n<td style=\"width: 50%;\">&nbsp;<\/p>\n<p style=\"padding-left: 80px;\"><span style=\"color: #993300;\"><strong>Grup DEMD Ebre<\/strong><\/span><\/p>\n<p style=\"padding-left: 80px;\"><em><strong>Codi i nom de l&#8217;activitat<\/strong><\/em>:<\/p>\n<p style=\"padding-left: 80px;\"><a href=\"https:\/\/xtec.gencat.cat\/ca\/formacio\/info-general\/cercador-activitats\/\">8060111806 Mem\u00f2ria DEMD &#8211; Ebre (Exili, Deportaci\u00f3, Holocaust)<\/a><\/p>\n<p style=\"padding-left: 80px;\"><em><strong>\u00c0mbit:<\/strong><\/em> Centres de\u00a0 les comarques de Terres de l&#8217;Ebre<\/p>\n<p>&nbsp;<\/td>\n<td style=\"width: 50%;\">\n<p style=\"padding-left: 120px;\"><span style=\"color: #993300;\"><strong>Grup DEMD Camp de Tarragona<\/strong><\/span><\/p>\n<p style=\"padding-left: 120px;\"><em><strong>Codi i nom de l&#8217;activitat<\/strong><\/em>:<\/p>\n<p style=\"padding-left: 120px;\"><a href=\"https:\/\/xtec.gencat.cat\/ca\/formacio\/info-general\/cercador-activitats\/\">7000040507 Grup DEMD, Camp de Tarragona<\/a><\/p>\n<p style=\"padding-left: 120px;\"><em><strong>\u00c0mbit:<\/strong><\/em> Centres deTarragona i comarques properes<\/p>\n<p>&nbsp;<\/td>\n<\/tr>\n<tr>\n<td style=\"width: 50%;\">&nbsp;<\/p>\n<p style=\"padding-left: 80px;\"><span style=\"color: #993300;\"><strong>Grup ICSVO-DEMD Vall\u00e8s Oriental<\/strong><\/span><\/p>\n<p style=\"padding-left: 80px;\"><em><strong>Codi i nom de l&#8217;activitat<\/strong><\/em>:<\/p>\n<p style=\"padding-left: 80px;\"><a href=\"https:\/\/xtec.gencat.cat\/ca\/formacio\/info-general\/cercador-activitats\/\">A130451A13 ICSVO-DEMD (Internet i les Ci\u00e8ncies socials al Vall\u00e8s Oriental &#8211; Dep. Educaci\u00f3 Memorial Democr\u00e0tic)<\/a><\/p>\n<p style=\"padding-left: 80px;\"><em><strong>\u00a0\u00c0mbit:<\/strong><\/em> Centres del Vall\u00e8s Oriental<\/p>\n<p>&nbsp;<\/td>\n<td style=\"width: 50%;\">\n<p style=\"padding-left: 80px;\"><span style=\"color: #993300;\"><strong>Projecte Manresa-Mauthausen &#8211; DEMD Bages<\/strong><\/span><\/p>\n<p style=\"padding-left: 80px;\"><em><strong>Codi i nom de l&#8217;activitat<\/strong><\/em>:<\/p>\n<p style=\"padding-left: 80px;\">B020121B02 Projecte Manresa-Mauthausen (grup DEMD &#8211; Departament d&#8217;Educaci\u00f3 \/ Memorial Democr\u00e0tic)<\/p>\n<p style=\"padding-left: 80px;\"><em><strong>\u00c0mbit:<\/strong><\/em> Centres del Bages<\/p>\n<\/td>\n<\/tr>\n<tr>\n<td style=\"width: 50%;\">\n<p style=\"padding-left: 120px;\"><span style=\"color: #993300;\"><strong>Grup DEMD Pallars i Alta Ribagor\u00e7a<\/strong><\/span><\/p>\n<p style=\"padding-left: 120px;\"><em><strong>Codi i nom de l&#8217;activitat<\/strong><\/em>:<\/p>\n<p style=\"padding-left: 120px;\"><a href=\"https:\/\/xtec.gencat.cat\/ca\/formacio\/info-general\/cercador-activitats\/\">6150331615 Grup DEMD Pallars i Alta Ribagor\u00e7a:\u00a0 Exili, deportaci\u00f3 i Holocaust.<\/a><\/p>\n<p style=\"padding-left: 120px;\"><em><strong>\u00c0mbit:<\/strong><\/em> Centres dels Pallars i de l&#8217;Alta Ribagor\u00e7a<\/p>\n<\/td>\n<td style=\"width: 50%;\">&nbsp;<\/p>\n<p style=\"padding-left: 80px;\"><span style=\"color: #993300;\"><strong>Grup DEMD Garraf-Pened\u00e8s<\/strong><\/span><\/p>\n<p style=\"padding-left: 80px;\"><em><strong>Codi i nom de l&#8217;activitat<\/strong><\/em>:<\/p>\n<p style=\"padding-left: 80px;\"><a href=\"https:\/\/xtec.gencat.cat\/ca\/formacio\/info-general\/cercador-activitats\/\">2081111208\u00a0 Projecte Buchenwald &#8211; Grup DEMD Garraf-Pened\u00e8s<\/a><\/p>\n<p style=\"padding-left: 80px;\"><em><strong>\u00a0\u00c0mbit:<\/strong><\/em> Centres del Garraf i comarques properes<\/p>\n<p>&nbsp;<\/td>\n<\/tr>\n<tr>\n<td style=\"width: 50%;\">\n<p style=\"padding-left: 120px;\"><span style=\"color: #993300;\"><strong>Grup DEMD Giron\u00e8s<\/strong><\/span><\/p>\n<p style=\"padding-left: 120px;\"><em><strong>Codi i nom de l&#8217;activitat<\/strong><\/em>:<\/p>\n<p style=\"padding-left: 120px;\">\u00a0Exili, Deportaci\u00f3 i Holocaust (Giron\u00e8s)<\/p>\n<p style=\"padding-left: 120px;\"><em><strong>\u00a0\u00c0mbit:<\/strong><\/em> Centres de Girona i comarques properes<\/p>\n<\/td>\n<td style=\"width: 50%;\">&nbsp;<\/p>\n<p style=\"padding-left: 120px;\"><span style=\"color: #993300;\"><strong>Grup DEMD Garrotxa<\/strong><\/span><\/p>\n<p style=\"padding-left: 120px;\"><em><strong>Codi i nom de l&#8217;activitat<\/strong><\/em>:<\/p>\n<p style=\"padding-left: 120px;\"><a href=\"https:\/\/xtec.gencat.cat\/ca\/formacio\/info-general\/cercador-activitats\/\">5040221504\u00a0 Mem\u00f2ria Hist\u00f2rica. Exili, Deportaci\u00f3 i Holocaust (Garrotxa III)<\/a><\/p>\n<p style=\"padding-left: 120px;\"><em><strong>\u00a0\u00c0mbit:<\/strong><\/em> Centres de la Garrotxa<\/p>\n<p>&nbsp;<\/td>\n<\/tr>\n<tr>\n<td style=\"width: 50%;\">\n<p style=\"padding-left: 120px;\"><span style=\"color: #993300;\"><strong>Grup DEMD Pla de l&#8217;Estany<\/strong><\/span><\/p>\n<p style=\"padding-left: 120px;\"><em><strong>Codi i nom de l&#8217;activitat<\/strong><\/em>:<\/p>\n<p style=\"padding-left: 120px;\"><a href=\"https:\/\/xtec.gencat.cat\/ca\/formacio\/info-general\/cercador-activitats\/\">5061311506 El passat en com\u00fa: mem\u00f2ria hist\u00f2rica i di\u00e0leg intergeneracional<\/a><\/p>\n<p style=\"padding-left: 120px;\"><em><strong>\u00a0\u00c0mbit:<\/strong><\/em> Centres del Pla de l&#8217;Estany<\/p>\n<p style=\"padding-left: 80px;\"><span style=\"color: #993300;\"><strong>\u00a0<\/strong><\/span><\/p>\n<\/td>\n<td style=\"width: 50%;\">\n<p style=\"padding-left: 120px;\"><span style=\"color: #993300;\"><strong>Grup DEMD Barcelona<\/strong><\/span><\/p>\n<p style=\"padding-left: 120px;\"><em><strong>Codi i nom de l&#8217;activitat<\/strong><\/em>:<\/p>\n<p style=\"padding-left: 120px;\"><a href=\"https:\/\/xtec.gencat.cat\/ca\/formacio\/info-general\/cercador-activitats\/\">9005040532 Grup DEMD Barcelona<\/a><\/p>\n<p style=\"padding-left: 120px;\"><em><strong>\u00a0\u00c0mbit:<\/strong><\/em> Centres de Barcelona i ciutats properes<\/p>\n<p style=\"padding-left: 120px;\"><span style=\"color: #993300;\"><strong>\u00a0<\/strong><\/span><\/p>\n<\/td>\n<\/tr>\n<\/tbody>\n<\/table>\n<p>&nbsp;<\/p>\n<p>&nbsp;<\/p>\n<p>&nbsp;<\/p>\n<p>&nbsp;<\/p>\n<p>&nbsp;<\/p>\n<p>&nbsp;<\/p>\n","protected":false},"excerpt":{"rendered":"<p>INSCRIPCI\u00d3 DE DOCENTS ALS GRUPS I SEMINARIS DE MEM\u00d2RIA DEMD<br \/>\n&#8211; Cliqueu sobre codi i nom de l&#8217;activitat de cada grup per accedir al cercador d&#8217;activitats. Poseu el codi de l&#8217;activitat\u00a0 per obtenir informaci\u00f3 del grup i per fer la inscripci\u00f3 quan comenci el per\u00edode d&#8217;inscripci\u00f3<br \/>\n&#8211;&hellip;  <a href=\"https:\/\/projectes.xtec.cat\/memoriaieducacio\/el-projecte\/oferta-formativa-grups-demd-2026-2027\/\" title=\"Read Oferta formativa grups DEMD 2026-2027\">Llegeix m\u00e9s\u00bb<\/a><\/p>\n","protected":false},"author":3,"featured_media":0,"parent":806,"menu_order":40,"comment_status":"closed","ping_status":"closed","template":"page-templates\/side-menu.php","meta":{"_bbp_topic_count":0,"_bbp_reply_count":0,"_bbp_total_topic_count":0,"_bbp_total_reply_count":0,"_bbp_voice_count":0,"_bbp_anonymous_reply_count":0,"_bbp_topic_count_hidden":0,"_bbp_reply_count_hidden":0,"_bbp_forum_subforum_count":0,"footnotes":""},"class_list":["post-14165","page","type-page","status-publish","hentry"],"post_mailing_queue_ids":[],"_links":{"self":[{"href":"https:\/\/projectes.xtec.cat\/memoriaieducacio\/wp-json\/wp\/v2\/pages\/14165","targetHints":{"allow":["GET"]}}],"collection":[{"href":"https:\/\/projectes.xtec.cat\/memoriaieducacio\/wp-json\/wp\/v2\/pages"}],"about":[{"href":"https:\/\/projectes.xtec.cat\/memoriaieducacio\/wp-json\/wp\/v2\/types\/page"}],"author":[{"embeddable":true,"href":"https:\/\/projectes.xtec.cat\/memoriaieducacio\/wp-json\/wp\/v2\/users\/3"}],"replies":[{"embeddable":true,"href":"https:\/\/projectes.xtec.cat\/memoriaieducacio\/wp-json\/wp\/v2\/comments?post=14165"}],"version-history":[{"count":6,"href":"https:\/\/projectes.xtec.cat\/memoriaieducacio\/wp-json\/wp\/v2\/pages\/14165\/revisions"}],"predecessor-version":[{"id":14177,"href":"https:\/\/projectes.xtec.cat\/memoriaieducacio\/wp-json\/wp\/v2\/pages\/14165\/revisions\/14177"}],"up":[{"embeddable":true,"href":"https:\/\/projectes.xtec.cat\/memoriaieducacio\/wp-json\/wp\/v2\/pages\/806"}],"wp:attachment":[{"href":"https:\/\/projectes.xtec.cat\/memoriaieducacio\/wp-json\/wp\/v2\/media?parent=14165"}],"curies":[{"name":"wp","href":"https:\/\/api.w.org\/{rel}","templated":true}]}}

<p>INSCRIPCIÓ DE DOCENTS ALS GRUPS I SEMINARIS DE MEMÒRIA DEMD</p>
<p style="padding-left: 280px;"><strong>&#8211; Cliqueu sobre codi i nom de l&#8217;activitat de cada grup per accedir al cercador d&#8217;activitats. Poseu el codi de l&#8217;activitat  per obtenir informació del grup i per fer la inscripció quan comenci el període d&#8217;inscripció</strong></p>
<p style="padding-left: 280px;"><strong>&#8211; La inscripció  estarà activa a partir del 4 de setembre i fins al 20 de setembre</strong></p>
<hr />
<p><strong>Grup de treball general</strong>:              <span style="color: #993300;"><strong>GRUP DEMD (Exili, Deportació i Holocaust)</strong></span></p>
<p style="padding-left: 240px;"><em><strong>Codi i nom de l&#8217;activitat</strong></em>:                  <a href="https://xtec.gencat.cat/ca/formacio/info-general/cercador-activitats/">9005110557 Grup de treball DEMD (Exili, Deportació i Holocaust)</a></p>
<p style="padding-left: 240px;"><em><strong>Àmbit:</strong></em> Per als docents de centres de qualsevol lloc de Catalunya que no tingui un grup de memòria proper de la xarxa DEMD.</p>
<h5></h5>
<hr />
<p><strong>Xarxa territorial de grups de memòria DEMD</strong>:</p>
<table style="border-collapse: collapse; width: 100%;">
<tbody>
<tr>
<td style="width: 50%;">&nbsp;</p>
<p style="padding-left: 80px;"><span style="color: #993300;"><strong>Exili, Deportació i Holocaust (Alt Empordà)</strong></span></p>
<p style="padding-left: 80px; text-align: left;"><em><strong>Codi i nom de l&#8217;activitat</strong></em>:</p>
<p style="padding-left: 80px; text-align: left;"><a href="https://xtec.gencat.cat/ca/formacio/info-general/cercador-activitats/">5011371501 Exili, Deportació i Holocaust (Alt Empordà) (XII)</a></p>
<p style="padding-left: 80px; text-align: left;"><em><strong>Àmbit:</strong></em> Centres de l&#8217;Alt Empordà</p>
<p>&nbsp;</p>
<p>&nbsp;</td>
<td style="width: 50%;">
<p style="padding-left: 120px;"><span style="color: #993300;"><strong>Grup DEMD Lleida</strong></span></p>
<p style="padding-left: 120px;"><em><strong>Codi i nom de l&#8217;activitat</strong></em>:</p>
<p style="padding-left: 120px;"><a href="https://xtec.gencat.cat/ca/formacio/info-general/cercador-activitats/">6092041609 DEMD &#8211; Lleida Exili, deportació, Holocaust</a></p>
<p style="padding-left: 120px;"><em><strong>Àmbit:</strong></em> Centres de Lleida i comarques properes</p>
<p>&nbsp;</td>
</tr>
<tr>
<td style="width: 50%;">&nbsp;</p>
<p style="padding-left: 80px;"><span style="color: #993300;"><strong>Grup DEMD Ebre</strong></span></p>
<p style="padding-left: 80px;"><em><strong>Codi i nom de l&#8217;activitat</strong></em>:</p>
<p style="padding-left: 80px;"><a href="https://xtec.gencat.cat/ca/formacio/info-general/cercador-activitats/">8060111806 Memòria DEMD &#8211; Ebre (Exili, Deportació, Holocaust)</a></p>
<p style="padding-left: 80px;"><em><strong>Àmbit:</strong></em> Centres de  les comarques de Terres de l&#8217;Ebre</p>
<p>&nbsp;</td>
<td style="width: 50%;">
<p style="padding-left: 120px;"><span style="color: #993300;"><strong>Grup DEMD Camp de Tarragona</strong></span></p>
<p style="padding-left: 120px;"><em><strong>Codi i nom de l&#8217;activitat</strong></em>:</p>
<p style="padding-left: 120px;"><a href="https://xtec.gencat.cat/ca/formacio/info-general/cercador-activitats/">7000040507 Grup DEMD, Camp de Tarragona</a></p>
<p style="padding-left: 120px;"><em><strong>Àmbit:</strong></em> Centres deTarragona i comarques properes</p>
<p>&nbsp;</td>
</tr>
<tr>
<td style="width: 50%;">&nbsp;</p>
<p style="padding-left: 80px;"><span style="color: #993300;"><strong>Grup ICSVO-DEMD Vallès Oriental</strong></span></p>
<p style="padding-left: 80px;"><em><strong>Codi i nom de l&#8217;activitat</strong></em>:</p>
<p style="padding-left: 80px;"><a href="https://xtec.gencat.cat/ca/formacio/info-general/cercador-activitats/">A130451A13 ICSVO-DEMD (Internet i les Ciències socials al Vallès Oriental &#8211; Dep. Educació Memorial Democràtic)</a></p>
<p style="padding-left: 80px;"><em><strong> Àmbit:</strong></em> Centres del Vallès Oriental</p>
<p>&nbsp;</td>
<td style="width: 50%;">
<p style="padding-left: 80px;"><span style="color: #993300;"><strong>Projecte Manresa-Mauthausen &#8211; DEMD Bages</strong></span></p>
<p style="padding-left: 80px;"><em><strong>Codi i nom de l&#8217;activitat</strong></em>:</p>
<p style="padding-left: 80px;">B020121B02 Projecte Manresa-Mauthausen (grup DEMD &#8211; Departament d&#8217;Educació / Memorial Democràtic)</p>
<p style="padding-left: 80px;"><em><strong>Àmbit:</strong></em> Centres del Bages</p>
</td>
</tr>
<tr>
<td style="width: 50%;">
<p style="padding-left: 120px;"><span style="color: #993300;"><strong>Grup DEMD Pallars i Alta Ribagorça</strong></span></p>
<p style="padding-left: 120px;"><em><strong>Codi i nom de l&#8217;activitat</strong></em>:</p>
<p style="padding-left: 120px;"><a href="https://xtec.gencat.cat/ca/formacio/info-general/cercador-activitats/">6150331615 Grup DEMD Pallars i Alta Ribagorça:  Exili, deportació i Holocaust.</a></p>
<p style="padding-left: 120px;"><em><strong>Àmbit:</strong></em> Centres dels Pallars i de l&#8217;Alta Ribagorça</p>
</td>
<td style="width: 50%;">&nbsp;</p>
<p style="padding-left: 80px;"><span style="color: #993300;"><strong>Grup DEMD Garraf-Penedès</strong></span></p>
<p style="padding-left: 80px;"><em><strong>Codi i nom de l&#8217;activitat</strong></em>:</p>
<p style="padding-left: 80px;"><a href="https://xtec.gencat.cat/ca/formacio/info-general/cercador-activitats/">2081111208  Projecte Buchenwald &#8211; Grup DEMD Garraf-Penedès</a></p>
<p style="padding-left: 80px;"><em><strong> Àmbit:</strong></em> Centres del Garraf i comarques properes</p>
<p>&nbsp;</td>
</tr>
<tr>
<td style="width: 50%;">
<p style="padding-left: 120px;"><span style="color: #993300;"><strong>Grup DEMD Gironès</strong></span></p>
<p style="padding-left: 120px;"><em><strong>Codi i nom de l&#8217;activitat</strong></em>:</p>
<p style="padding-left: 120px;"> Exili, Deportació i Holocaust (Gironès)</p>
<p style="padding-left: 120px;"><em><strong> Àmbit:</strong></em> Centres de Girona i comarques properes</p>
</td>
<td style="width: 50%;">&nbsp;</p>
<p style="padding-left: 120px;"><span style="color: #993300;"><strong>Grup DEMD Garrotxa</strong></span></p>
<p style="padding-left: 120px;"><em><strong>Codi i nom de l&#8217;activitat</strong></em>:</p>
<p style="padding-left: 120px;"><a href="https://xtec.gencat.cat/ca/formacio/info-general/cercador-activitats/">5040221504  Memòria Històrica. Exili, Deportació i Holocaust (Garrotxa III)</a></p>
<p style="padding-left: 120px;"><em><strong> Àmbit:</strong></em> Centres de la Garrotxa</p>
<p>&nbsp;</td>
</tr>
<tr>
<td style="width: 50%;">
<p style="padding-left: 120px;"><span style="color: #993300;"><strong>Grup DEMD Pla de l&#8217;Estany</strong></span></p>
<p style="padding-left: 120px;"><em><strong>Codi i nom de l&#8217;activitat</strong></em>:</p>
<p style="padding-left: 120px;"><a href="https://xtec.gencat.cat/ca/formacio/info-general/cercador-activitats/">5061311506 El passat en comú: memòria històrica i diàleg intergeneracional</a></p>
<p style="padding-left: 120px;"><em><strong> Àmbit:</strong></em> Centres del Pla de l&#8217;Estany</p>
<p style="padding-left: 80px;"><span style="color: #993300;"><strong> </strong></span></p>
</td>
<td style="width: 50%;">
<p style="padding-left: 120px;"><span style="color: #993300;"><strong>Grup DEMD Barcelona</strong></span></p>
<p style="padding-left: 120px;"><em><strong>Codi i nom de l&#8217;activitat</strong></em>:</p>
<p style="padding-left: 120px;"><a href="https://xtec.gencat.cat/ca/formacio/info-general/cercador-activitats/">9005040532 Grup DEMD Barcelona</a></p>
<p style="padding-left: 120px;"><em><strong> Àmbit:</strong></em> Centres de Barcelona i ciutats properes</p>
<p style="padding-left: 120px;"><span style="color: #993300;"><strong> </strong></span></p>
</td>
</tr>
</tbody>
</table>
<p>&nbsp;</p>
<p>&nbsp;</p>
<p>&nbsp;</p>
<p>&nbsp;</p>
<p>&nbsp;</p>
<p>&nbsp;</p>

<p>INSCRIPCIÓ DE DOCENTS ALS GRUPS I SEMINARIS DE MEMÒRIA DEMD<br />
&#8211; Cliqueu sobre codi i nom de l&#8217;activitat de cada grup per accedir al cercador d&#8217;activitats. Poseu el codi de l&#8217;activitat  per obtenir informació del grup i per fer la inscripció quan comenci el període d&#8217;inscripció<br />
&#8211;&hellip;  <a href="https://projectes.xtec.cat/memoriaieducacio/el-projecte/oferta-formativa-grups-demd-2026-2027/" title="Read Oferta formativa grups DEMD 2026-2027">Llegeix més»</a></p>
