{"id":8553,"date":"2020-07-03T08:11:40","date_gmt":"2020-07-03T06:11:40","guid":{"rendered":"https:\/\/projectes.xtec.cat\/memoriaieducacio\/?page_id=8553"},"modified":"2025-06-11T13:41:12","modified_gmt":"2025-06-11T11:41:12","slug":"jornades-dexperiencies-didactiques","status":"publish","type":"page","link":"https:\/\/projectes.xtec.cat\/memoriaieducacio\/activitats\/jornades-dexperiencies-didactiques\/","title":{"rendered":"Jornades d&#8217;Experi\u00e8ncies  Did\u00e0ctiques de Mem\u00f2ria Hist\u00f2rica"},"content":{"rendered":"<table>\n<tbody>\n<tr>\n<td><a href=\"https:\/\/projectes.xtec.cat\/memoriaieducacio\/activitats\/jornades-dexperiencies-didactiques\/2025-2\/\"><img loading=\"lazy\" decoding=\"async\" class=\"alignleft size-full wp-image-13462\" src=\"https:\/\/projectes.xtec.cat\/memoriaieducacio\/wp-content\/uploads\/usu2168\/2025\/06\/XI_JEDMH_250x250.jpg\" alt=\"\" width=\"250\" height=\"250\" srcset=\"https:\/\/projectes.xtec.cat\/memoriaieducacio\/wp-content\/uploads\/usu2168\/2025\/06\/XI_JEDMH_250x250.jpg 250w, https:\/\/projectes.xtec.cat\/memoriaieducacio\/wp-content\/uploads\/usu2168\/2025\/06\/XI_JEDMH_250x250-150x150.jpg 150w\" sizes=\"auto, (max-width: 250px) 100vw, 250px\" \/><\/a><\/td>\n<td><a href=\"https:\/\/projectes.xtec.cat\/memoriaieducacio\/activitats\/jornades-dexperiencies-didactiques\/2024-2\/\"><img loading=\"lazy\" decoding=\"async\" class=\"alignleft size-full wp-image-11640\" src=\"https:\/\/projectes.xtec.cat\/memoriaieducacio\/wp-content\/uploads\/usu2168\/2024\/06\/Xjedmd_250x250.jpg\" alt=\"\" width=\"250\" height=\"250\" srcset=\"https:\/\/projectes.xtec.cat\/memoriaieducacio\/wp-content\/uploads\/usu2168\/2024\/06\/Xjedmd_250x250.jpg 250w, https:\/\/projectes.xtec.cat\/memoriaieducacio\/wp-content\/uploads\/usu2168\/2024\/06\/Xjedmd_250x250-150x150.jpg 150w\" sizes=\"auto, (max-width: 250px) 100vw, 250px\" \/><\/a><\/td>\n<td><a href=\"https:\/\/projectes.xtec.cat\/memoriaieducacio\/activitats\/jornades-dexperiencies-didactiques\/ix-jornada-dexperiencies-didactiques-de-memoria-historica\/\"><img loading=\"lazy\" decoding=\"async\" class=\"alignleft size-full wp-image-10972\" src=\"https:\/\/projectes.xtec.cat\/memoriaieducacio\/wp-content\/uploads\/usu2168\/2023\/06\/IX_JEDMH_250x250_2.jpg\" alt=\"\" width=\"250\" height=\"250\" srcset=\"https:\/\/projectes.xtec.cat\/memoriaieducacio\/wp-content\/uploads\/usu2168\/2023\/06\/IX_JEDMH_250x250_2.jpg 250w, https:\/\/projectes.xtec.cat\/memoriaieducacio\/wp-content\/uploads\/usu2168\/2023\/06\/IX_JEDMH_250x250_2-150x150.jpg 150w\" sizes=\"auto, (max-width: 250px) 100vw, 250px\" \/><\/a><\/td>\n<\/tr>\n<tr>\n<td><a href=\"https:\/\/projectes.xtec.cat\/memoriaieducacio\/activitats\/jornades-dexperiencies-didactiques\/2022-2\/\"><img loading=\"lazy\" decoding=\"async\" class=\"alignleft size-full wp-image-9800\" src=\"https:\/\/projectes.xtec.cat\/memoriaieducacio\/wp-content\/uploads\/usu2168\/2022\/06\/VIII_JEDMJ_250x250.jpg\" alt=\"\" width=\"250\" height=\"250\" srcset=\"https:\/\/projectes.xtec.cat\/memoriaieducacio\/wp-content\/uploads\/usu2168\/2022\/06\/VIII_JEDMJ_250x250.jpg 250w, https:\/\/projectes.xtec.cat\/memoriaieducacio\/wp-content\/uploads\/usu2168\/2022\/06\/VIII_JEDMJ_250x250-150x150.jpg 150w\" sizes=\"auto, (max-width: 250px) 100vw, 250px\" \/><\/a><\/td>\n<td><a href=\"https:\/\/projectes.xtec.cat\/memoriaieducacio\/noticies\/vii-jornada-dexperiencies-didactiques-de-memoria-historica\/\"><img loading=\"lazy\" decoding=\"async\" class=\"alignleft size-full wp-image-9791\" src=\"https:\/\/projectes.xtec.cat\/memoriaieducacio\/wp-content\/uploads\/usu2168\/2022\/06\/titol_250x250_VII_JED_DEMD.jpg\" alt=\"\" width=\"250\" height=\"250\" srcset=\"https:\/\/projectes.xtec.cat\/memoriaieducacio\/wp-content\/uploads\/usu2168\/2022\/06\/titol_250x250_VII_JED_DEMD.jpg 250w, https:\/\/projectes.xtec.cat\/memoriaieducacio\/wp-content\/uploads\/usu2168\/2022\/06\/titol_250x250_VII_JED_DEMD-150x150.jpg 150w\" sizes=\"auto, (max-width: 250px) 100vw, 250px\" \/><\/a><\/td>\n<td><a href=\"https:\/\/projectes.xtec.cat\/memoriaieducacio\/activitats\/jornades-dexperiencies-didactiques\/2020-2\/\"><img loading=\"lazy\" decoding=\"async\" class=\"alignleft size-full wp-image-9787\" src=\"https:\/\/projectes.xtec.cat\/memoriaieducacio\/wp-content\/uploads\/usu2168\/2022\/06\/VI_JEDMH_2020_250x250.jpg\" alt=\"\" width=\"250\" height=\"250\" srcset=\"https:\/\/projectes.xtec.cat\/memoriaieducacio\/wp-content\/uploads\/usu2168\/2022\/06\/VI_JEDMH_2020_250x250.jpg 250w, https:\/\/projectes.xtec.cat\/memoriaieducacio\/wp-content\/uploads\/usu2168\/2022\/06\/VI_JEDMH_2020_250x250-150x150.jpg 150w\" sizes=\"auto, (max-width: 250px) 100vw, 250px\" \/><\/a><\/td>\n<\/tr>\n<tr>\n<td><a href=\"https:\/\/projectes.xtec.cat\/memoriaieducacio\/activitats\/jornades-dexperiencies-didactiques\/2019-2\/\"><img loading=\"lazy\" decoding=\"async\" class=\"alignleft size-full wp-image-8558\" src=\"https:\/\/projectes.xtec.cat\/memoriaieducacio\/wp-content\/uploads\/usu2168\/2020\/07\/V-jornada-ED-MHimatge-pagina-site.jpg\" alt=\"\" width=\"250\" height=\"250\" srcset=\"https:\/\/projectes.xtec.cat\/memoriaieducacio\/wp-content\/uploads\/usu2168\/2020\/07\/V-jornada-ED-MHimatge-pagina-site.jpg 250w, https:\/\/projectes.xtec.cat\/memoriaieducacio\/wp-content\/uploads\/usu2168\/2020\/07\/V-jornada-ED-MHimatge-pagina-site-150x150.jpg 150w\" sizes=\"auto, (max-width: 250px) 100vw, 250px\" \/><\/a><\/td>\n<td><a href=\"https:\/\/projectes.xtec.cat\/memoriaieducacio\/activitats\/jornades-dexperiencies-didactiques\/2018-2\/\"><img loading=\"lazy\" decoding=\"async\" class=\"alignleft size-full wp-image-8559\" src=\"https:\/\/projectes.xtec.cat\/memoriaieducacio\/wp-content\/uploads\/usu2168\/2020\/07\/IVJornada-.jpg\" alt=\"\" width=\"250\" height=\"250\" srcset=\"https:\/\/projectes.xtec.cat\/memoriaieducacio\/wp-content\/uploads\/usu2168\/2020\/07\/IVJornada-.jpg 250w, https:\/\/projectes.xtec.cat\/memoriaieducacio\/wp-content\/uploads\/usu2168\/2020\/07\/IVJornada--150x150.jpg 150w\" sizes=\"auto, (max-width: 250px) 100vw, 250px\" \/><\/a><\/td>\n<td><a href=\"https:\/\/projectes.xtec.cat\/memoriaieducacio\/activitats\/jornades-dexperiencies-didactiques\/2017-2\/\"><img loading=\"lazy\" decoding=\"async\" class=\"size-full wp-image-8561 aligncenter\" src=\"https:\/\/projectes.xtec.cat\/memoriaieducacio\/wp-content\/uploads\/usu2168\/2020\/07\/IIIjornadaEDMH250x250.png\" alt=\"\" width=\"250\" height=\"250\" srcset=\"https:\/\/projectes.xtec.cat\/memoriaieducacio\/wp-content\/uploads\/usu2168\/2020\/07\/IIIjornadaEDMH250x250.png 250w, https:\/\/projectes.xtec.cat\/memoriaieducacio\/wp-content\/uploads\/usu2168\/2020\/07\/IIIjornadaEDMH250x250-150x150.png 150w\" sizes=\"auto, (max-width: 250px) 100vw, 250px\" \/><\/a><\/td>\n<\/tr>\n<tr>\n<td><a href=\"https:\/\/projectes.xtec.cat\/memoriaieducacio\/activitats\/jornades-dexperiencies-didactiques\/2016-2\/\"><img loading=\"lazy\" decoding=\"async\" class=\"alignleft size-full wp-image-8562\" src=\"https:\/\/projectes.xtec.cat\/memoriaieducacio\/wp-content\/uploads\/usu2168\/2020\/07\/IIjornadae250x250.jpg\" alt=\"\" width=\"250\" height=\"250\" srcset=\"https:\/\/projectes.xtec.cat\/memoriaieducacio\/wp-content\/uploads\/usu2168\/2020\/07\/IIjornadae250x250.jpg 250w, https:\/\/projectes.xtec.cat\/memoriaieducacio\/wp-content\/uploads\/usu2168\/2020\/07\/IIjornadae250x250-150x150.jpg 150w\" sizes=\"auto, (max-width: 250px) 100vw, 250px\" \/><\/a><\/td>\n<td><a href=\"https:\/\/projectes.xtec.cat\/memoriaieducacio\/activitats\/jornades-dexperiencies-didactiques\/2015-2\/\"><img loading=\"lazy\" decoding=\"async\" class=\"alignleft size-full wp-image-8563\" src=\"https:\/\/projectes.xtec.cat\/memoriaieducacio\/wp-content\/uploads\/usu2168\/2020\/07\/jornades_educadors.jpg_1616332855.jpg\" alt=\"\" width=\"250\" height=\"250\" srcset=\"https:\/\/projectes.xtec.cat\/memoriaieducacio\/wp-content\/uploads\/usu2168\/2020\/07\/jornades_educadors.jpg_1616332855.jpg 250w, https:\/\/projectes.xtec.cat\/memoriaieducacio\/wp-content\/uploads\/usu2168\/2020\/07\/jornades_educadors.jpg_1616332855-150x150.jpg 150w\" sizes=\"auto, (max-width: 250px) 100vw, 250px\" \/><\/a><\/td>\n<td><\/td>\n<\/tr>\n<\/tbody>\n<\/table>\n","protected":false},"excerpt":{"rendered":"<p><a href=\"https:\/\/projectes.xtec.cat\/memoriaieducacio\/activitats\/jornades-dexperiencies-didactiques\/2025-2\/\"><\/a><br \/>\n<a href=\"https:\/\/projectes.xtec.cat\/memoriaieducacio\/activitats\/jornades-dexperiencies-didactiques\/2024-2\/\"><\/a><br \/>\n<a href=\"https:\/\/projectes.xtec.cat\/memoriaieducacio\/activitats\/jornades-dexperiencies-didactiques\/ix-jornada-dexperiencies-didactiques-de-memoria-historica\/\"><\/a><\/p>\n<p><a href=\"https:\/\/projectes.xtec.cat\/memoriaieducacio\/activitats\/jornades-dexperiencies-didactiques\/2022-2\/\"><\/a><br \/>\n<a href=\"https:\/\/projectes.xtec.cat\/memoriaieducacio\/noticies\/vii-jornada-dexperiencies-didactiques-de-memoria-historica\/\"><\/a><br \/>\n<a href=\"https:\/\/projectes.xtec.cat\/memoriaieducacio\/activitats\/jornades-dexperiencies-didactiques\/2020-2\/\"><\/a><\/p>\n<p><a href=\"https:\/\/projectes.xtec.cat\/memoriaieducacio\/activitats\/jornades-dexperiencies-didactiques\/2019-2\/\"><\/a><br \/>\n<a href=\"https:\/\/projectes.xtec.cat\/memoriaieducacio\/activitats\/jornades-dexperiencies-didactiques\/2018-2\/\"><\/a><br \/>\n<a href=\"https:\/\/projectes.xtec.cat\/memoriaieducacio\/activitats\/jornades-dexperiencies-didactiques\/2017-2\/\"><\/a><\/p>\n<p><a href=\"https:\/\/projectes.xtec.cat\/memoriaieducacio\/activitats\/jornades-dexperiencies-didactiques\/2016-2\/\"><\/a><br \/>\n<a href=\"https:\/\/projectes.xtec.cat\/memoriaieducacio\/activitats\/jornades-dexperiencies-didactiques\/2015-2\/\"><\/a><\/p>\n","protected":false},"author":3,"featured_media":0,"parent":8565,"menu_order":70,"comment_status":"closed","ping_status":"closed","template":"page-templates\/side-menu.php","meta":{"_bbp_topic_count":0,"_bbp_reply_count":0,"_bbp_total_topic_count":0,"_bbp_total_reply_count":0,"_bbp_voice_count":0,"_bbp_anonymous_reply_count":0,"_bbp_topic_count_hidden":0,"_bbp_reply_count_hidden":0,"_bbp_forum_subforum_count":0,"footnotes":""},"class_list":["post-8553","page","type-page","status-publish","hentry"],"post_mailing_queue_ids":[],"_links":{"self":[{"href":"https:\/\/projectes.xtec.cat\/memoriaieducacio\/wp-json\/wp\/v2\/pages\/8553","targetHints":{"allow":["GET"]}}],"collection":[{"href":"https:\/\/projectes.xtec.cat\/memoriaieducacio\/wp-json\/wp\/v2\/pages"}],"about":[{"href":"https:\/\/projectes.xtec.cat\/memoriaieducacio\/wp-json\/wp\/v2\/types\/page"}],"author":[{"embeddable":true,"href":"https:\/\/projectes.xtec.cat\/memoriaieducacio\/wp-json\/wp\/v2\/users\/3"}],"replies":[{"embeddable":true,"href":"https:\/\/projectes.xtec.cat\/memoriaieducacio\/wp-json\/wp\/v2\/comments?post=8553"}],"version-history":[{"count":7,"href":"https:\/\/projectes.xtec.cat\/memoriaieducacio\/wp-json\/wp\/v2\/pages\/8553\/revisions"}],"predecessor-version":[{"id":13468,"href":"https:\/\/projectes.xtec.cat\/memoriaieducacio\/wp-json\/wp\/v2\/pages\/8553\/revisions\/13468"}],"up":[{"embeddable":true,"href":"https:\/\/projectes.xtec.cat\/memoriaieducacio\/wp-json\/wp\/v2\/pages\/8565"}],"wp:attachment":[{"href":"https:\/\/projectes.xtec.cat\/memoriaieducacio\/wp-json\/wp\/v2\/media?parent=8553"}],"curies":[{"name":"wp","href":"https:\/\/api.w.org\/{rel}","templated":true}]}}

Jornades d&#8217;Experiències  Didàctiques de Memòria Històrica
