{"id":8565,"date":"2020-07-03T08:26:58","date_gmt":"2020-07-03T06:26:58","guid":{"rendered":"https:\/\/projectes.xtec.cat\/memoriaieducacio\/?page_id=8565"},"modified":"2025-05-24T10:35:58","modified_gmt":"2025-05-24T08:35:58","slug":"activitats","status":"publish","type":"page","link":"https:\/\/projectes.xtec.cat\/memoriaieducacio\/activitats\/","title":{"rendered":"Activitats"},"content":{"rendered":"<table style=\"border-collapse: collapse; width: 100%; height: 330px;\">\n<tbody>\n<tr style=\"height: 132px;\">\n<td style=\"width: 25%; height: 132px;\">\n<h3 style=\"text-align: center;\"><a href=\"https:\/\/projectes.xtec.cat\/memoriaieducacio\/activitats\/activitats-de-centres\/\">ACTIVITATS DE CENTRES<\/a><\/h3>\n<\/td>\n<td style=\"width: 25%; height: 132px;\">\n<h3 style=\"text-align: center;\"><a href=\"https:\/\/projectes.xtec.cat\/memoriaieducacio\/activitats\/club-de-lectura\/\">CLUB DE LECTURA<\/a><\/h3>\n<\/td>\n<td style=\"width: 25%; height: 132px; text-align: center;\">\n<h3 style=\"text-align: center;\"><a href=\"https:\/\/projectes.xtec.cat\/memoriaieducacio\/activitats\/activitats-comissio-brigades-internacionals\/\">COMISSI\u00d3 BRIGADES INTERNACIONALS<\/a><\/h3>\n<\/td>\n<td style=\"width: 25%; height: 132px; text-align: center;\">\n<h3>COMISSI\u00d3 G\u00c8NERE I MEM\u00d2RIA<\/h3>\n<\/td>\n<\/tr>\n<tr style=\"height: 66px;\">\n<td style=\"width: 25%; height: 66px;\">\n<h3 style=\"text-align: center;\"><a href=\"https:\/\/projectes.xtec.cat\/memoriaieducacio\/activitats\/activitats-comissio-tardofranquisme\/\">COMISSI\u00d3 TARDOFRANQUISME<\/a><\/h3>\n<\/td>\n<td style=\"width: 25%; height: 66px;\">\n<h3 style=\"text-align: center;\"><a href=\"https:\/\/projectes.xtec.cat\/memoriaieducacio\/activitats\/cursos\/\">CURSOS<\/a><\/h3>\n<p>&nbsp;<\/td>\n<td style=\"width: 25%; height: 66px; text-align: center;\">\n<h3><a href=\"https:\/\/projectes.xtec.cat\/memoriaieducacio\/activitats\/dia-internacional-victimes-de-lholocaust\/\">DIA INTERNACIONAL EN MEM\u00d2RIA DE LES V\u00cdCTIMES DE L&#8217;HOLOCAUST<\/a><\/h3>\n<\/td>\n<td style=\"width: 25%; height: 66px; text-align: center;\">\n<h3><a href=\"https:\/\/projectes.xtec.cat\/memoriaieducacio\/activitats\/holocaust-as-a-starting-point-seminari-catalunya-portugal\/\">HOLOCAUST AS A STARTING POINT (SEMINARI CATALUNYA-PORTUGAL)<\/a><\/h3>\n<\/td>\n<\/tr>\n<tr style=\"height: 132px;\">\n<td style=\"width: 25%; height: 132px; text-align: center;\">\n<h3><a href=\"https:\/\/projectes.xtec.cat\/memoriaieducacio\/activitats\/itineraris-de-memoria\/\">ITINERARIS DE MEM\u00d2RIA<\/a><\/h3>\n<\/td>\n<td style=\"width: 25%; height: 132px; text-align: center;\">\n<h3><a href=\"https:\/\/projectes.xtec.cat\/memoriaieducacio\/activitats\/jornades-dexperiencies-didactiques\/\">JORNADES D&#8217;EXPERI\u00c8NCIES DID\u00c0CTIQUES DE MEM\u00d2RIA HIST\u00d2RICA<\/a><\/h3>\n<\/td>\n<td style=\"width: 25%; height: 132px; text-align: center;\">\n<h3><a href=\"https:\/\/projectes.xtec.cat\/memoriaieducacio\/activitats\/jornada-les-brigades-internacionals-a-castelldefels\/\">JORNADA &#8220;LES BRIGADES INTERNACIONALS A CASTELLDEFELS&#8221;<\/a><\/h3>\n<\/td>\n<td style=\"width: 25%; height: 132px;\">\n<h3 style=\"text-align: center;\"><a href=\"https:\/\/projectes.xtec.cat\/memoriaieducacio\/activitats\/jornada-visita-a-la-model\/\">JORNADA &#8220;VISITA A LA MODEL&#8221;<\/a><\/h3>\n<\/td>\n<\/tr>\n<tr>\n<td style=\"width: 25%; text-align: center;\">\n<h3><a href=\"https:\/\/projectes.xtec.cat\/memoriaieducacio\/activitats\/jornada-la-transicio-a-la-democracia\/\">JORNADA SOBRE &#8220;LES TRANSICIONS DE LA DICTADURA A LA DEMOCR\u00c0CIA A ESPANYA, IT\u00c0LIA I PORTUGAL&#8221;<\/a><\/h3>\n<\/td>\n<td style=\"width: 25%; text-align: center;\">\n<h3><\/h3>\n<\/td>\n<td style=\"width: 25%; text-align: center;\">\n<h3><\/h3>\n<\/td>\n<td style=\"width: 25%;\">\n<h3 style=\"text-align: center;\"><\/h3>\n<\/td>\n<\/tr>\n<\/tbody>\n<\/table>\n","protected":false},"excerpt":{"rendered":"<p><a href=\"https:\/\/projectes.xtec.cat\/memoriaieducacio\/activitats\/activitats-de-centres\/\">ACTIVITATS DE CENTRES<\/a><\/p>\n<p><a href=\"https:\/\/projectes.xtec.cat\/memoriaieducacio\/activitats\/club-de-lectura\/\">CLUB DE LECTURA<\/a><\/p>\n<p><a href=\"https:\/\/projectes.xtec.cat\/memoriaieducacio\/activitats\/activitats-comissio-brigades-internacionals\/\">COMISSI\u00d3 BRIGADES INTERNACIONALS<\/a><\/p>\n<p>COMISSI\u00d3 G\u00c8NERE I MEM\u00d2RIA<\/p>\n<p><a href=\"https:\/\/projectes.xtec.cat\/memoriaieducacio\/activitats\/activitats-comissio-tardofranquisme\/\">COMISSI\u00d3 TARDOFRANQUISME<\/a><\/p>\n<p><a href=\"https:\/\/projectes.xtec.cat\/memoriaieducacio\/activitats\/cursos\/\">CURSOS<\/a><br \/>\n&nbsp;<\/p>\n<p><a href=\"https:\/\/projectes.xtec.cat\/memoriaieducacio\/activitats\/dia-internacional-victimes-de-lholocaust\/\">DIA INTERNACIONAL EN MEM\u00d2RIA DE LES V\u00cdCTIMES DE L&#8217;HOLOCAUST<\/a><\/p>\n<p><a href=\"https:\/\/projectes.xtec.cat\/memoriaieducacio\/activitats\/holocaust-as-a-starting-point-seminari-catalunya-portugal\/\">HOLOCAUST AS A STARTING POINT (SEMINARI CATALUNYA-PORTUGAL)<\/a><\/p>\n<p><a href=\"https:\/\/projectes.xtec.cat\/memoriaieducacio\/activitats\/itineraris-de-memoria\/\">ITINERARIS DE MEM\u00d2RIA<\/a><\/p>\n<p><a href=\"https:\/\/projectes.xtec.cat\/memoriaieducacio\/activitats\/jornades-dexperiencies-didactiques\/\">JORNADES D&#8217;EXPERI\u00c8NCIES DID\u00c0CTIQUES DE MEM\u00d2RIA HIST\u00d2RICA<\/a><\/p>\n<p><a href=\"https:\/\/projectes.xtec.cat\/memoriaieducacio\/activitats\/jornada-les-brigades-internacionals-a-castelldefels\/\">JORNADA &#8220;LES BRIGADES INTERNACIONALS&hellip;  <a href=\"https:\/\/projectes.xtec.cat\/memoriaieducacio\/activitats\/\" title=\"Read Activitats\">Llegeix m\u00e9s\u00bb<\/a><\/p>\n","protected":false},"author":3,"featured_media":0,"parent":0,"menu_order":0,"comment_status":"closed","ping_status":"closed","template":"page-templates\/side-menu.php","meta":{"_bbp_topic_count":0,"_bbp_reply_count":0,"_bbp_total_topic_count":0,"_bbp_total_reply_count":0,"_bbp_voice_count":0,"_bbp_anonymous_reply_count":0,"_bbp_topic_count_hidden":0,"_bbp_reply_count_hidden":0,"_bbp_forum_subforum_count":0,"footnotes":""},"class_list":["post-8565","page","type-page","status-publish","hentry"],"post_mailing_queue_ids":[],"_links":{"self":[{"href":"https:\/\/projectes.xtec.cat\/memoriaieducacio\/wp-json\/wp\/v2\/pages\/8565","targetHints":{"allow":["GET"]}}],"collection":[{"href":"https:\/\/projectes.xtec.cat\/memoriaieducacio\/wp-json\/wp\/v2\/pages"}],"about":[{"href":"https:\/\/projectes.xtec.cat\/memoriaieducacio\/wp-json\/wp\/v2\/types\/page"}],"author":[{"embeddable":true,"href":"https:\/\/projectes.xtec.cat\/memoriaieducacio\/wp-json\/wp\/v2\/users\/3"}],"replies":[{"embeddable":true,"href":"https:\/\/projectes.xtec.cat\/memoriaieducacio\/wp-json\/wp\/v2\/comments?post=8565"}],"version-history":[{"count":7,"href":"https:\/\/projectes.xtec.cat\/memoriaieducacio\/wp-json\/wp\/v2\/pages\/8565\/revisions"}],"predecessor-version":[{"id":13332,"href":"https:\/\/projectes.xtec.cat\/memoriaieducacio\/wp-json\/wp\/v2\/pages\/8565\/revisions\/13332"}],"wp:attachment":[{"href":"https:\/\/projectes.xtec.cat\/memoriaieducacio\/wp-json\/wp\/v2\/media?parent=8565"}],"curies":[{"name":"wp","href":"https:\/\/api.w.org\/{rel}","templated":true}]}}

<table style="border-collapse: collapse; width: 100%; height: 330px;">
<tbody>
<tr style="height: 132px;">
<td style="width: 25%; height: 132px;">
<h3 style="text-align: center;"><a href="https://projectes.xtec.cat/memoriaieducacio/activitats/activitats-de-centres/">ACTIVITATS DE CENTRES</a></h3>
</td>
<td style="width: 25%; height: 132px;">
<h3 style="text-align: center;"><a href="https://projectes.xtec.cat/memoriaieducacio/activitats/club-de-lectura/">CLUB DE LECTURA</a></h3>
</td>
<td style="width: 25%; height: 132px; text-align: center;">
<h3 style="text-align: center;"><a href="https://projectes.xtec.cat/memoriaieducacio/activitats/activitats-comissio-brigades-internacionals/">COMISSIÓ BRIGADES INTERNACIONALS</a></h3>
</td>
<td style="width: 25%; height: 132px; text-align: center;">
<h3>COMISSIÓ GÈNERE I MEMÒRIA</h3>
</td>
</tr>
<tr style="height: 66px;">
<td style="width: 25%; height: 66px;">
<h3 style="text-align: center;"><a href="https://projectes.xtec.cat/memoriaieducacio/activitats/activitats-comissio-tardofranquisme/">COMISSIÓ TARDOFRANQUISME</a></h3>
</td>
<td style="width: 25%; height: 66px;">
<h3 style="text-align: center;"><a href="https://projectes.xtec.cat/memoriaieducacio/activitats/cursos/">CURSOS</a></h3>
<p>&nbsp;</td>
<td style="width: 25%; height: 66px; text-align: center;">
<h3><a href="https://projectes.xtec.cat/memoriaieducacio/activitats/dia-internacional-victimes-de-lholocaust/">DIA INTERNACIONAL EN MEMÒRIA DE LES VÍCTIMES DE L&#8217;HOLOCAUST</a></h3>
</td>
<td style="width: 25%; height: 66px; text-align: center;">
<h3><a href="https://projectes.xtec.cat/memoriaieducacio/activitats/holocaust-as-a-starting-point-seminari-catalunya-portugal/">HOLOCAUST AS A STARTING POINT (SEMINARI CATALUNYA-PORTUGAL)</a></h3>
</td>
</tr>
<tr style="height: 132px;">
<td style="width: 25%; height: 132px; text-align: center;">
<h3><a href="https://projectes.xtec.cat/memoriaieducacio/activitats/itineraris-de-memoria/">ITINERARIS DE MEMÒRIA</a></h3>
</td>
<td style="width: 25%; height: 132px; text-align: center;">
<h3><a href="https://projectes.xtec.cat/memoriaieducacio/activitats/jornades-dexperiencies-didactiques/">JORNADES D&#8217;EXPERIÈNCIES DIDÀCTIQUES DE MEMÒRIA HISTÒRICA</a></h3>
</td>
<td style="width: 25%; height: 132px; text-align: center;">
<h3><a href="https://projectes.xtec.cat/memoriaieducacio/activitats/jornada-les-brigades-internacionals-a-castelldefels/">JORNADA &#8220;LES BRIGADES INTERNACIONALS A CASTELLDEFELS&#8221;</a></h3>
</td>
<td style="width: 25%; height: 132px;">
<h3 style="text-align: center;"><a href="https://projectes.xtec.cat/memoriaieducacio/activitats/jornada-visita-a-la-model/">JORNADA &#8220;VISITA A LA MODEL&#8221;</a></h3>
</td>
</tr>
<tr>
<td style="width: 25%; text-align: center;">
<h3><a href="https://projectes.xtec.cat/memoriaieducacio/activitats/jornada-la-transicio-a-la-democracia/">JORNADA SOBRE &#8220;LES TRANSICIONS DE LA DICTADURA A LA DEMOCRÀCIA A ESPANYA, ITÀLIA I PORTUGAL&#8221;</a></h3>
</td>
<td style="width: 25%; text-align: center;">
<h3></h3>
</td>
<td style="width: 25%; text-align: center;">
<h3></h3>
</td>
<td style="width: 25%;">
<h3 style="text-align: center;"></h3>
</td>
</tr>
</tbody>
</table>

<p><a href="https://projectes.xtec.cat/memoriaieducacio/activitats/activitats-de-centres/">ACTIVITATS DE CENTRES</a></p>
<p><a href="https://projectes.xtec.cat/memoriaieducacio/activitats/club-de-lectura/">CLUB DE LECTURA</a></p>
<p><a href="https://projectes.xtec.cat/memoriaieducacio/activitats/activitats-comissio-brigades-internacionals/">COMISSIÓ BRIGADES INTERNACIONALS</a></p>
<p>COMISSIÓ GÈNERE I MEMÒRIA</p>
<p><a href="https://projectes.xtec.cat/memoriaieducacio/activitats/activitats-comissio-tardofranquisme/">COMISSIÓ TARDOFRANQUISME</a></p>
<p><a href="https://projectes.xtec.cat/memoriaieducacio/activitats/cursos/">CURSOS</a><br />
&nbsp;</p>
<p><a href="https://projectes.xtec.cat/memoriaieducacio/activitats/dia-internacional-victimes-de-lholocaust/">DIA INTERNACIONAL EN MEMÒRIA DE LES VÍCTIMES DE L&#8217;HOLOCAUST</a></p>
<p><a href="https://projectes.xtec.cat/memoriaieducacio/activitats/holocaust-as-a-starting-point-seminari-catalunya-portugal/">HOLOCAUST AS A STARTING POINT (SEMINARI CATALUNYA-PORTUGAL)</a></p>
<p><a href="https://projectes.xtec.cat/memoriaieducacio/activitats/itineraris-de-memoria/">ITINERARIS DE MEMÒRIA</a></p>
<p><a href="https://projectes.xtec.cat/memoriaieducacio/activitats/jornades-dexperiencies-didactiques/">JORNADES D&#8217;EXPERIÈNCIES DIDÀCTIQUES DE MEMÒRIA HISTÒRICA</a></p>
<p><a href="https://projectes.xtec.cat/memoriaieducacio/activitats/jornada-les-brigades-internacionals-a-castelldefels/">JORNADA &#8220;LES BRIGADES INTERNACIONALS&hellip;  <a href="https://projectes.xtec.cat/memoriaieducacio/activitats/" title="Read Activitats">Llegeix més»</a></p>
