{"id":8738,"date":"2020-08-03T10:23:10","date_gmt":"2020-08-03T08:23:10","guid":{"rendered":"https:\/\/projectes.xtec.cat\/memoriaieducacio\/?page_id=8738"},"modified":"2025-06-16T12:52:16","modified_gmt":"2025-06-16T10:52:16","slug":"webs","status":"publish","type":"page","link":"https:\/\/projectes.xtec.cat\/memoriaieducacio\/recursos\/webs\/","title":{"rendered":"Webs i aplicacions digitals"},"content":{"rendered":"<div><b><u>Grups DEMD<\/u><\/b><\/div>\n<div><\/div>\n<div>\n<table style=\"border-collapse: collapse; width: 100%;\">\n<tbody>\n<tr>\n<td style=\"width: 25%; text-align: center;\">\n<h6><a href=\"https:\/\/projectes.xtec.cat\/memoriaieducacio\/\">GRUP DEMD GENERAL<\/a><\/h6>\n<\/td>\n<td style=\"width: 25%; text-align: center;\">\n<h6><a href=\"https:\/\/sites.google.com\/a\/xtec.cat\/exili-deportacio-holocaust\/\">GRUP EXILI, DEPORTACI\u00d3 I HOLOCAUST DE L&#8217;ALT\u00a0 EMPORD\u00c0<\/a><\/h6>\n<\/td>\n<td style=\"width: 25%; text-align: center;\">\n<h6><a href=\"https:\/\/sites.google.com\/xtec.cat\/memoria-secundaria-lleida\/inici\">GRUP DEMD LLEIDA<\/a><\/h6>\n<\/td>\n<td style=\"width: 25%; text-align: center;\">\n<h6><a href=\"https:\/\/sites.google.com\/xtec.cat\/portes-de-la-memoria\/inici?authuser=0\">GRUP DEMD EBRE<\/a><\/h6>\n<\/td>\n<\/tr>\n<tr>\n<td style=\"width: 25%; text-align: center;\">\n<h6><a href=\"https:\/\/sites.google.com\/view\/demd-tarragona\/inici?authuser=0\">GRUP DEMD CAMP DE TARRAGONA<\/a><\/h6>\n<\/td>\n<td style=\"width: 25%; text-align: center;\">\n<h6><a href=\"https:\/\/sites.google.com\/view\/icsvodemd\/inici?authuser=0\">GRUP ICSVO-DEMD VALL\u00c8S ORIENTAL<\/a><\/h6>\n<\/td>\n<td style=\"width: 25%; text-align: center;\">\n<h6>\u00a0 \u00a0 \u00a0 \u00a0 \u00a0 \u00a0PROJECTE MANRESA-MAUTHAUSEN\u00a0 \u00a0GRUP DEMD BAGES<\/h6>\n<\/td>\n<td style=\"width: 25%; text-align: center;\">\n<h6>GRUP DEMD PALLARS<\/h6>\n<\/td>\n<\/tr>\n<tr>\n<td style=\"width: 25%; text-align: center;\">\n<h6><a href=\"https:\/\/projectebuchenwald.blogspot.com\/\">PROJECTE BUCHENWALD <\/a><\/h6>\n<h6>GRUP DEMD GARRAF-PENED\u00c8S<\/h6>\n<\/td>\n<td style=\"width: 25%; text-align: center;\">\n<h6>\u00a0 \u00a0PROJECTE\u00a0 \u00a0MEM\u00d2RIA\u00a0 HIST\u00d2RICA<\/h6>\n<h6>\u00a0 GRUP DEMD GARROTXA<\/h6>\n<\/td>\n<td style=\"width: 25%; text-align: center;\">\n<h6>GRUP DEMD GIRON\u00c8S<\/h6>\n<\/td>\n<td style=\"width: 25%; text-align: center;\">\n<h6>GRUP DEMD PLA DE L&#8217;ESTANY<\/h6>\n<\/td>\n<\/tr>\n<\/tbody>\n<\/table>\n<\/div>\n<div><\/div>\n<div><b><u>Amicals &#8211; Memorials &#8211; Museus &#8211; Webs institucionals<\/u><\/b><\/div>\n<div><\/div>\n<div><\/div>\n<div>\n<table style=\"border-collapse: collapse; width: 100%;\">\n<tbody>\n<tr>\n<td style=\"width: 25%; text-align: center;\">\n<h6><a href=\"https:\/\/memoria.gencat.cat\/ca\/inici\">MEMORIAL DEMOCR\u00c0TIC\u00a0<\/a><\/h6>\n<p>Generalitat de Catalunya<\/td>\n<td style=\"width: 25%; text-align: center;\">\n<h6><a href=\"https:\/\/justicia.gencat.cat\/ca\/ambits\/memoria\/\">MEM\u00d2RIA DEMOCR\u00c0TICA<\/a><\/h6>\n<p>Departament de Just\u00edcia i Qualitat Democr\u00e0tica de la Generalitat de Catalunya<\/td>\n<td style=\"width: 25%; text-align: center;\">\n<h6><a href=\"https:\/\/www.museuexili.cat\/ca\/\">MUME<\/a><\/h6>\n<p>Museu Memorial de l&#8217;Exili<\/td>\n<td style=\"width: 25%; text-align: center;\">\n<h6><a href=\"https:\/\/batallaebre.org\/\">COMEBE<\/a><\/h6>\n<p>Consorci Memorial dels Espais de la Batalla de l&#8217;Ebre<\/td>\n<\/tr>\n<tr>\n<td style=\"width: 25%; text-align: center;\">\n<h6><\/h6>\n<h6><a href=\"https:\/\/ajuntament.barcelona.cat\/memoriademocratica\/ca\/\">MEM\u00d2RIA DEMOCR\u00c0TICA<\/a><\/h6>\n<p>Ajuntament de Barcelona<\/td>\n<td style=\"width: 25%; text-align: center;\">\n<h6><a href=\"https:\/\/www.mpr.gob.es\/memoriademocratica\/paginas\/index.aspx\">MEMORIA DEMOCR\u00c1TICA<\/a><\/h6>\n<p>Ministerio de Pol\u00edtica Territorial y Memoria Democr\u00e1tica<\/td>\n<td style=\"width: 25%; text-align: center;\">\n<h6><a href=\"https:\/\/pazyconvivencia.navarra.es\/es\/inicio\">INSTITUTO NAVARRO DE LA MEMORIA<\/a><\/h6>\n<p>Gobierno de Navarra<\/td>\n<td style=\"width: 25%; text-align: center;\">\n<h6><a href=\"https:\/\/www.gogora.euskadi.eus\/webgog00-home\/es\/\">GOGORA<\/a><\/h6>\n<p>Instituto de la Memoria, la Convivencia y los Derechos Humanos<\/td>\n<\/tr>\n<tr>\n<td style=\"width: 25%; text-align: center;\">\n<h6><a href=\"https:\/\/europeanmemories.net\/\">EUROM<\/a><\/h6>\n<p>European Observatory on Memories<\/td>\n<td style=\"width: 25%; text-align: center;\">\n<h6><a href=\"https:\/\/www.memorialdelashoah.org\/\">MEMORIAL DE LA SHOAH<\/a><\/h6>\n<\/td>\n<td style=\"width: 25%; text-align: center;\"><\/td>\n<td style=\"width: 25%; text-align: center;\">\n<h6><\/h6>\n<\/td>\n<\/tr>\n<tr>\n<td style=\"width: 25%; text-align: center;\">\n<h6><a href=\"https:\/\/amical-buchenwald.org\/\">AMICAL DE BUCHENWALD<\/a><\/h6>\n<\/td>\n<td style=\"width: 25%; text-align: center;\">\n<h6><a href=\"https:\/\/amical-mauthausen.org\/ca\/\">AMICAL DE MAUTHAUSEN\u00a0<\/a><\/h6>\n<p>i altres camps i de totes les v\u00edctimes nazis d&#8217;Espanya<\/td>\n<td style=\"width: 25%; text-align: center;\">\n<h6><a href=\"https:\/\/expresospoliticsdelfranquisme.com\/\">ASSOCIACI\u00d3 CATALANA DE PERSONES EX-PRESES POL\u00cdTIQUES DEL FRANQUISME<\/a><\/h6>\n<\/td>\n<td style=\"width: 25%; text-align: center;\">\n<h6><a href=\"https:\/\/memoriahistorica.org.es\/\">ARMH<\/a><\/h6>\n<p>Asociaci\u00f3n para la Recuperaci\u00f3n de la Memoria Hist\u00f3rica<\/td>\n<\/tr>\n<tr>\n<td style=\"width: 25%; text-align: center;\">\n<h6><a href=\"https:\/\/neuscatala.cat\/\">FUNDACI\u00d3 NEUS CATAL\u00c0<\/a><\/h6>\n<\/td>\n<td style=\"width: 25%; text-align: center;\">\n<h6><\/h6>\n<\/td>\n<td style=\"width: 25%; text-align: center;\">\n<h6><\/h6>\n<\/td>\n<td style=\"width: 25%; text-align: center;\">\n<h6><\/h6>\n<\/td>\n<\/tr>\n<\/tbody>\n<\/table>\n<div><\/div>\n<div><b><u>Associacions &#8211; Grups<\/u><\/b><\/div>\n<div><\/div>\n<div>\n<table style=\"border-collapse: collapse; width: 100%;\">\n<tbody>\n<tr>\n<td style=\"width: 25%; text-align: center;\">\n<h6><a href=\"https:\/\/sites.google.com\/view\/grup-codol-memoria-historica\/p%C3%A0gina-dinici\">GRUP C\u00d2DOL<\/a><\/h6>\n<\/td>\n<td style=\"width: 25%; text-align: center;\">\n<h6><a href=\"https:\/\/www.memoria.cat\/\">MEM\u00d2RIA.CAT<\/a><\/h6>\n<p>Portal de mem\u00f2ria i hist\u00f2ria de Manresa<\/td>\n<td style=\"width: 25%; text-align: center;\">\n<h6><\/h6>\n<\/td>\n<td style=\"width: 25%; text-align: center;\"><\/td>\n<\/tr>\n<\/tbody>\n<\/table>\n<div><\/div>\n<div><b><u>Memorials i associacions de camps<\/u><\/b><\/div>\n<div><\/div>\n<div>\n<table style=\"border-collapse: collapse; width: 100%; height: 132px;\">\n<tbody>\n<tr style=\"height: 86px;\">\n<td style=\"width: 25%; text-align: center; height: 86px;\">\n<h6><a href=\"https:\/\/www.memorial-argeles.eu\/fr\/\">M\u00c9MORIAL DU CAMP D&#8217;ARGELERS-SUR-MER<\/a><\/h6>\n<\/td>\n<td style=\"width: 25%; text-align: center; height: 86px;\">\n<h6><a href=\"https:\/\/www.memorialcamprivesaltes.eu\/ca\">M\u00c9MORIAL DU CAMP DE RIVESALTES<\/a><\/h6>\n<\/td>\n<td style=\"width: 25%; text-align: center; height: 86px;\">\n<h6><a href=\"https:\/\/campgurs.com\/\">CAMP DE GURS<\/a><\/h6>\n<\/td>\n<td style=\"width: 25%; text-align: center; height: 86px;\">\n<h6><a href=\"http:\/\/memoirecampagde.fr\/le-camp\">AMCA<\/a><\/h6>\n<p>Association pour la m\u00e9moire du camp d&#8217;Agde<\/td>\n<\/tr>\n<tr style=\"height: 46px;\">\n<td style=\"width: 25%; text-align: center; height: 46px;\">\n<h6><\/h6>\n<\/td>\n<td style=\"width: 25%; text-align: center; height: 46px;\">\n<h6><\/h6>\n<\/td>\n<td style=\"width: 25%; text-align: center; height: 46px;\">\n<h6><\/h6>\n<\/td>\n<td style=\"width: 25%; text-align: center; height: 46px;\">\n<h6><\/h6>\n<\/td>\n<\/tr>\n<\/tbody>\n<\/table>\n<div><\/div>\n<div><b><u>Audiovisuals<\/u><\/b><\/div>\n<div><\/div>\n<div>\n<table style=\"border-collapse: collapse; width: 100%;\">\n<tbody>\n<tr>\n<td style=\"width: 25%;\">\n<h6 style=\"text-align: center;\"><a href=\"https:\/\/www.apuntmedia.es\/programes\/informe\/complets\/informe-denia-refugi-nazis_134_1618574.html\">INFORME: D\u00c8NIA, REFUGI DE NAZIS<\/a><\/h6>\n<\/td>\n<td style=\"width: 25%;\"><\/td>\n<td style=\"width: 25%;\"><\/td>\n<td style=\"width: 25%;\"><\/td>\n<\/tr>\n<\/tbody>\n<\/table>\n<div><\/div>\n<div><b><u>Podcasts<\/u><\/b><\/div>\n<div><\/div>\n<div>\n<table style=\"border-collapse: collapse; width: 100%;\">\n<tbody>\n<tr>\n<td style=\"width: 25%;\">\n<h6 style=\"text-align: center;\"><a href=\"https:\/\/open.spotify.com\/show\/27oBWmECtdTSMXmQ28G1lN\">EL P\u00d2DCAST DE LAS ACTIVIDADES DEL CENTRO SAFARAD-ISRAEL<\/a><\/h6>\n<\/td>\n<td style=\"width: 25%;\"><\/td>\n<td style=\"width: 25%;\"><\/td>\n<td style=\"width: 25%;\"><\/td>\n<\/tr>\n<\/tbody>\n<\/table>\n<p>&nbsp;<\/p>\n<\/div>\n<\/div>\n<\/div>\n<\/div>\n<\/div>\n","protected":false},"excerpt":{"rendered":"<p>Grups DEMD<\/p>\n<p><a href=\"https:\/\/projectes.xtec.cat\/memoriaieducacio\/\">GRUP DEMD GENERAL<\/a><\/p>\n<p><a href=\"https:\/\/sites.google.com\/a\/xtec.cat\/exili-deportacio-holocaust\/\">GRUP EXILI, DEPORTACI\u00d3 I HOLOCAUST DE L&#8217;ALT\u00a0 EMPORD\u00c0<\/a><\/p>\n<p><a href=\"https:\/\/sites.google.com\/xtec.cat\/memoria-secundaria-lleida\/inici\">GRUP DEMD LLEIDA<\/a><\/p>\n<p><a href=\"https:\/\/sites.google.com\/xtec.cat\/portes-de-la-memoria\/inici?authuser=0\">GRUP DEMD EBRE<\/a><\/p>\n<p><a href=\"https:\/\/sites.google.com\/view\/demd-tarragona\/inici?authuser=0\">GRUP DEMD CAMP DE TARRAGONA<\/a><\/p>\n<p><a href=\"https:\/\/sites.google.com\/view\/icsvodemd\/inici?authuser=0\">GRUP ICSVO-DEMD VALL\u00c8S ORIENTAL<\/a><\/p>\n<p>\u00a0 \u00a0 \u00a0 \u00a0 \u00a0 \u00a0PROJECTE MANRESA-MAUTHAUSEN\u00a0 \u00a0GRUP DEMD BAGES<\/p>\n<p>GRUP DEMD PALLARS<\/p>\n<p><a href=\"https:\/\/projectebuchenwald.blogspot.com\/\">PROJECTE BUCHENWALD <\/a><br \/>\nGRUP DEMD GARRAF-PENED\u00c8S<\/p>\n<p>\u00a0 \u00a0PROJECTE\u00a0&hellip;  <a href=\"https:\/\/projectes.xtec.cat\/memoriaieducacio\/recursos\/webs\/\" title=\"Read Webs i aplicacions digitals\">Llegeix m\u00e9s\u00bb<\/a><\/p>\n","protected":false},"author":3,"featured_media":0,"parent":8657,"menu_order":10,"comment_status":"closed","ping_status":"closed","template":"page-templates\/side-menu.php","meta":{"_bbp_topic_count":0,"_bbp_reply_count":0,"_bbp_total_topic_count":0,"_bbp_total_reply_count":0,"_bbp_voice_count":0,"_bbp_anonymous_reply_count":0,"_bbp_topic_count_hidden":0,"_bbp_reply_count_hidden":0,"_bbp_forum_subforum_count":0,"footnotes":""},"class_list":["post-8738","page","type-page","status-publish","hentry"],"post_mailing_queue_ids":[],"_links":{"self":[{"href":"https:\/\/projectes.xtec.cat\/memoriaieducacio\/wp-json\/wp\/v2\/pages\/8738","targetHints":{"allow":["GET"]}}],"collection":[{"href":"https:\/\/projectes.xtec.cat\/memoriaieducacio\/wp-json\/wp\/v2\/pages"}],"about":[{"href":"https:\/\/projectes.xtec.cat\/memoriaieducacio\/wp-json\/wp\/v2\/types\/page"}],"author":[{"embeddable":true,"href":"https:\/\/projectes.xtec.cat\/memoriaieducacio\/wp-json\/wp\/v2\/users\/3"}],"replies":[{"embeddable":true,"href":"https:\/\/projectes.xtec.cat\/memoriaieducacio\/wp-json\/wp\/v2\/comments?post=8738"}],"version-history":[{"count":6,"href":"https:\/\/projectes.xtec.cat\/memoriaieducacio\/wp-json\/wp\/v2\/pages\/8738\/revisions"}],"predecessor-version":[{"id":13470,"href":"https:\/\/projectes.xtec.cat\/memoriaieducacio\/wp-json\/wp\/v2\/pages\/8738\/revisions\/13470"}],"up":[{"embeddable":true,"href":"https:\/\/projectes.xtec.cat\/memoriaieducacio\/wp-json\/wp\/v2\/pages\/8657"}],"wp:attachment":[{"href":"https:\/\/projectes.xtec.cat\/memoriaieducacio\/wp-json\/wp\/v2\/media?parent=8738"}],"curies":[{"name":"wp","href":"https:\/\/api.w.org\/{rel}","templated":true}]}}