{"id":8764,"date":"2020-08-17T09:50:21","date_gmt":"2020-08-17T07:50:21","guid":{"rendered":"https:\/\/projectes.xtec.cat\/memoriaieducacio\/?page_id=8764"},"modified":"2023-06-19T20:27:38","modified_gmt":"2023-06-19T18:27:38","slug":"2018-2","status":"publish","type":"page","link":"https:\/\/projectes.xtec.cat\/memoriaieducacio\/activitats\/jornades-dexperiencies-didactiques\/2018-2\/","title":{"rendered":"2018"},"content":{"rendered":"<div>\n<div style=\"display: block; text-align: center; margin-right: auto; margin-left: auto;\"><a href=\"https:\/\/sites.google.com\/a\/xtec.cat\/gtexilideportacioholocaust\/jornades-de-memoria-democratica\/IV-jornada-ed-mh\/IVJornada-.jpg?attredirects=0\"><img decoding=\"async\" src=\"https:\/\/sites.google.com\/a\/xtec.cat\/gtexilideportacioholocaust\/jornades-de-memoria-democratica\/IV-jornada-ed-mh\/IVJornada-.jpg\" border=\"0\" \/><\/a><\/div>\n<p>&nbsp;<\/p>\n<\/div>\n<p>&nbsp;<\/p>\n<div>\n<p>&nbsp;<\/p>\n<p dir=\"ltr\" style=\"line-height: 1.38; margin-top: 0pt; margin-bottom: 0pt; text-align: center;\"><span style=\"font-size: 11pt; font-family: Arial; color: #000000; background-color: transparent; font-weight: bold; vertical-align: baseline; white-space: pre-wrap;\">PROGRAMA<\/span><\/p>\n<p>&nbsp;<\/p>\n<p dir=\"ltr\" style=\"line-height: 1.38; margin-top: 0pt; margin-bottom: 0pt;\"><span style=\"font-size: 11pt; font-family: Arial; color: #000000; background-color: transparent; vertical-align: baseline; white-space: pre-wrap;\">09.00 \u00a0\u00a0&#8211; Presentaci\u00f3 de la IV Jornada d\u2019experi\u00e8ncies did\u00e0ctiques de mem\u00f2ria hist\u00f2rica <\/span><\/p>\n<p dir=\"ltr\" style=\"line-height: 1.38; margin-top: 0pt; margin-bottom: 0pt;\"><span style=\"font-size: 11pt; font-family: Arial; color: #000000; background-color: transparent; vertical-align: baseline; white-space: pre-wrap;\">09.15 \u00a0\u00a0&#8211; Experi\u00e8ncia &#8211; Taller: <\/span><\/p>\n<p dir=\"ltr\" style=\"line-height: 1.38; margin-top: 0pt; margin-bottom: 0pt; margin-left: 36pt;\"><span style=\"font-size: 11pt; font-family: Arial; color: #0000ff; background-color: transparent; font-weight: bold; vertical-align: baseline; white-space: pre-wrap;\"><a href=\"https:\/\/docs.google.com\/presentation\/d\/e\/2PACX-1vRff6-ggwKzjEIbK_4iO1QMvUq1vQLGPi8LozNdZyAR9xe25LyjrnG9plN2jyOg9Bc16aS1XpwdKxyb\/pub?start=false&amp;loop=false&amp;delayms=3000&amp;slide=id.g35ed75ccf_0113\" target=\"_blank\" rel=\"noopener noreferrer\">Stolpesteine Sabadell<\/a><\/span><span style=\"font-size: 11pt; font-family: Arial; color: #000000; background-color: transparent; vertical-align: baseline; white-space: pre-wrap;\">, Marta Garriga, Institut Agust\u00ed Serra i Fontanet de Sabadell<\/span><\/p>\n<p dir=\"ltr\" style=\"line-height: 1.38; margin-top: 0pt; margin-bottom: 0pt;\"><span style=\"font-size: 11pt; font-family: Arial; color: #000000; background-color: transparent; vertical-align: baseline; white-space: pre-wrap;\">10.00 \u00a0\u00a0&#8211; Mem\u00f2ria i propostes grup DEMD<\/span><\/p>\n<p dir=\"ltr\" style=\"line-height: 1.38; margin-top: 0pt; margin-bottom: 0pt; text-indent: 36pt;\"><span style=\"font-size: 11pt; font-family: Arial; color: #000000; background-color: transparent; vertical-align: baseline; white-space: pre-wrap;\">&#8211; Mem\u00f2ria i propostes Grup de treball Exili, Deportaci\u00f3 i Holocaust de Lleida<\/span><\/p>\n<p dir=\"ltr\" style=\"line-height: 1.38; margin-top: 0pt; margin-bottom: 0pt;\"><span style=\"font-size: 11pt; font-family: Arial; color: #000000; background-color: transparent; vertical-align: baseline; white-space: pre-wrap;\">10.15<\/span> <span style=\"font-size: 11pt; font-family: Arial; color: #000000; background-color: transparent; vertical-align: baseline; white-space: pre-wrap;\">&#8211; Presentaci\u00f3 d\u2019experi\u00e8ncies de centre (I) <\/span><\/p>\n<p dir=\"ltr\" style=\"line-height: 1.38; margin-top: 0pt; margin-bottom: 0pt; margin-left: 36pt;\"><span style=\"font-size: 11pt; font-family: Arial; background-color: transparent; vertical-align: baseline; white-space: pre-wrap;\"><span style=\"color: #000000;\">&#8211; <\/span><a href=\"https:\/\/docs.google.com\/a\/xtec.cat\/viewer?a=v&amp;pid=sites&amp;srcid=eHRlYy5jYXR8Z3RleGlsaWRlcG9ydGFjaW9ob2xvY2F1c3R8Z3g6MmUyMjBlMjYzOWQ0MjYwZg\" target=\"_blank\" rel=\"noopener noreferrer\"><b>Grup de Lleida 2017-2018. Els deportats d&#8217;Almenar als camps nazis<\/b><\/a><\/span><span style=\"font-size: 11pt; font-family: Arial; color: #000000; background-color: transparent; vertical-align: baseline; white-space: pre-wrap;\">, David Sancho (Institut d\u2019Almenar)<\/span><\/p>\n<p dir=\"ltr\" style=\"line-height: 1.38; margin-top: 0pt; margin-bottom: 0pt; margin-left: 36pt;\"><span style=\"font-size: 11pt; font-family: Arial; color: #222222; vertical-align: baseline; white-space: pre-wrap;\">&#8211; <\/span><span style=\"font-size: 11pt; font-family: Arial; color: #0000ff; font-weight: bold; vertical-align: baseline; white-space: pre-wrap;\"><a href=\"https:\/\/docs.google.com\/presentation\/d\/1pZLaOtciDZT7W-N_7lqAdutM3KmcRKIjknAoF0_zW0E\/edit?usp=sharing\" target=\"_blank\" rel=\"noopener noreferrer\">Republicans penedesencs internats als camps de concentraci\u00f3 nazis<\/a><\/span><span style=\"font-size: 11pt; font-family: Arial; color: #222222; vertical-align: baseline; white-space: pre-wrap;\">, Jordi Buch (Institut Eugeni d\u2019Ors de Vilafranca del Pened\u00e8s)<\/span><\/p>\n<p dir=\"ltr\" style=\"line-height: 1.38; margin-top: 0pt; margin-bottom: 0pt;\"><span style=\"font-size: 11pt; font-family: Arial; color: #000000; background-color: transparent; vertical-align: baseline; white-space: pre-wrap;\">10.45 \/ 11.15 &#8211; Esmorzar i espai de comunicaci\u00f3 i de relaci\u00f3 <\/span><\/p>\n<p dir=\"ltr\" style=\"line-height: 1.38; margin-top: 0pt; margin-bottom: 0pt;\"><span style=\"font-size: 11pt; font-family: Arial; color: #000000; background-color: transparent; vertical-align: baseline; white-space: pre-wrap;\">11.15 \u00a0\u00a0&#8211; Presentaci\u00f3 d\u2019experi\u00e8ncies de centre (Cont.) :<\/span><\/p>\n<p dir=\"ltr\" style=\"line-height: 1.38; margin-top: 0pt; margin-bottom: 0pt; margin-left: 36pt;\"><span style=\"font-size: 11pt; font-family: Arial; color: #000000; background-color: transparent; vertical-align: baseline; white-space: pre-wrap;\">&#8211; <\/span><span style=\"font-size: 11pt; font-family: Arial; color: #0000ff; font-weight: bold; vertical-align: baseline; white-space: pre-wrap;\"><a href=\"https:\/\/prezi.com\/view\/NwUFjSgTVhR2ctoCzWl8\/\" target=\"_blank\" rel=\"noopener noreferrer\">Llegim, mirem, viatgem &#8230; per recordar<\/a><\/span><span style=\"font-size: 11pt; font-family: Arial; color: #222222; vertical-align: baseline; white-space: pre-wrap;\">, Helena Gallart (Institut Torre del Palau de \u00a0Terrassa). <\/span><\/p>\n<p dir=\"ltr\" style=\"line-height: 1.38; margin-top: 0pt; margin-bottom: 0pt;\"><span style=\"font-size: 11pt; font-family: Arial; color: #000000; vertical-align: baseline; white-space: pre-wrap;\">\u00a0\u00a0 \u00a0\u00a0\u00a0 \u00a0\u00a0\u00a0 \u00a0&#8211; <\/span><span style=\"font-size: 11pt; font-family: Arial; color: #0000ff; font-weight: bold; vertical-align: baseline; white-space: pre-wrap;\"><a href=\"https:\/\/prezi.com\/j7ifhdiiztas\/desterrats-2018\/\" target=\"_blank\" rel=\"noopener noreferrer\">Desterrats, aterrats, enterrats<\/a><\/span><span style=\"font-size: 11pt; font-family: Arial; color: #000000; background-color: transparent; vertical-align: baseline; white-space: pre-wrap;\">. Montserrat Alay i \u00c0ngels Candela (Institut Salvador Espriu de Barcelona<\/span><\/p>\n<p dir=\"ltr\" style=\"line-height: 1.38; margin-top: 0pt; margin-bottom: 0pt;\"><span style=\"font-size: 11pt; font-family: Arial; color: #000000; background-color: transparent; vertical-align: baseline; white-space: pre-wrap;\">\u00a0\u00a0 \u00a0\u00a0\u00a0 \u00a0\u00a0\u00a0 \u00a0&#8211;<\/span> <span style=\"font-size: 11pt; font-family: Arial; color: #0000ff; font-weight: bold; vertical-align: baseline; white-space: pre-wrap;\"><a href=\"https:\/\/docs.google.com\/a\/xtec.cat\/viewer?a=v&amp;pid=sites&amp;srcid=eHRlYy5jYXR8Z3RleGlsaWRlcG9ydGFjaW9ob2xvY2F1c3R8Z3g6Y2M3OGJjOGQ1NGJmZjA2\" target=\"_blank\" rel=\"noopener noreferrer\">How can we stop genocide?<\/a>,<\/span><span style=\"font-size: 11pt; font-family: Arial; color: #222222; vertical-align: baseline; white-space: pre-wrap;\"> Rosa Molina (Institut de Matadepera) <a href=\"https:\/\/rmolina10.wixsite.com\/genocide\/home\"><b>Web<\/b><\/a><\/span><\/p>\n<p dir=\"ltr\" style=\"line-height: 1.38; margin-top: 0pt; margin-bottom: 0pt; margin-left: 36pt;\"><span style=\"font-size: 11pt; font-family: Arial; color: #222222; vertical-align: baseline; white-space: pre-wrap;\">&#8211; <\/span><span style=\"font-size: 11pt; font-family: Arial; color: #0000ff; font-weight: bold; vertical-align: baseline; white-space: pre-wrap;\"><a href=\"https:\/\/docs.google.com\/a\/xtec.cat\/viewer?a=v&amp;pid=sites&amp;srcid=eHRlYy5jYXR8Z3RleGlsaWRlcG9ydGFjaW9ob2xvY2F1c3R8Z3g6NGYzNjIyZDBiODllMzc1MA\" target=\"_blank\" rel=\"noopener noreferrer\">Neus Catal\u00e0: presonera 27.534<\/a>, <\/span><span style=\"font-size: 11pt; font-family: Arial; color: #000000; vertical-align: baseline; white-space: pre-wrap;\">Emilia Oliv\u00e9 (Institut Sant Andreu de Barcelona)<\/span><\/p>\n<p dir=\"ltr\" style=\"line-height: 1.38; margin-top: 0pt; margin-bottom: 0pt; margin-left: 36pt;\"><span style=\"font-size: 11pt; font-family: Arial; color: #000000; vertical-align: baseline; white-space: pre-wrap;\">&#8211; <\/span><span style=\"font-size: 11pt; font-family: Arial; color: #0000ff; font-weight: bold; vertical-align: baseline; white-space: pre-wrap;\"><a href=\"https:\/\/docs.google.com\/a\/xtec.cat\/viewer?a=v&amp;pid=sites&amp;srcid=eHRlYy5jYXR8Z3RleGlsaWRlcG9ydGFjaW9ob2xvY2F1c3R8Z3g6MmJmMzJjMWRjOGM0MjMwZg\" target=\"_blank\" rel=\"noopener noreferrer\">L\u2019holocaust gitano: Rukeli<\/a><\/span><span style=\"font-size: 11pt; font-family: Arial; color: #000000; vertical-align: baseline; white-space: pre-wrap;\">, Sebastiana Bote (Institut Terra Roja de Santa Coloma de Gramenet)<\/span><\/p>\n<p dir=\"ltr\" style=\"line-height: 1.38; margin-top: 0pt; margin-bottom: 0pt; margin-left: 36pt;\"><span style=\"font-size: 11pt; font-family: Arial; color: #222222; vertical-align: baseline; white-space: pre-wrap;\">&#8211; <\/span><span style=\"font-size: 11pt; font-family: Arial; color: #0000ff; font-weight: bold; vertical-align: baseline; white-space: pre-wrap;\"><a href=\"https:\/\/docs.google.com\/a\/xtec.cat\/viewer?a=v&amp;pid=sites&amp;srcid=eHRlYy5jYXR8Z3RleGlsaWRlcG9ydGFjaW9ob2xvY2F1c3R8Z3g6MTY2YTA0MjYxMzZhN2ZhZA\">Viatge a Berl\u00edn<\/a><\/span><span style=\"font-size: 11pt; font-family: Arial; color: #222222; vertical-align: baseline; white-space: pre-wrap;\">, <\/span><span style=\"color: #222222; font-family: Arial; font-size: 14.6667px; white-space: pre-wrap; background-color: transparent;\"><b><a href=\"https:\/\/sites.google.com\/iesviladecavalls.cat\/berlin2018\/inici\" target=\"_blank\" rel=\"noopener noreferrer\">Web Berl\u00edn 2018<\/a>.<\/b> <\/span><span style=\"color: #222222; font-family: Arial; font-size: 11pt; white-space: pre-wrap; background-color: transparent;\">\u00a0Antoni Riera i Teresa Vernet (Institut de Viladecavalls). <\/span><\/p>\n<p dir=\"ltr\" style=\"line-height: 1.38; margin-top: 0pt; margin-bottom: 0pt; margin-left: 36pt;\"><span style=\"font-size: 11pt; font-family: Arial; color: #000000; vertical-align: baseline; white-space: pre-wrap;\">&#8211; <\/span><span style=\"font-size: 11pt; font-family: Arial; color: #0000ff; font-weight: bold; vertical-align: baseline; white-space: pre-wrap;\"><a href=\"https:\/\/docs.google.com\/a\/xtec.cat\/viewer?a=v&amp;pid=sites&amp;srcid=eHRlYy5jYXR8Z3RleGlsaWRlcG9ydGFjaW9ob2xvY2F1c3R8Z3g6NWNmNDMwYTM5YzU0ZjQ3Yw\">Fugir de l\u2019oblit<\/a><\/span><span style=\"font-size: 11pt; font-family: Arial; color: #000000; vertical-align: baseline; white-space: pre-wrap;\">, \u00a0Jovita Pigem (Institut de Sentmenat)<\/span><\/p>\n<p dir=\"ltr\" style=\"line-height: 1.38; margin-top: 0pt; margin-bottom: 0pt; margin-left: 36pt;\"><span style=\"font-size: 11pt; font-family: Arial; color: #000000; vertical-align: baseline; white-space: pre-wrap;\">&#8211;<\/span><span style=\"font-size: 11pt; font-family: Arial; color: #0000ff; font-weight: bold; vertical-align: baseline; white-space: pre-wrap;\"> <a href=\"https:\/\/docs.google.com\/a\/xtec.cat\/viewer?a=v&amp;pid=sites&amp;srcid=eHRlYy5jYXR8Z3RleGlsaWRlcG9ydGFjaW9ob2xvY2F1c3R8Z3g6NDI0M2Q5OTJmNzllNWNiZQ\" target=\"_blank\" rel=\"noopener noreferrer\">Reviure la mem\u00f2ria. La batalla del merengue<\/a>.<\/span><span style=\"font-size: 11pt; font-family: Arial; color: #000000; vertical-align: baseline; white-space: pre-wrap;\">Antoni Bardavio, S\u00f2nia Ma\u00f1\u00e9 i Aleix Escursell (CdA de La Noguera)<\/span><\/p>\n<p dir=\"ltr\" style=\"line-height: 1.38; margin-top: 0pt; margin-bottom: 0pt;\"><span style=\"font-size: 11pt; font-family: Arial; color: #000000; background-color: transparent; vertical-align: baseline; white-space: pre-wrap;\">13.30 &#8211; Recursos per als centres:<\/span><\/p>\n<p dir=\"ltr\" style=\"line-height: 1.38; margin-top: 0pt; margin-bottom: 0pt;\"><span style=\"font-size: 11pt; font-family: Arial; color: #000000; background-color: transparent; vertical-align: baseline; white-space: pre-wrap;\">\u00a0\u00a0 \u00a0\u00a0\u00a0 \u00a0\u00a0\u00a0 \u00a0\u00a0\u00a0 \u00a0&#8211; <\/span><span style=\"font-size: 11pt; font-family: Arial; color: #000000; background-color: transparent; font-weight: bold; vertical-align: baseline; white-space: pre-wrap;\"><a href=\"http:\/\/assumptamercader.cat\/portfolio-item\/en-una-guerra\/\" target=\"_blank\" rel=\"noopener noreferrer\">En una guerra<\/a> , <\/span><span style=\"font-size: 11pt; font-family: Arial; color: #000000; background-color: transparent; vertical-align: baseline; white-space: pre-wrap;\">Assumpta Mercader<\/span><\/p>\n<p dir=\"ltr\" style=\"line-height: 1.38; margin-top: 0pt; margin-bottom: 0pt; text-indent: 36pt;\"><span style=\"font-size: 11pt; font-family: Arial; color: #000000; background-color: transparent; vertical-align: baseline; white-space: pre-wrap;\">&#8211;<\/span><span style=\"font-size: 11pt; font-family: Arial; color: #000000; background-color: transparent; font-weight: bold; vertical-align: baseline; white-space: pre-wrap;\"> <a href=\"https:\/\/docs.google.com\/presentation\/d\/1veZj3ncwrfWb-xWYbDgu0VSi1M-QJCWJ0WdXuJxgGrA\/edit?usp=sharing\" target=\"_blank\" rel=\"noopener noreferrer\">L\u2019ajuda su\u00efssa als infants refugiats<\/a>, <\/span><span style=\"font-size: 11pt; font-family: Arial; color: #000000; background-color: transparent; vertical-align: baseline; white-space: pre-wrap;\">Maria Ojuel<\/span><\/p>\n<p dir=\"ltr\" style=\"line-height: 1.38; margin-top: 0pt; margin-bottom: 0pt; text-indent: 36pt;\"><span style=\"font-size: 11pt; font-family: Arial; color: #000000; background-color: transparent; font-weight: bold; vertical-align: baseline; white-space: pre-wrap;\">&#8211; <a href=\"https:\/\/docs.google.com\/a\/xtec.cat\/viewer?a=v&amp;pid=sites&amp;srcid=eHRlYy5jYXR8Z3RleGlsaWRlcG9ydGFjaW9ob2xvY2F1c3R8Z3g6NzFlMzkzMzMzOGUyYjhiNw\" target=\"_blank\" rel=\"noopener noreferrer\">Centre Catal\u00e0 de Recursos per a l\u2019estudi de l\u2019Holocaust,<\/a> <\/span><span style=\"font-size: 11pt; font-family: Arial; color: #000000; background-color: transparent; vertical-align: baseline; white-space: pre-wrap;\">Jai Anguita i Devorah Malamud<\/span><\/p>\n<p dir=\"ltr\" style=\"line-height: 1.38; margin-top: 0pt; margin-bottom: 0pt;\"><span style=\"font-size: 11pt; font-family: Arial; color: #000000; background-color: transparent; vertical-align: baseline; white-space: pre-wrap;\">14.00 \/ 15.30 &#8211; Dinar pels <a href=\"https:\/\/docs.google.com\/a\/xtec.cat\/viewer?a=v&amp;pid=sites&amp;srcid=eHRlYy5jYXR8Z3RleGlsaWRlcG9ydGFjaW9ob2xvY2F1c3R8Z3g6Mjc3OGFhMDEwNmMxY2U4\">restaurants de la zona<\/a><\/span><\/p>\n<p dir=\"ltr\" style=\"line-height: 1.38; margin-top: 0pt; margin-bottom: 0pt;\"><span style=\"font-size: 11pt; font-family: Arial; color: #000000; background-color: transparent; vertical-align: baseline; white-space: pre-wrap;\">15.30 &#8211; \u00a0Presentaci\u00f3 d\u2019experi\u00e8ncies de centre (II)<\/span><\/p>\n<p dir=\"ltr\" style=\"line-height: 1.38; margin-top: 0pt; margin-bottom: 0pt;\"><span style=\"font-size: 11pt; font-family: Arial; color: #222222; vertical-align: baseline; white-space: pre-wrap;\">\u00a0\u00a0 \u00a0\u00a0\u00a0 \u00a0\u00a0\u00a0 \u00a0&#8211; <\/span><span style=\"font-size: 11pt; font-family: Arial; color: #0000ff; font-weight: bold; vertical-align: baseline; white-space: pre-wrap;\"><a href=\"https:\/\/docs.google.com\/a\/xtec.cat\/viewer?a=v&amp;pid=sites&amp;srcid=eHRlYy5jYXR8Z3RleGlsaWRlcG9ydGFjaW9ob2xvY2F1c3R8Z3g6NWVmNTRmNGJmYzVjNjc3NQ\" target=\"_blank\" rel=\"noopener noreferrer\">Exilis. Viatge a Mauthasen<\/a><\/span><span style=\"font-size: 11pt; font-family: Arial; color: #222222; vertical-align: baseline; white-space: pre-wrap;\">, \u00c0ngela Casta\u00f1o (Grup Exili, Deportaci\u00f3 i Holocaust de \u00a0l\u2019Alt Empord\u00e0<\/span><\/p>\n<p dir=\"ltr\" style=\"line-height: 1.38; margin-top: 0pt; margin-bottom: 0pt;\"><span style=\"font-size: 11pt; font-family: Arial; color: #000000; background-color: transparent; vertical-align: baseline; white-space: pre-wrap;\">\u00a0\u00a0 \u00a0\u00a0\u00a0 \u00a0\u00a0\u00a0 \u00a0&#8211; <\/span><span style=\"font-size: 11pt; font-family: Arial; color: #0000ff; background-color: transparent; font-weight: bold; vertical-align: baseline; white-space: pre-wrap;\"><a href=\"https:\/\/docs.google.com\/a\/xtec.cat\/viewer?a=v&amp;pid=sites&amp;srcid=eHRlYy5jYXR8Z3RleGlsaWRlcG9ydGFjaW9ob2xvY2F1c3R8Z3g6YWY5MmVhZjIzMjZkZTJl\" target=\"_blank\" rel=\"noopener noreferrer\">Mem\u00f2ria dels brigadistes<\/a><\/span><span style=\"font-size: 11pt; font-family: Arial; color: #000000; background-color: transparent; vertical-align: baseline; white-space: pre-wrap;\">, S\u00f2nia Garangou (IE de Lloret de Mar)<\/span><\/p>\n<p dir=\"ltr\" style=\"line-height: 1.38; margin-top: 0pt; margin-bottom: 0pt; margin-left: 36pt;\"><span style=\"font-size: 11pt; font-family: Arial; color: #000000; background-color: transparent; vertical-align: baseline; white-space: pre-wrap;\">&#8211; <\/span><span style=\"font-size: 11pt; font-family: Arial; color: #0000ff; background-color: transparent; font-weight: bold; vertical-align: baseline; white-space: pre-wrap;\"><a href=\"https:\/\/docs.google.com\/a\/xtec.cat\/viewer?a=v&amp;pid=sites&amp;srcid=eHRlYy5jYXR8Z3RleGlsaWRlcG9ydGFjaW9ob2xvY2F1c3R8Z3g6NzE5YWNiYzk2OTJjNWY5ZQ\" target=\"_blank\" rel=\"noopener noreferrer\">La persecuci\u00f3 de grups religiosos minoritaris, de quina manera i amb quina finalitat?<\/a><\/span><span style=\"font-size: 11pt; font-family: Arial; color: #000000; background-color: transparent; font-weight: bold; vertical-align: baseline; white-space: pre-wrap;\">, <\/span><span style=\"font-size: 11pt; font-family: Arial; color: #000000; background-color: transparent; vertical-align: baseline; white-space: pre-wrap;\">Xavier Cort\u00e9s (Col\u00b7legi Verge de la Merc\u00e8 de Sant Feliu de Llobregat)<\/span><\/p>\n<p dir=\"ltr\" style=\"line-height: 1.38; margin-top: 0pt; margin-bottom: 0pt; margin-left: 36pt;\"><span style=\"font-size: 11pt; font-family: Arial; color: #000000; background-color: transparent; vertical-align: baseline; white-space: pre-wrap;\">&#8211; <\/span><span style=\"font-size: 11pt; font-family: Arial; color: #0000ff; background-color: transparent; font-weight: bold; vertical-align: baseline; white-space: pre-wrap;\"><a href=\"https:\/\/docs.google.com\/a\/xtec.cat\/viewer?a=v&amp;pid=sites&amp;srcid=eHRlYy5jYXR8Z3RleGlsaWRlcG9ydGFjaW9ob2xvY2F1c3R8Z3g6M2IxNDY0MjFhMzdlZTFiOA\" target=\"_blank\" rel=\"noopener noreferrer\">Descobrint Muscha d\u2019Anja Tuckerman<\/a><\/span><span style=\"font-size: 11pt; font-family: Arial; color: #000000; background-color: transparent; vertical-align: baseline; white-space: pre-wrap;\">, Gl\u00f2ria Corominas <\/span><span style=\"font-size: 11pt; font-family: Arial; color: #222222; vertical-align: baseline; white-space: pre-wrap;\">(Institut Lauro de les Franqueses del Vall\u00e8s<\/span><\/p>\n<p dir=\"ltr\" style=\"line-height: 1.38; margin-top: 0pt; margin-bottom: 0pt; margin-left: 36pt;\"><span style=\"font-size: 11pt; font-family: Arial; color: #000000; vertical-align: baseline; white-space: pre-wrap;\">&#8211; <\/span><span style=\"font-size: 11pt; font-family: Arial; color: #0000ff; font-weight: bold; vertical-align: baseline; white-space: pre-wrap;\"><a href=\"https:\/\/docs.google.com\/a\/xtec.cat\/viewer?a=v&amp;pid=sites&amp;srcid=eHRlYy5jYXR8Z3RleGlsaWRlcG9ydGFjaW9ob2xvY2F1c3R8Z3g6MjAyMDg4MWZmYWU1ZmIzNA\" target=\"_blank\" rel=\"noopener noreferrer\">Qui pot descon\u00e8ixer la hist\u00f2ria?<\/a><\/span><span style=\"font-size: 11pt; font-family: Arial; color: #000000; vertical-align: baseline; white-space: pre-wrap;\">, Xavier Alsina (Institut Arnau Cadell de Sant Cugat del Vall\u00e8s)<\/span><\/p>\n<p style=\"line-height: 1.38; margin-top: 0pt; margin-bottom: 0pt; margin-left: 36pt;\"><span style=\"font-size: 11pt; font-family: Arial; vertical-align: baseline; white-space: pre-wrap;\"><span style=\"color: #000000;\">&#8211; <\/span><b><span style=\"color: #0000ff;\"><a href=\"https:\/\/docs.google.com\/a\/xtec.cat\/viewer?a=v&amp;pid=sites&amp;srcid=eHRlYy5jYXR8Z3RleGlsaWRlcG9ydGFjaW9ob2xvY2F1c3R8Z3g6NGFmYmFjZDJmODMzMGM3OA\" target=\"_blank\" rel=\"noopener noreferrer\">Visita guiada al Fossar de la Pedrera<\/a><\/span><\/b><span style=\"color: #000000;\">, N\u00faria Alberdi (Institut Men\u00e9ndez y Pelayo de Barcelona)<\/span><\/span><\/p>\n<p dir=\"ltr\" style=\"line-height: 1.38; margin-top: 0pt; margin-bottom: 0pt; margin-left: 36pt;\"><span style=\"font-size: 11pt; font-family: Arial; color: #000000; background-color: transparent; vertical-align: baseline; white-space: pre-wrap;\">&#8211;<\/span> <span style=\"font-size: 11pt; font-family: Arial; color: #0000ff; font-weight: bold; vertical-align: baseline; white-space: pre-wrap;\"><a href=\"https:\/\/docs.google.com\/a\/xtec.cat\/viewer?a=v&amp;pid=sites&amp;srcid=eHRlYy5jYXR8Z3RleGlsaWRlcG9ydGFjaW9ob2xvY2F1c3R8Z3g6MzE5NDQ0MzExMjY0NmI1OA\" target=\"_blank\" rel=\"noopener noreferrer\">Projecte: Donar veu a la memoria<\/a><\/span><span style=\"font-size: 11pt; font-family: Arial; color: #0000ff; background-color: transparent; vertical-align: baseline; white-space: pre-wrap;\">,<\/span><span style=\"font-size: 11pt; font-family: Arial; color: #000000; background-color: transparent; vertical-align: baseline; white-space: pre-wrap;\"> Elisenda Carta\u00f1\u00e0 (Institut Llu\u00eds Vives de Barcelona) \u00a0<\/span><\/p>\n<p dir=\"ltr\" style=\"line-height: 1.38; margin-top: 0pt; margin-bottom: 0pt;\"><span style=\"font-size: 11pt; font-family: Arial; color: #000000; background-color: transparent; vertical-align: baseline; white-space: pre-wrap;\">17.15 &#8211; Propostes grups DEMD i Grup Exili, Deportaci\u00f3 i Holocaust de l\u2019Alt Empord\u00e0.<\/span><\/p>\n<p dir=\"ltr\" style=\"line-height: 1.38; margin-top: 0pt; margin-bottom: 0pt;\"><span style=\"font-size: 11pt; font-family: Arial; color: #000000; background-color: transparent; vertical-align: baseline; white-space: pre-wrap;\">17.30 &#8211; C\u00e0psula teatral: <\/span><span style=\"font-size: 11pt; font-family: Arial; color: #000000; background-color: transparent; font-weight: bold; vertical-align: baseline; white-space: pre-wrap;\">&#8220;<\/span><span style=\"font-size: 11pt; font-family: Arial; color: #85200c; background-color: transparent; font-weight: bold; vertical-align: baseline; white-space: pre-wrap;\">Viure en guerra. Vides robades<\/span><span style=\"font-size: 11pt; font-family: Arial; color: #000000; background-color: transparent; font-weight: bold; vertical-align: baseline; white-space: pre-wrap;\">&#8220;.<\/span><span style=\"font-size: 11pt; font-family: Arial; color: #000000; background-color: transparent; vertical-align: baseline; white-space: pre-wrap;\"> Institut Llu\u00eds Vives de Barcelona \u00a0<\/span><\/p>\n<p dir=\"ltr\" style=\"line-height: 1.38; margin-top: 0pt; margin-bottom: 0pt;\"><span style=\"font-size: 11pt; font-family: Arial; color: #000000; background-color: transparent; vertical-align: baseline; white-space: pre-wrap;\">18.00 &#8211; Cloenda<\/span><\/p>\n<div><span style=\"font-size: 11pt; font-family: Arial; color: #000000; background-color: transparent; vertical-align: baseline; white-space: pre-wrap;\">\u00a0<\/span><\/div>\n<p>&nbsp;<\/p>\n<\/div>\n","protected":false},"excerpt":{"rendered":"<p><a href=\"https:\/\/sites.google.com\/a\/xtec.cat\/gtexilideportacioholocaust\/jornades-de-memoria-democratica\/IV-jornada-ed-mh\/IVJornada-.jpg?attredirects=0\"><\/a><br \/>\n&nbsp;<\/p>\n<p>&nbsp;<\/p>\n<p>&nbsp;<br \/>\nPROGRAMA<br \/>\n&nbsp;<br \/>\n09.00 \u00a0\u00a0&#8211; Presentaci\u00f3 de la IV Jornada d\u2019experi\u00e8ncies did\u00e0ctiques de mem\u00f2ria hist\u00f2rica<br \/>\n09.15 \u00a0\u00a0&#8211; Experi\u00e8ncia &#8211; Taller:<br \/>\n<a href=\"https:\/\/docs.google.com\/presentation\/d\/e\/2PACX-1vRff6-ggwKzjEIbK_4iO1QMvUq1vQLGPi8LozNdZyAR9xe25LyjrnG9plN2jyOg9Bc16aS1XpwdKxyb\/pub?start=false&amp;loop=false&amp;delayms=3000&amp;slide=id.g35ed75ccf_0113\" target=\"_blank\" rel=\"noopener noreferrer\">Stolpesteine Sabadell<\/a>, Marta Garriga, Institut Agust\u00ed Serra i Fontanet de Sabadell<br \/>\n10.00 \u00a0\u00a0&#8211; Mem\u00f2ria i propostes grup DEMD<br \/>\n&#8211; Mem\u00f2ria i propostes Grup de treball&hellip;  <a href=\"https:\/\/projectes.xtec.cat\/memoriaieducacio\/activitats\/jornades-dexperiencies-didactiques\/2018-2\/\" title=\"Read 2018\">Llegeix m\u00e9s\u00bb<\/a><\/p>\n","protected":false},"author":3,"featured_media":0,"parent":8553,"menu_order":40,"comment_status":"closed","ping_status":"closed","template":"page-templates\/side-menu.php","meta":{"_bbp_topic_count":0,"_bbp_reply_count":0,"_bbp_total_topic_count":0,"_bbp_total_reply_count":0,"_bbp_voice_count":0,"_bbp_anonymous_reply_count":0,"_bbp_topic_count_hidden":0,"_bbp_reply_count_hidden":0,"_bbp_forum_subforum_count":0,"footnotes":""},"class_list":["post-8764","page","type-page","status-publish","hentry"],"post_mailing_queue_ids":[],"_links":{"self":[{"href":"https:\/\/projectes.xtec.cat\/memoriaieducacio\/wp-json\/wp\/v2\/pages\/8764","targetHints":{"allow":["GET"]}}],"collection":[{"href":"https:\/\/projectes.xtec.cat\/memoriaieducacio\/wp-json\/wp\/v2\/pages"}],"about":[{"href":"https:\/\/projectes.xtec.cat\/memoriaieducacio\/wp-json\/wp\/v2\/types\/page"}],"author":[{"embeddable":true,"href":"https:\/\/projectes.xtec.cat\/memoriaieducacio\/wp-json\/wp\/v2\/users\/3"}],"replies":[{"embeddable":true,"href":"https:\/\/projectes.xtec.cat\/memoriaieducacio\/wp-json\/wp\/v2\/comments?post=8764"}],"version-history":[{"count":3,"href":"https:\/\/projectes.xtec.cat\/memoriaieducacio\/wp-json\/wp\/v2\/pages\/8764\/revisions"}],"predecessor-version":[{"id":8775,"href":"https:\/\/projectes.xtec.cat\/memoriaieducacio\/wp-json\/wp\/v2\/pages\/8764\/revisions\/8775"}],"up":[{"embeddable":true,"href":"https:\/\/projectes.xtec.cat\/memoriaieducacio\/wp-json\/wp\/v2\/pages\/8553"}],"wp:attachment":[{"href":"https:\/\/projectes.xtec.cat\/memoriaieducacio\/wp-json\/wp\/v2\/media?parent=8764"}],"curies":[{"name":"wp","href":"https:\/\/api.w.org\/{rel}","templated":true}]}}