{"id":8788,"date":"2020-08-17T12:38:53","date_gmt":"2020-08-17T10:38:53","guid":{"rendered":"https:\/\/projectes.xtec.cat\/memoriaieducacio\/?page_id=8788"},"modified":"2023-06-19T20:23:01","modified_gmt":"2023-06-19T18:23:01","slug":"2015-2","status":"publish","type":"page","link":"https:\/\/projectes.xtec.cat\/memoriaieducacio\/activitats\/jornades-dexperiencies-didactiques\/2015-2\/","title":{"rendered":"2015"},"content":{"rendered":"<div style=\"text-align: center; margin-left: 40px;\"><\/div>\n<h4 style=\"margin-left: 30px; text-align: center;\"><span style=\"color: #0000ff;\">JORNADA D&#8217;EXPERI\u00c8NCIES DID\u00c0CTIQUES DE MEM\u00d2RIA HIST\u00d2RICA\u00a0<\/span><\/h4>\n<p style=\"text-align: center;\"><b><span style=\"font-size: x-large;\">26 de juny de 2015<\/span><\/b><\/p>\n<div style=\"text-align: center;\">\n<h6 style=\"text-align: left; margin-left: 160px;\"><span style=\"font-size: x-large;\">Lloc:\u00a0 CESIRE<\/span>\u00a0<span style=\"font-size: medium;\"> (Avinguda de les Drassanes, 10. Barcelona)<\/span><\/h6>\n<div style=\"margin-left: 160px;\"><\/div>\n<div style=\"text-align: left; margin-left: 160px;\">\n<p><span style=\"font-size: large;\">09.00.- Presentaci\u00f3 de la Jornada<\/span><\/p>\n<p><span style=\"font-size: x-large;\"><b><span style=\"color: #9900ff;\">TALLERS I PRESENTACI\u00d3 D&#8217;EXPERI\u00c8NCIES<\/span><\/b><\/span><\/p>\n<\/div>\n<div style=\"text-align: left; margin-left: 160px;\">\n<p><span style=\"font-size: large;\">09.15.- Institut Llu\u00eds Vives (Barcelona): <a href=\"https:\/\/drive.google.com\/file\/d\/0B3ppt72La8Y1WnBLbHZEUGQ4bjBCSWdzUHVEWHA1MW9RTzhn\/view?usp=sharing\"><b><span style=\"color: #0000ff;\">Donar veu a la mem\u00f2ria<\/span><\/b><\/a><\/span><\/p>\n<\/div>\n<div style=\"text-align: left; margin-left: 160px;\">\n<p><span style=\"font-size: large;\">09.45.- Institut Salvador Espriu (Barcelona): <span style=\"color: #0000ff;\"><b>La vida quotidiana al Gueto de Vars\u00f2via<\/b><\/span><\/span><\/p>\n<\/div>\n<div style=\"text-align: left; margin-left: 160px;\">\n<p><span style=\"font-size: large;\">10.15.- Institut Olivar Gran (Figueres): <span style=\"color: #0000ff;\"><b>Les maletes de l&#8217;exili<\/b><\/span><\/span><\/p>\n<\/div>\n<div style=\"text-align: left; margin-left: 160px;\">\n<p><span style=\"font-size: large;\">10.45.- Institut de Vilamajor (Sant Antoni de Vilamajor): <b><span style=\"color: #0000ff;\">Auschwitz, una proposta de mem\u00f2ria hist\u00f2rica<\/span><\/b><\/span><\/p>\n<\/div>\n<div><\/div>\n<div style=\"text-align: left; margin-left: 160px;\"><span style=\"font-size: large;\">11.15.-\u00a0 Esmorzar<\/span><\/div>\n<div style=\"text-align: left; margin-left: 240px;\"><span style=\"font-size: large;\">\u00a0<\/span><\/div>\n<div style=\"text-align: left; margin-left: 240px;\"><\/div>\n<div style=\"text-align: left; margin-left: 160px;\"><span style=\"font-size: large;\">11.45.-\u00a0 Presentaci\u00f3 de\u00a0 <b><span style=\"color: #9900ff;\"><span style=\"font-size: x-large;\">PROJECTES I ACTIVITATS DELS CENTRES<\/span><\/span><\/b><br \/>\na c\u00e0rrec del Sr. Emili Pons: Coordinador en mat\u00e8ria de seguiment i comunicaci\u00f3 del Departament d&#8217;Ensenyament.<\/span><\/div>\n<div style=\"text-align: left; margin-left: 160px;\"><span style=\"font-size: large;\">\u00a012.00.-\u00a0<\/span><span style=\"font-size: large;\">\u00a0\u00a0\u00a0\u00a0\u00a0\u00a0\u00a0\u00a0\u00a0\u00a0 Ins Ferran Casablancas (Sabadell): <b><a href=\"https:\/\/drive.google.com\/file\/d\/0B3ppt72La8Y1eGtPOGx3ODk3YVJsXzVMOUNROVYzWGkweXdV\/view?usp=sharing\">Projecte d&#8217;estudis sobre l&#8217;Holocaust\u00a0\u00a0 <\/a><\/b><\/span><\/div>\n<div style=\"text-align: left; margin-left: 280px;\"><span style=\"font-size: large;\">Ins Llu\u00eds Vives (Barcelona): <b><a href=\"https:\/\/drive.google.com\/file\/d\/0B3ppt72La8Y1cmRCMTFlNGllMVJIX2xMMEhkS0xMdjdjMTVJ\/view?usp=sharing\">Donar veu a la mem\u00f2ria<\/a><\/b><br \/>\nIns Terra Roja (Sta Coloma de Gramenet): <b><a href=\"https:\/\/drive.google.com\/file\/d\/0B3ppt72La8Y1WFV2WWJRVlhJRmhBTFJ4TC1iMnFkQXNUekRB\/view?usp=sharing\">La mem\u00f2ria hist\u00f2rica local: Celest\u00ed Boada<\/a><\/b><br \/>\n<\/span><\/div>\n<div style=\"text-align: left; margin-left: 280px;\"><span style=\"font-size: large;\">Ins Lluch i Rafecas (Vilanova i la Geltr\u00fa): <a href=\"https:\/\/drive.google.com\/file\/d\/0B3ppt72La8Y1emxTT3dsTVVVQ0o5UXhVdmdkMWlmTFQzRjVn\/view?usp=sharing\"><b>Experi\u00e8ncies mem\u00f2ria hist\u00f2rica<\/b><\/a><br \/>\n<\/span><\/div>\n<div style=\"text-align: left; margin-left: 160px;\"><span style=\"font-size: large;\">\u00a0\u00a0 \u00a0\u00a0\u00a0 \u00a0\u00a0\u00a0 \u00a0 \u00a0\u00a0 \u00a0\u00a0\u00a0\u00a0 \u00a0\u00a0\u00a0Ins El Til\u00b7ler (Les Franqueses del Vall\u00e8s): <a href=\"https:\/\/drive.google.com\/file\/d\/0B3ppt72La8Y1ZDBSbWF1cTBSZ1ZSbTRKSE41UzZXZ1YzcXJn\/view?usp=sharing\"><b>Activitats de mem\u00f2ria hist\u00f2ric<\/b><\/a><\/span><\/div>\n<div style=\"text-align: left; margin-left: 240px;\"><span style=\"font-size: large;\">\u00a0\u00a0\u00a0\u00a0\u00a0\u00a0\u00a0 I-E Lloret de Mar (Lloret de Mar):<b>\u00a0 Intercanvis, testimonis i teatre. 3 camins per refer la<br \/>\nmem\u00f2ria<br \/>\n<\/b><\/span><span style=\"font-size: large;\"><span style=\"font-size: large;\"> \u00a0\u00a0 \u00a0\u00a0\u00a0 Ins Arnau Cadell (Sant Cugat del Vall\u00e8s): <b>El genocidi nazi del poble gitano<\/b><\/span><br \/>\nIns Torre de Palau (Terrassa): <b><a href=\"https:\/\/drive.google.com\/file\/d\/0B3ppt72La8Y1SHRha2d6enpyV0J1VzJBaHllTGd0bWQzQnVv\/view?usp=sharing\">Mem\u00f2ria hist\u00f2rica i feixisme<\/a><\/b><br \/>\nIns de Vilamajor (Sant Antoni de Vilamajor): <b>Auschwitz: una proposta de mem\u00f2ria hist\u00f2rica <\/b><\/span><\/div>\n<div style=\"text-align: left; margin-left: 240px;\"><span style=\"font-size: large;\">\u00a0\u00a0 \u00a0\u00a0\u00a0 Ins Infanta Isabel (Barcelona):<br \/>\n<\/span><\/div>\n<div style=\"text-align: left; margin-left: 240px;\"><span style=\"font-size: large;\">\u00a0\u00a0 \u00a0\u00a0\u00a0 Ins Ventura Gassol (Badalona):<br \/>\n<\/span><\/div>\n<div style=\"text-align: left; margin-left: 240px;\"><span style=\"font-size: large;\">\u00a0\u00a0 \u00a0\u00a0\u00a0 Ins Guind\u00e0vols (Lleida):<br \/>\n<\/span><\/div>\n<div style=\"text-align: left; margin-left: 240px;\"><span style=\"font-size: large;\">\u00a0\u00a0 \u00a0\u00a0\u00a0 Ins Torras i Bages (L&#8217;Hospitalet de Llobregat):<br \/>\n<\/span><\/div>\n<div style=\"text-align: left; margin-left: 240px;\"><span style=\"font-size: large;\">\u00a0\u00a0 \u00a0\u00a0\u00a0 Ins de Viladecavalls (Viladecavalls):<br \/>\n<\/span><\/div>\n<div style=\"text-align: left; margin-left: 160px;\"><span style=\"font-size: large;\"><br \/>\n14.30.- Conclusions de la Jornada <\/span><\/div>\n<div style=\"text-align: left; margin-left: 120px;\"><\/div>\n<div style=\"text-align: left;\">\n<div style=\"margin-left: 40px;\"><\/div>\n<p>&nbsp;<\/p>\n<\/div>\n<\/div>\n","protected":false},"excerpt":{"rendered":"<p>JORNADA D&#8217;EXPERI\u00c8NCIES DID\u00c0CTIQUES DE MEM\u00d2RIA HIST\u00d2RICA\u00a0<br \/>\n26 de juny de 2015<\/p>\n<p>Lloc:\u00a0 CESIRE\u00a0 (Avinguda de les Drassanes, 10. Barcelona)<\/p>\n<p>09.00.- Presentaci\u00f3 de la Jornada<br \/>\nTALLERS I PRESENTACI\u00d3 D&#8217;EXPERI\u00c8NCIES<\/p>\n<p>09.15.- Institut Llu\u00eds Vives (Barcelona): <a href=\"https:\/\/drive.google.com\/file\/d\/0B3ppt72La8Y1WnBLbHZEUGQ4bjBCSWdzUHVEWHA1MW9RTzhn\/view?usp=sharing\">Donar veu a la mem\u00f2ria<\/a><\/p>\n<p>09.45.- Institut Salvador Espriu (Barcelona): La vida quotidiana al Gueto de Vars\u00f2via<\/p>\n<p>10.15.-&hellip;  <a href=\"https:\/\/projectes.xtec.cat\/memoriaieducacio\/activitats\/jornades-dexperiencies-didactiques\/2015-2\/\" title=\"Read 2015\">Llegeix m\u00e9s\u00bb<\/a><\/p>\n","protected":false},"author":3,"featured_media":0,"parent":8553,"menu_order":10,"comment_status":"closed","ping_status":"closed","template":"page-templates\/side-menu.php","meta":{"_bbp_topic_count":0,"_bbp_reply_count":0,"_bbp_total_topic_count":0,"_bbp_total_reply_count":0,"_bbp_voice_count":0,"_bbp_anonymous_reply_count":0,"_bbp_topic_count_hidden":0,"_bbp_reply_count_hidden":0,"_bbp_forum_subforum_count":0,"footnotes":""},"class_list":["post-8788","page","type-page","status-publish","hentry"],"post_mailing_queue_ids":[],"_links":{"self":[{"href":"https:\/\/projectes.xtec.cat\/memoriaieducacio\/wp-json\/wp\/v2\/pages\/8788","targetHints":{"allow":["GET"]}}],"collection":[{"href":"https:\/\/projectes.xtec.cat\/memoriaieducacio\/wp-json\/wp\/v2\/pages"}],"about":[{"href":"https:\/\/projectes.xtec.cat\/memoriaieducacio\/wp-json\/wp\/v2\/types\/page"}],"author":[{"embeddable":true,"href":"https:\/\/projectes.xtec.cat\/memoriaieducacio\/wp-json\/wp\/v2\/users\/3"}],"replies":[{"embeddable":true,"href":"https:\/\/projectes.xtec.cat\/memoriaieducacio\/wp-json\/wp\/v2\/comments?post=8788"}],"version-history":[{"count":3,"href":"https:\/\/projectes.xtec.cat\/memoriaieducacio\/wp-json\/wp\/v2\/pages\/8788\/revisions"}],"predecessor-version":[{"id":8800,"href":"https:\/\/projectes.xtec.cat\/memoriaieducacio\/wp-json\/wp\/v2\/pages\/8788\/revisions\/8800"}],"up":[{"embeddable":true,"href":"https:\/\/projectes.xtec.cat\/memoriaieducacio\/wp-json\/wp\/v2\/pages\/8553"}],"wp:attachment":[{"href":"https:\/\/projectes.xtec.cat\/memoriaieducacio\/wp-json\/wp\/v2\/media?parent=8788"}],"curies":[{"name":"wp","href":"https:\/\/api.w.org\/{rel}","templated":true}]}}