{"id":8857,"date":"2020-08-18T10:50:06","date_gmt":"2020-08-18T08:50:06","guid":{"rendered":"https:\/\/projectes.xtec.cat\/memoriaieducacio\/?page_id=8857"},"modified":"2020-08-18T21:05:35","modified_gmt":"2020-08-18T19:05:35","slug":"eduquem-en-memoria-lensenyament-de-lholocaust-a-europa","status":"publish","type":"page","link":"https:\/\/projectes.xtec.cat\/memoriaieducacio\/activitats\/cursos\/eduquem-en-memoria-lensenyament-de-lholocaust-a-europa\/","title":{"rendered":"Eduquem en mem\u00f2ria. L&#8217;ensenyament de l&#8217;Holocaust a Europa (maig 2019)"},"content":{"rendered":"<div>\n<p class=\"p1\" style=\"text-align: center;\"><span class=\"s1\"><b>L&#8217;ensenyament de l&#8217;Holocaust: nous enfocaments i metodologies a Europa<\/b><\/span><\/p>\n<p class=\"p1\"><span class=\"s1\">Formadora: Marta Sim\u00f3 (ISOR-UAB)<\/span><\/p>\n<p class=\"p1\"><span class=\"s1\">Dates: 2 i 9 de maig de 2019<\/span><\/p>\n<p class=\"p1\"><span class=\"s1\">Lloc: Departament d&#8217;Educaci\u00f3<\/span><\/p>\n<\/div>\n<div><\/div>\n<div><\/div>\n<div><\/div>\n<div><\/div>\n<div><\/div>\n<div>\n<div>\n<p class=\"p5\"><span class=\"s1\"><b>Descripci\u00f3 de tema:\u00a0<\/b>La Declaraci\u00f3 d\u2019Estocolm de l\u2019any 2000, del F\u00f2rum Internacional sobre l\u2019Holocaust, tenia com a objectiu la introducci\u00f3 de l\u2019ensenyament d\u2019aquest genocidi a les programacions educatives. Quasi vint anys despr\u00e9s aquesta tasca s\u2019ha desenvolupat de manera diversa i amb diferents objectius entre els diversos pa\u00efsos del m\u00f3n quan, a m\u00e9s a m\u00e9s, est\u00e0 experimentant una nova etapa com a resultat de l\u2019emerg\u00e8ncia de grups radicals que s\u2019emmirallen en ideologies similars.<\/span><\/p>\n<p class=\"p5\"><span class=\"s1\"><b>Objectius: <\/b><\/span><\/p>\n<ol class=\"ol1\">\n<li class=\"li5\"><span class=\"s1\">Presentar l\u2019evoluci\u00f3 de les pol\u00edtiques d\u2019ensenyament sobre l\u2019Holocaust i les l\u00ednies metodol\u00f2giques predominants. <\/span><\/li>\n<li class=\"li5\"><span class=\"s1\">Mostrar nous enfocaments i metodologies did\u00e0ctiques per a l\u2019ensenyament i aprenentatge de l\u2019Holocaust.<\/span><\/li>\n<li class=\"li5\"><span class=\"s1\">Practicar tres recursos metodol\u00f2gics amb la col\u00b7laboraci\u00f3 activa dels assistents. <\/span><\/li>\n<\/ol>\n<p class=\"p5\"><span class=\"s1\"><b>Contingut: <\/b><\/span><\/p>\n<p class=\"p5\"><span class=\"s1\">&#8211; L\u2019ensenyament de l\u2019Holocaust i dels genocidis contemporanis al segle XXI.<\/span><\/p>\n<p class=\"p5\"><span class=\"s1\">&#8211; Recursos i metodologies did\u00e0ctiques per a l\u2019ensenyament de l\u2019Holocaust:<\/span><\/p>\n<p class=\"p7\"><span class=\"s1\">&#8211; <i>Storiesthatmove.<\/i> Eina interactiva a partir de cinc \u00e0mbits d\u2019aprenentatge: 1. Veure i ser. 2. Afrontar la discriminaci\u00f3. 3. Hist\u00f2ries de vida. 4. Dominar el mitjans de comunicaci\u00f3. 5. Passar a l\u2019acci\u00f3. <\/span><\/p>\n<p class=\"p7\"><span class=\"s1\">&#8211; <i>Seeking Protection<\/i>. Eina virtual interactiva que trav\u00e9s de tres esdeveniments que van tenir lloc durant l\u2019holocaust ens acosten a tres situacions actuals. <\/span><\/p>\n<p class=\"p7\"><span class=\"s1\">&#8211; <i>\u201cEl treball for\u00e7at a l\u2019Alemanya nazi\u201d<\/i>. Workshop a partir d\u2019hist\u00f2ries de vida per veure el significat de les ideologies racials, les diferents etapes d\u2019un genocidi i la situaci\u00f3 actual d\u2019esclavatge labora en laguns sector de la poblaci\u00f3. \u00a0\u00a0\u00a0<\/span><\/p>\n<p class=\"p5\"><span class=\"s1\"><b>Recursos i materials: <\/b><\/span><\/p>\n<p class=\"p5\"><span class=\"s1\">&#8211; SIM\u00d3, Marta. (2018). La mem\u00f2ria de l\u2019Holocaust a l\u2019estat espanyol. Des d\u2019una perspectiva sociol\u00f2gica i una perspectiva hist\u00f2rica. Tesi doctoral \u00a0<a href=\"https:\/\/www.tesisenred.net\/handle\/10803\/664388\"><span class=\"s2\">https:\/\/www.tesisenred.net\/handle\/10803\/664388<\/span><\/a><\/span><\/p>\n<p class=\"p8\"><span class=\"s3\">&#8211; IHRA (Ed.) (2017) Research in Teaching and Learning about the Holocaust. A Dialogue Beyond Borders. <a href=\"https:\/\/holocaustremembrance.com\/sites\/default\/files\/research_in_teaching_and_learning_about_the_holocaust_web.pdf\"><span class=\"s4\">https:\/\/holocaustremembrance.com\/sites\/default\/files\/research_in_teaching_and_learning_about_the_holocaust_web.pdf<\/span><\/a><\/span><\/p>\n<p class=\"p5\"><span class=\"s1\">&#8211; Storiesthatmove<\/span><\/p>\n<p class=\"p8\"><span class=\"s5\"><a href=\"https:\/\/www.storiesthatmove.org\/en\/home\/\">https:\/\/www.storiesthatmove.org\/en\/home\/<\/a><\/span><\/p>\n<p class=\"p5\"><span class=\"s1\">&#8211; Seeking Protection<\/span><\/p>\n<p class=\"p8\"><span class=\"s5\"><a href=\"https:\/\/holocaustremembrance.blog\/\">https:\/\/holocaustremembrance.blog\/<\/a><\/span><\/p>\n<p class=\"p5\"><span class=\"s1\">&#8211; \u201cEl treball for\u00e7at a l\u2019Alemanya nazi\u201d\u00a0<\/span><\/p>\n<p class=\"p9\"><span class=\"s3\">&#8211; UCL &#8211; <a href=\"https:\/\/www.holocausteducation.org.uk\/\"><span class=\"s2\">https:\/\/www.holocausteducation.org.uk\/<\/span><\/a><\/span><\/p>\n<p class=\"p9\"><span class=\"s3\">&#8211; HMDT &#8211; <a href=\"https:\/\/www.hmd.org.uk\/\"><span class=\"s2\">https:\/\/www.hmd.org.uk\/<\/span><\/a><\/span><\/p>\n<p class=\"p9\"><span class=\"s3\">&#8211; USHMM &#8211; <a href=\"https:\/\/www.ushmm.org\/learn\"><span class=\"s2\">https:\/\/www.ushmm.org\/learn<\/span><\/a><\/span><\/p>\n<p class=\"p5\"><span class=\"s1\">&#8211; Facing History and Ourselves &#8211; <a href=\"https:\/\/www.facinghistory.org\/\"><span class=\"s2\">https:\/\/www.facinghistory.org\/<\/span><\/a><\/span><\/p>\n<p class=\"p9\"><span class=\"s5\"><a href=\"https:\/\/drive.google.com\/file\/d\/0B3ppt72La8Y1cVJWR3dMd3hJdUIyclN6eUhaYjNlWndrZi04\/view\">Presentaci\u00f3 Seminari 1 (02-05-2019)<\/a><\/span><\/p>\n<\/div>\n<p>&nbsp;<\/p>\n<\/div>\n<div><\/div>\n<div><\/div>\n<div><\/div>\n<div><\/div>\n","protected":false},"excerpt":{"rendered":"<p>L&#8217;ensenyament de l&#8217;Holocaust: nous enfocaments i metodologies a Europa<br \/>\nFormadora: Marta Sim\u00f3 (ISOR-UAB)<br \/>\nDates: 2 i 9 de maig de 2019<br \/>\nLloc: Departament d&#8217;Educaci\u00f3<\/p>\n<p>Descripci\u00f3 de tema:\u00a0La Declaraci\u00f3 d\u2019Estocolm de l\u2019any 2000, del F\u00f2rum Internacional sobre l\u2019Holocaust, tenia com a objectiu la introducci\u00f3 de l\u2019ensenyament d\u2019aquest genocidi a les&hellip;  <a href=\"https:\/\/projectes.xtec.cat\/memoriaieducacio\/activitats\/cursos\/eduquem-en-memoria-lensenyament-de-lholocaust-a-europa\/\" title=\"Read Eduquem en mem\u00f2ria. L&#8217;ensenyament de l&#8217;Holocaust a Europa (maig 2019)\">Llegeix m\u00e9s\u00bb<\/a><\/p>\n","protected":false},"author":3,"featured_media":0,"parent":8847,"menu_order":1,"comment_status":"closed","ping_status":"closed","template":"page-templates\/side-menu.php","meta":{"_bbp_topic_count":0,"_bbp_reply_count":0,"_bbp_total_topic_count":0,"_bbp_total_reply_count":0,"_bbp_voice_count":0,"_bbp_anonymous_reply_count":0,"_bbp_topic_count_hidden":0,"_bbp_reply_count_hidden":0,"_bbp_forum_subforum_count":0,"footnotes":""},"class_list":["post-8857","page","type-page","status-publish","hentry"],"post_mailing_queue_ids":[],"_links":{"self":[{"href":"https:\/\/projectes.xtec.cat\/memoriaieducacio\/wp-json\/wp\/v2\/pages\/8857","targetHints":{"allow":["GET"]}}],"collection":[{"href":"https:\/\/projectes.xtec.cat\/memoriaieducacio\/wp-json\/wp\/v2\/pages"}],"about":[{"href":"https:\/\/projectes.xtec.cat\/memoriaieducacio\/wp-json\/wp\/v2\/types\/page"}],"author":[{"embeddable":true,"href":"https:\/\/projectes.xtec.cat\/memoriaieducacio\/wp-json\/wp\/v2\/users\/3"}],"replies":[{"embeddable":true,"href":"https:\/\/projectes.xtec.cat\/memoriaieducacio\/wp-json\/wp\/v2\/comments?post=8857"}],"version-history":[{"count":4,"href":"https:\/\/projectes.xtec.cat\/memoriaieducacio\/wp-json\/wp\/v2\/pages\/8857\/revisions"}],"predecessor-version":[{"id":8892,"href":"https:\/\/projectes.xtec.cat\/memoriaieducacio\/wp-json\/wp\/v2\/pages\/8857\/revisions\/8892"}],"up":[{"embeddable":true,"href":"https:\/\/projectes.xtec.cat\/memoriaieducacio\/wp-json\/wp\/v2\/pages\/8847"}],"wp:attachment":[{"href":"https:\/\/projectes.xtec.cat\/memoriaieducacio\/wp-json\/wp\/v2\/media?parent=8857"}],"curies":[{"name":"wp","href":"https:\/\/api.w.org\/{rel}","templated":true}]}}