{"id":8928,"date":"2020-08-19T09:49:21","date_gmt":"2020-08-19T07:49:21","guid":{"rendered":"https:\/\/projectes.xtec.cat\/memoriaieducacio\/?page_id=8928"},"modified":"2025-02-01T12:53:34","modified_gmt":"2025-02-01T11:53:34","slug":"els-impostors-de-pilar-romera","status":"publish","type":"page","link":"https:\/\/projectes.xtec.cat\/memoriaieducacio\/activitats\/club-de-lectura\/els-impostors-de-pilar-romera\/","title":{"rendered":"Els impostors de Pilar Romera"},"content":{"rendered":"<h4><b><span style=\"font-size: large;\">Club de lectura DEMD\u00a0 \u00a0 \u00a0 \u00a0 \u00a0 <\/span><\/b><\/h4>\n<h4><b><span style=\"font-size: large;\">\u00a0<\/span><\/b><span style=\"font-size: medium;\">Data: 14 de juliol de 2020<\/span><\/h4>\n<h4><span style=\"font-size: medium;\">Horari: de 17.00 a 18.30 h.\u00a0<\/span><\/h4>\n<div><\/div>\n<div><span style=\"background-color: transparent;\"><span style=\"font-size: medium;\">Trobada liter\u00e0ria en l\u00ednia per dialogar a l&#8217;entorn del llibre <b>Els impostors <\/b>de<span style=\"color: #9900ff;\"><b> Pilar Romera<\/b><\/span>.\u00a0<\/span><\/span><\/div>\n<div><span style=\"font-size: medium;\">\u00a0<\/span><\/div>\n<div><span style=\"font-size: medium;\">Els impostors \u00e9s una obra que relata la hist\u00f2ria d&#8217;amistat, d&#8217;amor, de traicions i de lluita per la superviv\u00e8ncia en la Barcelona de la postguerra. Concretament, l&#8217;autora relata tres vides d&#8217;abans de la guerra fins a la dura postguerra, passant pel\u00a0 terrible camp de concentraci\u00f3 d&#8217;Argelers.<\/span><\/div>\n<div><span style=\"font-size: medium;\">\u00a0<\/span><\/div>\n<div><span style=\"font-size: medium;\">A la sessi\u00f3 comptarem amb l&#8217;autora Pilar Romera.<\/span><\/div>\n<div><span style=\"font-size: medium;\"><br \/>\n<\/span><b><span style=\"font-size: large;\">Com participar-hi?\u00a0 \u00a0 \u00a0 \u00a0 \u00a0 \u00a0 \u00a0 \u00a0 \u00a0<\/span><\/b>Podeu accedir-hi a trav\u00e8s de l&#8217;enlla\u00e7\u00a0 de la plataforma ZOOM:\u00a0<a style=\"background-color: transparent; font-size: 13px;\" href=\"https:\/\/zoom.us\/j\/95984914033\"> https:\/\/zoom.us\/j\/95984914033<\/a><span style=\"background-color: transparent; font-size: 13px;\">\u00a0<\/span><\/div>\n<div><\/div>\n<div>\n<p><span style=\"background-color: transparent; font-size: medium;\"><b>\u00a0Documents:<\/b><\/span><\/p>\n<p><a style=\"background-color: transparent;\" href=\"https:\/\/www.youtube.com\/watch?v=787GzOg8YmI\">Entrevista amb Pilar Romera a betev\u00e9<\/a><\/p>\n<\/div>\n<p><a href=\"https:\/\/memoria.gencat.cat\/ca\/educacio\/club-de-lectura\/sessions-del-2020\/els-impostors\/\">Sessi\u00f3 &#8220;Els impostors&#8221;, amb Pilar Romera<\/a><\/p>\n<div style=\"display: block; margin-right: auto; margin-left: auto; text-align: center;\">\n<div style=\"display: block; text-align: center; margin-right: auto; margin-left: auto;\"><a href=\"https:\/\/sites.google.com\/a\/xtec.cat\/gtexilideportacioholocaust\/agenda-1\/Pilar-Romera-beteve-400x260.jpg?attredirects=0\"><img decoding=\"async\" src=\"https:\/\/sites.google.com\/a\/xtec.cat\/gtexilideportacioholocaust\/agenda-1\/Pilar-Romera-beteve-400x260.jpg\" border=\"0\" \/><\/a><\/div>\n<div style=\"display: block; text-align: center; margin-right: auto; margin-left: auto;\">\n<hr \/>\n<\/div>\n<div style=\"display: block; text-align: center; margin-right: auto; margin-left: auto;\">\n<hr \/>\n<\/div>\n<\/div>\n","protected":false},"excerpt":{"rendered":"<p>Club de lectura DEMD\u00a0 \u00a0 \u00a0 \u00a0 \u00a0<br \/>\n\u00a0Data: 14 de juliol de 2020<br \/>\nHorari: de 17.00 a 18.30 h.\u00a0<\/p>\n<p>Trobada liter\u00e0ria en l\u00ednia per dialogar a l&#8217;entorn del llibre Els impostors de Pilar Romera.\u00a0<br \/>\n\u00a0<br \/>\nEls impostors \u00e9s una obra que relata la hist\u00f2ria d&#8217;amistat, d&#8217;amor, de traicions&hellip;  <a href=\"https:\/\/projectes.xtec.cat\/memoriaieducacio\/activitats\/club-de-lectura\/els-impostors-de-pilar-romera\/\" title=\"Read Els impostors de Pilar Romera\">Llegeix m\u00e9s\u00bb<\/a><\/p>\n","protected":false},"author":3,"featured_media":0,"parent":8834,"menu_order":96,"comment_status":"closed","ping_status":"closed","template":"page-templates\/side-menu.php","meta":{"_bbp_topic_count":0,"_bbp_reply_count":0,"_bbp_total_topic_count":0,"_bbp_total_reply_count":0,"_bbp_voice_count":0,"_bbp_anonymous_reply_count":0,"_bbp_topic_count_hidden":0,"_bbp_reply_count_hidden":0,"_bbp_forum_subforum_count":0,"footnotes":""},"class_list":["post-8928","page","type-page","status-publish","hentry"],"post_mailing_queue_ids":[],"_links":{"self":[{"href":"https:\/\/projectes.xtec.cat\/memoriaieducacio\/wp-json\/wp\/v2\/pages\/8928","targetHints":{"allow":["GET"]}}],"collection":[{"href":"https:\/\/projectes.xtec.cat\/memoriaieducacio\/wp-json\/wp\/v2\/pages"}],"about":[{"href":"https:\/\/projectes.xtec.cat\/memoriaieducacio\/wp-json\/wp\/v2\/types\/page"}],"author":[{"embeddable":true,"href":"https:\/\/projectes.xtec.cat\/memoriaieducacio\/wp-json\/wp\/v2\/users\/3"}],"replies":[{"embeddable":true,"href":"https:\/\/projectes.xtec.cat\/memoriaieducacio\/wp-json\/wp\/v2\/comments?post=8928"}],"version-history":[{"count":4,"href":"https:\/\/projectes.xtec.cat\/memoriaieducacio\/wp-json\/wp\/v2\/pages\/8928\/revisions"}],"predecessor-version":[{"id":13007,"href":"https:\/\/projectes.xtec.cat\/memoriaieducacio\/wp-json\/wp\/v2\/pages\/8928\/revisions\/13007"}],"up":[{"embeddable":true,"href":"https:\/\/projectes.xtec.cat\/memoriaieducacio\/wp-json\/wp\/v2\/pages\/8834"}],"wp:attachment":[{"href":"https:\/\/projectes.xtec.cat\/memoriaieducacio\/wp-json\/wp\/v2\/media?parent=8928"}],"curies":[{"name":"wp","href":"https:\/\/api.w.org\/{rel}","templated":true}]}}